{"id":1048,"date":"2018-01-27T02:17:36","date_gmt":"2018-01-27T02:17:36","guid":{"rendered":"https:\/\/magoezequias.com.ar\/tienda\/?post_type=product&#038;p=1048"},"modified":"2025-02-11T18:45:47","modified_gmt":"2025-02-11T18:45:47","slug":"anillo-pk-grabado-magnetico","status":"publish","type":"product","link":"https:\/\/magoezequias.com.ar\/tienda\/producto\/anillo-pk-grabado-magnetico","title":{"rendered":"Anillo PK &#8211; Magn\u00e9tico"},"content":{"rendered":"<p style=\"text-align: justify;\"><a href=\"https:\/\/magoezequias.com.ar\/tienda\/wp-content\/uploads\/2018\/01\/anillo-pk-negro-plata.jpg\"><img fetchpriority=\"high\" decoding=\"async\" class=\"aligncenter size-full wp-image-1480\" src=\"https:\/\/magoezequias.com.ar\/tienda\/wp-content\/uploads\/2018\/01\/anillo-pk-negro-plata.jpg\" alt=\"\" width=\"768\" height=\"770\" srcset=\"https:\/\/magoezequias.com.ar\/tienda\/wp-content\/uploads\/2018\/01\/anillo-pk-negro-plata.jpg 768w, https:\/\/magoezequias.com.ar\/tienda\/wp-content\/uploads\/2018\/01\/anillo-pk-negro-plata-300x301.jpg 300w, https:\/\/magoezequias.com.ar\/tienda\/wp-content\/uploads\/2018\/01\/anillo-pk-negro-plata-150x150.jpg 150w, https:\/\/magoezequias.com.ar\/tienda\/wp-content\/uploads\/2018\/01\/anillo-pk-negro-plata-100x100.jpg 100w\" sizes=\"(max-width: 768px) 100vw, 768px\" \/><\/a><\/p>\n<p style=\"text-align: justify;\">Este anillo le dar\u00e1 una gran\u00a0<span style=\"line-height: 1.5;\">cantidad de oportunidades \u00fanicas para sorprender e impresionar, limitadas solo por el alcance de su imaginaci\u00f3n. Ere<\/span><span style=\"line-height: 1.5;\">s un ver<\/span><span style=\"line-height: 1.5;\">dadero mago, necesitas herramientas que te permitan hacer magia en cualquier momento, en cualquier lugar y en cualquier situaci\u00f3n.\u00a0Ya sabes las infinitas posibilidades de este anillo.<\/span><\/p>\n<p style=\"text-align: justify;\">\n<p style=\"text-align: justify;\">El anillo se ve completamente natural para cualquier espectador, pero tambi\u00e9n en el hecho de que el anillo hace todo el trabajo por usted.\u00a0No hay necesidad de ocultar algo que sea un placer raro.<\/p>\n<p style=\"text-align: justify;\"><a href=\"https:\/\/magoezequias.com.ar\/tienda\/wp-content\/uploads\/2018\/01\/anillo-pk-fino-letras-plata-mano.jpg\"><img decoding=\"async\" class=\"aligncenter size-full wp-image-1482\" src=\"https:\/\/magoezequias.com.ar\/tienda\/wp-content\/uploads\/2018\/01\/anillo-pk-fino-letras-plata-mano.jpg\" alt=\"\" width=\"768\" height=\"768\" srcset=\"https:\/\/magoezequias.com.ar\/tienda\/wp-content\/uploads\/2018\/01\/anillo-pk-fino-letras-plata-mano.jpg 768w, https:\/\/magoezequias.com.ar\/tienda\/wp-content\/uploads\/2018\/01\/anillo-pk-fino-letras-plata-mano-300x300.jpg 300w, https:\/\/magoezequias.com.ar\/tienda\/wp-content\/uploads\/2018\/01\/anillo-pk-fino-letras-plata-mano-150x150.jpg 150w, https:\/\/magoezequias.com.ar\/tienda\/wp-content\/uploads\/2018\/01\/anillo-pk-fino-letras-plata-mano-100x100.jpg 100w\" sizes=\"(max-width: 768px) 100vw, 768px\" \/><\/a><\/p>\n<p style=\"text-align: justify;\">Anillo 100% magn\u00e9tico, fuerte, de alta calidad. Se puede utilizar en numerosos trucos de magia, puedes crear tu propia magia y realizar diversos efectos como monedas que aparecen y desaparecen. Atravesar elementos con las monedas como una botella de vidrio. La detenci\u00f3n de las agujas de un reloj, pegar cucharas, penetraci\u00f3n de caja de cerillas. Caja de f\u00f3sforos ps\u00edquica. Balancear monedas. Copa Chopless Chop. etc.<\/p>\n<p style=\"text-align: justify;\">\n<p style=\"text-align: justify;\">El Anillo PK es un im\u00e1n completo de neodimio, limitado s\u00f3lo por el alcance de su imaginaci\u00f3n.<\/p>\n<p style=\"text-align: justify;\">\n<p style=\"text-align: justify;\">Disponibles en:<\/p>\n<p style=\"text-align: justify;\">Color plateado fino con letras, medidas 19 \/ 20 \/ 21 mm.<\/p>\n<p>Color plateado ancho con l\u00ednea negra, medida 19 mm.<\/p>\n<p style=\"text-align: justify;\">Consultar stock.<\/p>\n<p>&nbsp;<\/p>\n<p><iframe src=\"https:\/\/www.youtube.com\/embed\/v6mQSqUqpJY\" width=\"560\" height=\"315\" frameborder=\"0\" allowfullscreen=\"allowfullscreen\"><\/iframe><\/p>\n<p>&nbsp;<\/p>\n<p>&nbsp;<\/p>\n<p>&nbsp;<\/p>\n","protected":false},"excerpt":{"rendered":"<p>\u00a1Un anillo totalmente magn\u00e9tico formado en un anillo normal para magos profesionales!<\/p>\n","protected":false},"featured_media":0,"comment_status":"open","ping_status":"closed","template":"","meta":[],"product_brand":[],"product_cat":[7],"product_tag":[179,419,420],"class_list":{"0":"post-1048","1":"product","2":"type-product","3":"status-publish","5":"product_cat-accesorios","6":"product_tag-anillo","7":"product_tag-pk","8":"product_tag-ring","10":"first","11":"instock","12":"shipping-taxable","13":"purchasable","14":"product-type-simple"},"aioseo_notices":[],"_links":{"self":[{"href":"https:\/\/magoezequias.com.ar\/tienda\/wp-json\/wp\/v2\/product\/1048","targetHints":{"allow":["GET"]}}],"collection":[{"href":"https:\/\/magoezequias.com.ar\/tienda\/wp-json\/wp\/v2\/product"}],"about":[{"href":"https:\/\/magoezequias.com.ar\/tienda\/wp-json\/wp\/v2\/types\/product"}],"replies":[{"embeddable":true,"href":"https:\/\/magoezequias.com.ar\/tienda\/wp-json\/wp\/v2\/comments?post=1048"}],"version-history":[{"count":0,"href":"https:\/\/magoezequias.com.ar\/tienda\/wp-json\/wp\/v2\/product\/1048\/revisions"}],"wp:attachment":[{"href":"https:\/\/magoezequias.com.ar\/tienda\/wp-json\/wp\/v2\/media?parent=1048"}],"wp:term":[{"taxonomy":"product_brand","embeddable":true,"href":"https:\/\/magoezequias.com.ar\/tienda\/wp-json\/wp\/v2\/product_brand?post=1048"},{"taxonomy":"product_cat","embeddable":true,"href":"https:\/\/magoezequias.com.ar\/tienda\/wp-json\/wp\/v2\/product_cat?post=1048"},{"taxonomy":"product_tag","embeddable":true,"href":"https:\/\/magoezequias.com.ar\/tienda\/wp-json\/wp\/v2\/product_tag?post=1048"}],"curies":[{"name":"wp","href":"https:\/\/api.w.org\/{rel}","templated":true}]}}