{"id":1053,"date":"2018-02-21T02:31:37","date_gmt":"2018-02-21T02:31:37","guid":{"rendered":"https:\/\/magoezequias.com.ar\/tienda\/?post_type=product&#038;p=1053"},"modified":"2021-10-20T17:09:14","modified_gmt":"2021-10-20T17:09:14","slug":"rompe-huesos","status":"publish","type":"product","link":"https:\/\/magoezequias.com.ar\/tienda\/producto\/rompe-huesos","title":{"rendered":"Rompe Huesos"},"content":{"rendered":"<p><a href=\"https:\/\/magoezequias.com.ar\/tienda\/wp-content\/uploads\/2018\/02\/rompe-huesos.jpg\"><img fetchpriority=\"high\" decoding=\"async\" class=\"aligncenter wp-image-1054\" src=\"https:\/\/magoezequias.com.ar\/tienda\/wp-content\/uploads\/2018\/02\/rompe-huesos.jpg\" alt=\"\" width=\"263\" height=\"216\" srcset=\"https:\/\/magoezequias.com.ar\/tienda\/wp-content\/uploads\/2018\/02\/rompe-huesos.jpg 975w, https:\/\/magoezequias.com.ar\/tienda\/wp-content\/uploads\/2018\/02\/rompe-huesos-300x247.jpg 300w, https:\/\/magoezequias.com.ar\/tienda\/wp-content\/uploads\/2018\/02\/rompe-huesos-768x632.jpg 768w, https:\/\/magoezequias.com.ar\/tienda\/wp-content\/uploads\/2018\/02\/rompe-huesos-600x494.jpg 600w\" sizes=\"(max-width: 263px) 100vw, 263px\" \/><\/a><\/p>\n<p>&nbsp;<\/p>\n<p>Este accesorio le permitir\u00e1 producir un sonido fuerte y aplastante, como si se hubiera roto el cuello (o el de alguien).\u00a0Simplemente camine hacia arriba con alguien con el cuello inclinado hacia un lado y espere hasta que le pregunten si hay algo mal en su cuello o d\u00edgale a la persona que tiene rigidez en el cuello hoy.<\/p>\n<p>&nbsp;<\/p>\n<p>Mientras intentas \u00abajustar\u00bb tu cuello (o el de alguien) el truco produce un sonido de aplastamiento \u00f3seo.\u00a0Puedes pretender romper tu cuello, codo y desos con este truco.<\/p>\n<p>&nbsp;<\/p>\n<p>Es una buena adici\u00f3n al uso con el brazo que tuerce la ilusi\u00f3n para romper las articulaciones antes o despu\u00e9s de la ilusi\u00f3n.<\/p>\n<p>&nbsp;<\/p>\n<p>Material: Pl\u00e1stico, tama\u00f1o: 3.5 x 4.5 cm<\/p>\n<p>&nbsp;<\/p>\n","protected":false},"excerpt":{"rendered":"<p>Un chasco que har\u00e1 re\u00edr a todo el p\u00fablico, Ideal para magos, payasos o animadores, <span style=\"line-height: 1.5\">muy divertido.<\/span><span style=\"line-height: 1.5\">\u00a0<\/span><\/p>\n","protected":false},"featured_media":1056,"comment_status":"open","ping_status":"closed","template":"","meta":[],"product_brand":[],"product_cat":[7],"product_tag":[424,423,92],"class_list":{"0":"post-1053","1":"product","2":"type-product","3":"status-publish","4":"has-post-thumbnail","6":"product_cat-accesorios","7":"product_tag-cuello","8":"product_tag-hueso","9":"product_tag-rompe","11":"first","12":"instock","13":"shipping-taxable","14":"purchasable","15":"product-type-simple"},"aioseo_notices":[],"_links":{"self":[{"href":"https:\/\/magoezequias.com.ar\/tienda\/wp-json\/wp\/v2\/product\/1053","targetHints":{"allow":["GET"]}}],"collection":[{"href":"https:\/\/magoezequias.com.ar\/tienda\/wp-json\/wp\/v2\/product"}],"about":[{"href":"https:\/\/magoezequias.com.ar\/tienda\/wp-json\/wp\/v2\/types\/product"}],"replies":[{"embeddable":true,"href":"https:\/\/magoezequias.com.ar\/tienda\/wp-json\/wp\/v2\/comments?post=1053"}],"version-history":[{"count":0,"href":"https:\/\/magoezequias.com.ar\/tienda\/wp-json\/wp\/v2\/product\/1053\/revisions"}],"wp:featuredmedia":[{"embeddable":true,"href":"https:\/\/magoezequias.com.ar\/tienda\/wp-json\/wp\/v2\/media\/1056"}],"wp:attachment":[{"href":"https:\/\/magoezequias.com.ar\/tienda\/wp-json\/wp\/v2\/media?parent=1053"}],"wp:term":[{"taxonomy":"product_brand","embeddable":true,"href":"https:\/\/magoezequias.com.ar\/tienda\/wp-json\/wp\/v2\/product_brand?post=1053"},{"taxonomy":"product_cat","embeddable":true,"href":"https:\/\/magoezequias.com.ar\/tienda\/wp-json\/wp\/v2\/product_cat?post=1053"},{"taxonomy":"product_tag","embeddable":true,"href":"https:\/\/magoezequias.com.ar\/tienda\/wp-json\/wp\/v2\/product_tag?post=1053"}],"curies":[{"name":"wp","href":"https:\/\/api.w.org\/{rel}","templated":true}]}}