{"id":1060,"date":"2018-02-21T03:02:07","date_gmt":"2018-02-21T03:02:07","guid":{"rendered":"https:\/\/magoezequias.com.ar\/tienda\/?post_type=product&#038;p=1060"},"modified":"2019-11-20T01:44:37","modified_gmt":"2019-11-20T01:44:37","slug":"el-lapiz-que-desaparece","status":"publish","type":"product","link":"https:\/\/magoezequias.com.ar\/tienda\/producto\/el-lapiz-que-desaparece","title":{"rendered":"El l\u00e1piz que desaparece"},"content":{"rendered":"<p><a href=\"https:\/\/magoezequias.com.ar\/tienda\/wp-content\/uploads\/2018\/02\/lapiz-desaparece.jpg\"><img fetchpriority=\"high\" decoding=\"async\" class=\"aligncenter  wp-image-1061\" src=\"https:\/\/magoezequias.com.ar\/tienda\/wp-content\/uploads\/2018\/02\/lapiz-desaparece.jpg\" alt=\"\" width=\"272\" height=\"272\" srcset=\"https:\/\/magoezequias.com.ar\/tienda\/wp-content\/uploads\/2018\/02\/lapiz-desaparece.jpg 480w, https:\/\/magoezequias.com.ar\/tienda\/wp-content\/uploads\/2018\/02\/lapiz-desaparece-300x300.jpg 300w\" sizes=\"(max-width: 272px) 100vw, 272px\" \/><\/a><\/p>\n<p>&nbsp;<\/p>\n<p>El mago coloca un l\u00e1piz de color negro en un tubo que se mostr\u00f3 vac\u00edo y se tapa. Luego de unos pases m\u00e1gicos se le pide a un espectador que lo abra y el l\u00e1piz se ve que ha disminuido de tama\u00f1o y cambiado de color.<\/p>\n<p>&nbsp;<\/p>\n<p>&nbsp;<\/p>\n<p>Un juego autom\u00e1tico y muy f\u00e1cil de realizar.<\/p>\n","protected":false},"excerpt":{"rendered":"<p>Un juego autom\u00e1tico y muy f\u00e1cil de realizar.<\/p>\n","protected":false},"featured_media":1061,"comment_status":"open","ping_status":"closed","template":"","meta":[],"product_brand":[],"product_cat":[11,8,319],"product_tag":[298,273],"class_list":{"0":"post-1060","1":"product","2":"type-product","3":"status-publish","4":"has-post-thumbnail","6":"product_cat-close-up","7":"product_cat-infantil","8":"product_cat-principiantes","9":"product_tag-desaparece","10":"product_tag-lapiz","12":"first","13":"instock","14":"shipping-taxable","15":"purchasable","16":"product-type-simple"},"aioseo_notices":[],"_links":{"self":[{"href":"https:\/\/magoezequias.com.ar\/tienda\/wp-json\/wp\/v2\/product\/1060","targetHints":{"allow":["GET"]}}],"collection":[{"href":"https:\/\/magoezequias.com.ar\/tienda\/wp-json\/wp\/v2\/product"}],"about":[{"href":"https:\/\/magoezequias.com.ar\/tienda\/wp-json\/wp\/v2\/types\/product"}],"replies":[{"embeddable":true,"href":"https:\/\/magoezequias.com.ar\/tienda\/wp-json\/wp\/v2\/comments?post=1060"}],"version-history":[{"count":0,"href":"https:\/\/magoezequias.com.ar\/tienda\/wp-json\/wp\/v2\/product\/1060\/revisions"}],"wp:featuredmedia":[{"embeddable":true,"href":"https:\/\/magoezequias.com.ar\/tienda\/wp-json\/wp\/v2\/media\/1061"}],"wp:attachment":[{"href":"https:\/\/magoezequias.com.ar\/tienda\/wp-json\/wp\/v2\/media?parent=1060"}],"wp:term":[{"taxonomy":"product_brand","embeddable":true,"href":"https:\/\/magoezequias.com.ar\/tienda\/wp-json\/wp\/v2\/product_brand?post=1060"},{"taxonomy":"product_cat","embeddable":true,"href":"https:\/\/magoezequias.com.ar\/tienda\/wp-json\/wp\/v2\/product_cat?post=1060"},{"taxonomy":"product_tag","embeddable":true,"href":"https:\/\/magoezequias.com.ar\/tienda\/wp-json\/wp\/v2\/product_tag?post=1060"}],"curies":[{"name":"wp","href":"https:\/\/api.w.org\/{rel}","templated":true}]}}