{"id":1092,"date":"2018-03-20T23:44:48","date_gmt":"2018-03-20T23:44:48","guid":{"rendered":"https:\/\/magoezequias.com.ar\/tienda\/?post_type=product&#038;p=1092"},"modified":"2019-11-20T01:40:31","modified_gmt":"2019-11-20T01:40:31","slug":"corazones-de-esponja-set","status":"publish","type":"product","link":"https:\/\/magoezequias.com.ar\/tienda\/producto\/corazones-de-esponja-set","title":{"rendered":"Corazones de esponja &#8211; set"},"content":{"rendered":"<p><a href=\"https:\/\/magoezequias.com.ar\/tienda\/wp-content\/uploads\/2018\/03\/corazones-multiplicacion.jpg\"><img fetchpriority=\"high\" decoding=\"async\" class=\"aligncenter  wp-image-1093\" src=\"https:\/\/magoezequias.com.ar\/tienda\/wp-content\/uploads\/2018\/03\/corazones-multiplicacion.jpg\" alt=\"\" width=\"297\" height=\"297\" srcset=\"https:\/\/magoezequias.com.ar\/tienda\/wp-content\/uploads\/2018\/03\/corazones-multiplicacion.jpg 1002w, https:\/\/magoezequias.com.ar\/tienda\/wp-content\/uploads\/2018\/03\/corazones-multiplicacion-300x300.jpg 300w, https:\/\/magoezequias.com.ar\/tienda\/wp-content\/uploads\/2018\/03\/corazones-multiplicacion-768x768.jpg 768w, https:\/\/magoezequias.com.ar\/tienda\/wp-content\/uploads\/2018\/03\/corazones-multiplicacion-150x150.jpg 150w, https:\/\/magoezequias.com.ar\/tienda\/wp-content\/uploads\/2018\/03\/corazones-multiplicacion-100x100.jpg 100w\" sizes=\"(max-width: 297px) 100vw, 297px\" \/><\/a><\/p>\n<p>Una sensacional rutina de magia de cerca o sal\u00f3n, tanto para p\u00fablico infantil como adulto. Se muestran 2 corazones, se coloca uno en la mano del mago y el otro en la mano del espectador. Un pase m\u00e1gico y el coraz\u00f3n del mago desaparece para reaparecer junto al otro en la mano del espectador.<\/p>\n<p>&nbsp;<\/p>\n<p>Esta secuencia se vuelve a repetir y nuevamente ambos corazones aparecen juntos.<\/p>\n<p>Con este set, puede hacer m\u00faltiples viajes, siempre tres y como final en las manos del espectador la aparici\u00f3n de un coraz\u00f3n gigante.<\/p>\n<p>Ideal para una rutina emotiva con una pareja.<\/p>\n<p>Corazones peque\u00f1os de 4 cm, coraz\u00f3n jumbo de 10 cm.<\/p>\n<p>Recibir\u00e1 un link para aprender m\u00faltiples pases y rutinas con estos elementos.<\/p>\n<p>&nbsp;<\/p>\n<p>&nbsp;<\/p>\n","protected":false},"excerpt":{"rendered":"<p>Un set muy visual, ideal para una rutina tem\u00e1tica y rom\u00e1ntica.<\/p>\n","protected":false},"featured_media":1093,"comment_status":"open","ping_status":"closed","template":"","meta":[],"product_brand":[],"product_cat":[7,307,8,319,9],"product_tag":[443,444,71,157],"class_list":{"0":"post-1092","1":"product","2":"type-product","3":"status-publish","4":"has-post-thumbnail","6":"product_cat-accesorios","7":"product_cat-esponjas","8":"product_cat-infantil","9":"product_cat-principiantes","10":"product_cat-salon","11":"product_tag-corazon","12":"product_tag-corazones","13":"product_tag-multiplicacion","14":"product_tag-produccion","16":"first","17":"instock","18":"shipping-taxable","19":"purchasable","20":"product-type-simple"},"aioseo_notices":[],"_links":{"self":[{"href":"https:\/\/magoezequias.com.ar\/tienda\/wp-json\/wp\/v2\/product\/1092","targetHints":{"allow":["GET"]}}],"collection":[{"href":"https:\/\/magoezequias.com.ar\/tienda\/wp-json\/wp\/v2\/product"}],"about":[{"href":"https:\/\/magoezequias.com.ar\/tienda\/wp-json\/wp\/v2\/types\/product"}],"replies":[{"embeddable":true,"href":"https:\/\/magoezequias.com.ar\/tienda\/wp-json\/wp\/v2\/comments?post=1092"}],"version-history":[{"count":0,"href":"https:\/\/magoezequias.com.ar\/tienda\/wp-json\/wp\/v2\/product\/1092\/revisions"}],"wp:featuredmedia":[{"embeddable":true,"href":"https:\/\/magoezequias.com.ar\/tienda\/wp-json\/wp\/v2\/media\/1093"}],"wp:attachment":[{"href":"https:\/\/magoezequias.com.ar\/tienda\/wp-json\/wp\/v2\/media?parent=1092"}],"wp:term":[{"taxonomy":"product_brand","embeddable":true,"href":"https:\/\/magoezequias.com.ar\/tienda\/wp-json\/wp\/v2\/product_brand?post=1092"},{"taxonomy":"product_cat","embeddable":true,"href":"https:\/\/magoezequias.com.ar\/tienda\/wp-json\/wp\/v2\/product_cat?post=1092"},{"taxonomy":"product_tag","embeddable":true,"href":"https:\/\/magoezequias.com.ar\/tienda\/wp-json\/wp\/v2\/product_tag?post=1092"}],"curies":[{"name":"wp","href":"https:\/\/api.w.org\/{rel}","templated":true}]}}