{"id":1118,"date":"2018-04-14T02:25:54","date_gmt":"2018-04-14T02:25:54","guid":{"rendered":"https:\/\/magoezequias.com.ar\/tienda\/?post_type=product&#038;p=1118"},"modified":"2020-11-27T13:06:34","modified_gmt":"2020-11-27T13:06:34","slug":"baraja-que-desaparece-plastico","status":"publish","type":"product","link":"https:\/\/magoezequias.com.ar\/tienda\/producto\/baraja-que-desaparece-plastico","title":{"rendered":"Baraja que Desaparece (Pl\u00e1stico)"},"content":{"rendered":"<p><a href=\"https:\/\/magoezequias.com.ar\/tienda\/wp-content\/uploads\/2018\/04\/mazo-desaparece.jpg\"><img fetchpriority=\"high\" decoding=\"async\" class=\"aligncenter size-full wp-image-1119\" src=\"https:\/\/magoezequias.com.ar\/tienda\/wp-content\/uploads\/2018\/04\/mazo-desaparece.jpg\" alt=\"\" width=\"336\" height=\"336\" srcset=\"https:\/\/magoezequias.com.ar\/tienda\/wp-content\/uploads\/2018\/04\/mazo-desaparece.jpg 336w, https:\/\/magoezequias.com.ar\/tienda\/wp-content\/uploads\/2018\/04\/mazo-desaparece-300x300.jpg 300w, https:\/\/magoezequias.com.ar\/tienda\/wp-content\/uploads\/2018\/04\/mazo-desaparece-150x150.jpg 150w, https:\/\/magoezequias.com.ar\/tienda\/wp-content\/uploads\/2018\/04\/mazo-desaparece-100x100.jpg 100w\" sizes=\"(max-width: 336px) 100vw, 336px\" \/><\/a><\/p>\n<p>&nbsp;<\/p>\n<p>El mago toma una baraja de cartas y un estuche de color negro de pl\u00e1stico. Luego guarda la baraja dentro del estuche y con un simple soplo m\u00e1gico, la baraja de cartas ha desaparecido.<br \/>\nUn efecto muy visual, que puede combinar en cualquier rutina de cartomagia. La calidad es excelente ya que est\u00e1 realizada en pl\u00e1stico y no en cart\u00f3n como otras versiones.<\/p>\n","protected":false},"excerpt":{"rendered":"<p>Un efecto visual y muy sencillo de ejecutar.<\/p>\n","protected":false},"featured_media":1119,"comment_status":"open","ping_status":"closed","template":"","meta":[],"product_brand":[],"product_cat":[12,319],"product_tag":[65,298,80],"class_list":{"0":"post-1118","1":"product","2":"type-product","3":"status-publish","4":"has-post-thumbnail","6":"product_cat-cartomagia","7":"product_cat-principiantes","8":"product_tag-baraja","9":"product_tag-desaparece","10":"product_tag-mazo","12":"first","13":"instock","14":"shipping-taxable","15":"purchasable","16":"product-type-simple"},"aioseo_notices":[],"_links":{"self":[{"href":"https:\/\/magoezequias.com.ar\/tienda\/wp-json\/wp\/v2\/product\/1118","targetHints":{"allow":["GET"]}}],"collection":[{"href":"https:\/\/magoezequias.com.ar\/tienda\/wp-json\/wp\/v2\/product"}],"about":[{"href":"https:\/\/magoezequias.com.ar\/tienda\/wp-json\/wp\/v2\/types\/product"}],"replies":[{"embeddable":true,"href":"https:\/\/magoezequias.com.ar\/tienda\/wp-json\/wp\/v2\/comments?post=1118"}],"version-history":[{"count":0,"href":"https:\/\/magoezequias.com.ar\/tienda\/wp-json\/wp\/v2\/product\/1118\/revisions"}],"wp:featuredmedia":[{"embeddable":true,"href":"https:\/\/magoezequias.com.ar\/tienda\/wp-json\/wp\/v2\/media\/1119"}],"wp:attachment":[{"href":"https:\/\/magoezequias.com.ar\/tienda\/wp-json\/wp\/v2\/media?parent=1118"}],"wp:term":[{"taxonomy":"product_brand","embeddable":true,"href":"https:\/\/magoezequias.com.ar\/tienda\/wp-json\/wp\/v2\/product_brand?post=1118"},{"taxonomy":"product_cat","embeddable":true,"href":"https:\/\/magoezequias.com.ar\/tienda\/wp-json\/wp\/v2\/product_cat?post=1118"},{"taxonomy":"product_tag","embeddable":true,"href":"https:\/\/magoezequias.com.ar\/tienda\/wp-json\/wp\/v2\/product_tag?post=1118"}],"curies":[{"name":"wp","href":"https:\/\/api.w.org\/{rel}","templated":true}]}}