{"id":1142,"date":"2018-05-15T13:37:47","date_gmt":"2018-05-15T13:37:47","guid":{"rendered":"https:\/\/magoezequias.com.ar\/tienda\/?post_type=product&#038;p=1142"},"modified":"2019-11-25T14:47:03","modified_gmt":"2019-11-25T14:47:03","slug":"la-vaca-y-la-rana","status":"publish","type":"product","link":"https:\/\/magoezequias.com.ar\/tienda\/producto\/la-vaca-y-la-rana","title":{"rendered":"La Vaca y la Rana"},"content":{"rendered":"<p><a href=\"https:\/\/magoezequias.com.ar\/tienda\/wp-content\/uploads\/2018\/05\/vaca-rana-2.jpg\"><br \/>\n<\/a> <a href=\"https:\/\/magoezequias.com.ar\/tienda\/wp-content\/uploads\/2018\/05\/vaca-rana.jpg\"><img fetchpriority=\"high\" decoding=\"async\" class=\"aligncenter size-full wp-image-1144\" src=\"https:\/\/magoezequias.com.ar\/tienda\/wp-content\/uploads\/2018\/05\/vaca-rana.jpg\" alt=\"\" width=\"448\" height=\"325\" srcset=\"https:\/\/magoezequias.com.ar\/tienda\/wp-content\/uploads\/2018\/05\/vaca-rana.jpg 448w, https:\/\/magoezequias.com.ar\/tienda\/wp-content\/uploads\/2018\/05\/vaca-rana-300x218.jpg 300w\" sizes=\"(max-width: 448px) 100vw, 448px\" \/><\/a><\/p>\n<p><strong>\u00a0<\/strong><\/p>\n<p><strong>Efecto:<\/strong><\/p>\n<p>El mago muestra una vaca y rana como los participes de su show adem\u00e1s de un sobre y una bolsa vac\u00eda.<\/p>\n<p>Se coloca la vaca y la rana en la bolsa de papel.<\/p>\n<p><span style=\"font-style: inherit;font-weight: inherit\">A continuaci\u00f3n el mago pone la vaca dentro del sobre.<\/span> Lo da vuelta tres veces y luego en el interior ya no est\u00e1 vaca, sino m\u00e1gicamente apareci\u00f3 la rana, en un intercambio instant\u00e1neo.<\/p>\n<p>Se le pide a un espectador que ahora compruebe que dentro de la bolsa se encuentre la va, que la saque y muestre a los espectadores.<\/p>\n<p>&nbsp;<\/p>\n<p><span style=\"font-style: inherit;font-weight: inherit\">Un efecto muy interesante, incre\u00edble y f\u00e1cil de aprender y ejecutar.<\/span><\/p>\n<p>Pude efectuar m\u00faltiples presentaciones, generando mucha comedia. El juego incluye La rana, la vaca + un sobre, usted deber\u00e1 utilizar cualquier bolsa para la presentaci\u00f3n.<\/p>\n<p>Tama\u00f1o del producto: la rana y la vaca &#8211; alto 18 cm &#8211; ancho 12 cm<\/p>\n<p>&nbsp;<\/p>\n","protected":false},"excerpt":{"rendered":"<p>Un efecto muy visual, ocupa poco lugar y rinde mucho en escena.<\/p>\n","protected":false},"featured_media":1143,"comment_status":"open","ping_status":"closed","template":"","meta":[],"product_brand":[],"product_cat":[8,319],"product_tag":[465,464],"class_list":{"0":"post-1142","1":"product","2":"type-product","3":"status-publish","4":"has-post-thumbnail","6":"product_cat-infantil","7":"product_cat-principiantes","8":"product_tag-rana","9":"product_tag-vaca","11":"first","12":"instock","13":"shipping-taxable","14":"purchasable","15":"product-type-simple"},"aioseo_notices":[],"_links":{"self":[{"href":"https:\/\/magoezequias.com.ar\/tienda\/wp-json\/wp\/v2\/product\/1142","targetHints":{"allow":["GET"]}}],"collection":[{"href":"https:\/\/magoezequias.com.ar\/tienda\/wp-json\/wp\/v2\/product"}],"about":[{"href":"https:\/\/magoezequias.com.ar\/tienda\/wp-json\/wp\/v2\/types\/product"}],"replies":[{"embeddable":true,"href":"https:\/\/magoezequias.com.ar\/tienda\/wp-json\/wp\/v2\/comments?post=1142"}],"version-history":[{"count":0,"href":"https:\/\/magoezequias.com.ar\/tienda\/wp-json\/wp\/v2\/product\/1142\/revisions"}],"wp:featuredmedia":[{"embeddable":true,"href":"https:\/\/magoezequias.com.ar\/tienda\/wp-json\/wp\/v2\/media\/1143"}],"wp:attachment":[{"href":"https:\/\/magoezequias.com.ar\/tienda\/wp-json\/wp\/v2\/media?parent=1142"}],"wp:term":[{"taxonomy":"product_brand","embeddable":true,"href":"https:\/\/magoezequias.com.ar\/tienda\/wp-json\/wp\/v2\/product_brand?post=1142"},{"taxonomy":"product_cat","embeddable":true,"href":"https:\/\/magoezequias.com.ar\/tienda\/wp-json\/wp\/v2\/product_cat?post=1142"},{"taxonomy":"product_tag","embeddable":true,"href":"https:\/\/magoezequias.com.ar\/tienda\/wp-json\/wp\/v2\/product_tag?post=1142"}],"curies":[{"name":"wp","href":"https:\/\/api.w.org\/{rel}","templated":true}]}}