{"id":1148,"date":"2018-05-17T23:54:24","date_gmt":"2018-05-17T23:54:24","guid":{"rendered":"https:\/\/magoezequias.com.ar\/tienda\/?post_type=product&#038;p=1148"},"modified":"2022-11-09T13:43:38","modified_gmt":"2022-11-09T13:43:38","slug":"magica-explosion-de-la-bombilla","status":"publish","type":"product","link":"https:\/\/magoezequias.com.ar\/tienda\/producto\/magica-explosion-de-la-bombilla","title":{"rendered":"M\u00e1gica explosi\u00f3n de la bombilla"},"content":{"rendered":"<p><a href=\"https:\/\/magoezequias.com.ar\/tienda\/wp-content\/uploads\/2018\/05\/foco-explota.jpg\"><img fetchpriority=\"high\" decoding=\"async\" class=\"aligncenter size-full wp-image-1150\" src=\"https:\/\/magoezequias.com.ar\/tienda\/wp-content\/uploads\/2018\/05\/foco-explota.jpg\" alt=\"\" width=\"349\" height=\"383\" srcset=\"https:\/\/magoezequias.com.ar\/tienda\/wp-content\/uploads\/2018\/05\/foco-explota.jpg 349w, https:\/\/magoezequias.com.ar\/tienda\/wp-content\/uploads\/2018\/05\/foco-explota-273x300.jpg 273w, https:\/\/magoezequias.com.ar\/tienda\/wp-content\/uploads\/2018\/05\/foco-explota-300x329.jpg 300w\" sizes=\"(max-width: 349px) 100vw, 349px\" \/><\/a><\/p>\n<p>El mago o mentalista tiene una bombilla de luz completamente normal entre los dedos. El artista concentra su energ\u00eda mental en la bombilla y de repente explota y se rompe en peque\u00f1os pedazos!<\/p>\n<p><span style=\"font-style: inherit; font-weight: inherit;\">El p\u00fablico puede examinar la bombilla tanto antes como despu\u00e9s del efecto. Se puede realizar en cualquier lugar, en cualquier momento. No hay movimiento en las manos o los dedos del artista, se puede hacer con cualquier bombilla! \u00a1 El efecto en la audiencia es asombroso!<\/p>\n<p><\/span><\/p>\n<p>Aqu\u00ed hay algunos puntos para recordar, la bombilla es real y todo puede ser examinado. La explosi\u00f3n est\u00e1 controlada y se produce lejos de su cuerpo, pero el sentido com\u00fan debe prevalecer cuando se trata de este objeto. Un truco mecanizado de precisi\u00f3n hace que este efecto sea ultra f\u00e1cil de hacer.<\/p>\n<p>\u00a1S\u00ed, es muy f\u00e1cil y Muy fuerte! Excelente magia y mentalismo!<\/p>\n<p>&nbsp;<\/p>\n<p><iframe title=\"Magic Exploding Light Bulb\" width=\"800\" height=\"600\" src=\"https:\/\/www.youtube.com\/embed\/WHNKrQZ_sEk?feature=oembed\" frameborder=\"0\" allow=\"accelerometer; autoplay; clipboard-write; encrypted-media; gyroscope; picture-in-picture; web-share\" referrerpolicy=\"strict-origin-when-cross-origin\" allowfullscreen><\/iframe><\/p>\n","protected":false},"excerpt":{"rendered":"<p>M\u00e1gica explosi\u00f3n de la bombilla, lampara o foco.\u00a0Una bombilla explota y se rompe en pedazos<\/p>\n","protected":false},"featured_media":1150,"comment_status":"open","ping_status":"closed","template":"","meta":[],"product_brand":[],"product_cat":[13,9],"product_tag":[468,469,466,467],"class_list":{"0":"post-1148","1":"product","2":"type-product","3":"status-publish","4":"has-post-thumbnail","6":"product_cat-mentalismo","7":"product_cat-salon","8":"product_tag-bombilla","9":"product_tag-explota","10":"product_tag-foco","11":"product_tag-lampara","13":"first","14":"outofstock","15":"shipping-taxable","16":"purchasable","17":"product-type-simple"},"aioseo_notices":[],"_links":{"self":[{"href":"https:\/\/magoezequias.com.ar\/tienda\/wp-json\/wp\/v2\/product\/1148","targetHints":{"allow":["GET"]}}],"collection":[{"href":"https:\/\/magoezequias.com.ar\/tienda\/wp-json\/wp\/v2\/product"}],"about":[{"href":"https:\/\/magoezequias.com.ar\/tienda\/wp-json\/wp\/v2\/types\/product"}],"replies":[{"embeddable":true,"href":"https:\/\/magoezequias.com.ar\/tienda\/wp-json\/wp\/v2\/comments?post=1148"}],"version-history":[{"count":0,"href":"https:\/\/magoezequias.com.ar\/tienda\/wp-json\/wp\/v2\/product\/1148\/revisions"}],"wp:featuredmedia":[{"embeddable":true,"href":"https:\/\/magoezequias.com.ar\/tienda\/wp-json\/wp\/v2\/media\/1150"}],"wp:attachment":[{"href":"https:\/\/magoezequias.com.ar\/tienda\/wp-json\/wp\/v2\/media?parent=1148"}],"wp:term":[{"taxonomy":"product_brand","embeddable":true,"href":"https:\/\/magoezequias.com.ar\/tienda\/wp-json\/wp\/v2\/product_brand?post=1148"},{"taxonomy":"product_cat","embeddable":true,"href":"https:\/\/magoezequias.com.ar\/tienda\/wp-json\/wp\/v2\/product_cat?post=1148"},{"taxonomy":"product_tag","embeddable":true,"href":"https:\/\/magoezequias.com.ar\/tienda\/wp-json\/wp\/v2\/product_tag?post=1148"}],"curies":[{"name":"wp","href":"https:\/\/api.w.org\/{rel}","templated":true}]}}