{"id":124,"date":"2014-11-07T12:42:21","date_gmt":"2014-11-07T12:42:21","guid":{"rendered":"https:\/\/magoezequias.com.ar\/tienda\/?post_type=product&#038;p=124"},"modified":"2019-11-20T03:02:30","modified_gmt":"2019-11-20T03:02:30","slug":"falso-pulgar-clasico-duro","status":"publish","type":"product","link":"https:\/\/magoezequias.com.ar\/tienda\/producto\/falso-pulgar-clasico-duro","title":{"rendered":"Falso Pulgar Cl\u00e1sico (Duro)"},"content":{"rendered":"<p><a href=\"https:\/\/magoezequias.com.ar\/tienda\/wp-content\/uploads\/2014\/11\/vernet_falso_pulgar_clasico.jpg\"><img fetchpriority=\"high\" decoding=\"async\" class=\"alignnone size-full wp-image-122\" src=\"https:\/\/magoezequias.com.ar\/tienda\/wp-content\/uploads\/2014\/11\/vernet_falso_pulgar_clasico.jpg\" alt=\"vernet_falso_pulgar_clasico\" width=\"200\" height=\"250\" \/><\/a><\/p>\n<p>Este F.P. es el m\u00e1s duro de toda la l\u00ednea Vernet. Se puede utilizar para juegos con pa\u00f1uelos, esponjas, billetes, cigarrillos, az\u00facar, sal, clips para papel, etc.<\/p>\n","protected":false},"excerpt":{"rendered":"<p>Accesorio indispensable para todo mago, con la posibilidad de realizar m\u00faltiples rutinas. Calidad Vernet.<\/p>\n","protected":false},"featured_media":122,"comment_status":"open","ping_status":"closed","template":"","meta":[],"product_brand":[],"product_cat":[7],"product_tag":[61,62,63],"class_list":{"0":"post-124","1":"product","2":"type-product","3":"status-publish","4":"has-post-thumbnail","6":"product_cat-accesorios","7":"product_tag-falso","8":"product_tag-pulgar","9":"product_tag-vernet","11":"first","12":"instock","13":"shipping-taxable","14":"purchasable","15":"product-type-simple"},"aioseo_notices":[],"_links":{"self":[{"href":"https:\/\/magoezequias.com.ar\/tienda\/wp-json\/wp\/v2\/product\/124","targetHints":{"allow":["GET"]}}],"collection":[{"href":"https:\/\/magoezequias.com.ar\/tienda\/wp-json\/wp\/v2\/product"}],"about":[{"href":"https:\/\/magoezequias.com.ar\/tienda\/wp-json\/wp\/v2\/types\/product"}],"replies":[{"embeddable":true,"href":"https:\/\/magoezequias.com.ar\/tienda\/wp-json\/wp\/v2\/comments?post=124"}],"version-history":[{"count":0,"href":"https:\/\/magoezequias.com.ar\/tienda\/wp-json\/wp\/v2\/product\/124\/revisions"}],"wp:featuredmedia":[{"embeddable":true,"href":"https:\/\/magoezequias.com.ar\/tienda\/wp-json\/wp\/v2\/media\/122"}],"wp:attachment":[{"href":"https:\/\/magoezequias.com.ar\/tienda\/wp-json\/wp\/v2\/media?parent=124"}],"wp:term":[{"taxonomy":"product_brand","embeddable":true,"href":"https:\/\/magoezequias.com.ar\/tienda\/wp-json\/wp\/v2\/product_brand?post=124"},{"taxonomy":"product_cat","embeddable":true,"href":"https:\/\/magoezequias.com.ar\/tienda\/wp-json\/wp\/v2\/product_cat?post=124"},{"taxonomy":"product_tag","embeddable":true,"href":"https:\/\/magoezequias.com.ar\/tienda\/wp-json\/wp\/v2\/product_tag?post=124"}],"curies":[{"name":"wp","href":"https:\/\/api.w.org\/{rel}","templated":true}]}}