{"id":1278,"date":"2018-09-17T13:44:04","date_gmt":"2018-09-17T13:44:04","guid":{"rendered":"https:\/\/magoezequias.com.ar\/tienda\/?post_type=product&#038;p=1278"},"modified":"2023-01-01T10:03:02","modified_gmt":"2023-01-01T10:03:02","slug":"el-cerdo-molesto","status":"publish","type":"product","link":"https:\/\/magoezequias.com.ar\/tienda\/producto\/el-cerdo-molesto","title":{"rendered":"El cerdo molesto"},"content":{"rendered":"<p><a href=\"https:\/\/magoezequias.com.ar\/tienda\/wp-content\/uploads\/2018\/09\/IMG_20180916_230523.jpg\"><img fetchpriority=\"high\" decoding=\"async\" class=\"aligncenter size-full wp-image-1279\" src=\"https:\/\/magoezequias.com.ar\/tienda\/wp-content\/uploads\/2018\/09\/IMG_20180916_230523.jpg\" alt=\"\" width=\"640\" height=\"376\" srcset=\"https:\/\/magoezequias.com.ar\/tienda\/wp-content\/uploads\/2018\/09\/IMG_20180916_230523.jpg 640w, https:\/\/magoezequias.com.ar\/tienda\/wp-content\/uploads\/2018\/09\/IMG_20180916_230523-300x176.jpg 300w\" sizes=\"(max-width: 640px) 100vw, 640px\" \/><\/a><\/p>\n<p>Un cl\u00e1sico de la magia en versi\u00f3n infantil donde el mago muestra 5 cartas semi jumbo con la imagen de conejos, pero aparece entre ellos un cerdo.<\/p>\n<p>&nbsp;<\/p>\n<p>Ante esto el mago se sorprende y claramente retira el cerdo. Ante esto dice que entonces realizar\u00e1 el juego con 4 conejos. Al contarlos vuelve a aparecer el cerdo.<\/p>\n<p>&nbsp;<\/p>\n<p>Otra vez el mago no entiende lo que pasa y nuevamente retira claramente al cerdo.<\/p>\n<p>&nbsp;<\/p>\n<p>Contin\u00faa y dice que realizar\u00e1 el juego con 3 conejos\u2026 ya con miedo el mago cuenta las cartas y otra vez, el cerdo regres\u00f3.<\/p>\n<p>&nbsp;<\/p>\n<p>El mago ya muy enojado guarda claramente el cerdo, y dice que realizar\u00e1 el juego con 2 conejos.<\/p>\n<p>&nbsp;<\/p>\n<p>Y la historia se repite\u2026 el mago muestra dos conejos, pero luego el travieso cerdo vuelve otra vez.<\/p>\n<p>&nbsp;<\/p>\n<p>El mago nuevamente lo retira y dice que realizar\u00e1 el juego con 1 solo conejo, sin saber que est\u00e1 pasando. Al mostrar la carta el conejo m\u00e1gicamente se transform\u00f3 en un Mago. All\u00ed el mago entiende quien estaba haciendo travesuras.<\/p>\n<p>&nbsp;<\/p>\n<p>Deslumbrante, divertido y entretenido, este efecto tiene una gran visibilidad, perfecto para el primer plano, pero tambi\u00e9n para actuaciones en el escenario.<\/p>\n<p>&nbsp;<\/p>\n<p>En un v\u00eddeo se explica cada paso de la rutina, un juego sencillo, sin pases complicados ya que el trabajo lo realizan las cartas semi jumbo trucadas.<\/p>\n<p>&nbsp;<\/p>\n<p><iframe src=\"https:\/\/www.youtube.com\/embed\/IP46Z2scDkI\" width=\"560\" height=\"315\" frameborder=\"0\" allowfullscreen=\"allowfullscreen\"><\/iframe><\/p>\n<p>&nbsp;<\/p>\n","protected":false},"excerpt":{"rendered":"<p>Un juego de magia muy entretenido, visual y que ocupa poco lugar.<\/p>\n","protected":false},"featured_media":1280,"comment_status":"open","ping_status":"closed","template":"","meta":[],"product_brand":[],"product_cat":[12,60,8,9],"product_tag":[],"class_list":{"0":"post-1278","1":"product","2":"type-product","3":"status-publish","4":"has-post-thumbnail","6":"product_cat-cartomagia","7":"product_cat-ezequias-2","8":"product_cat-infantil","9":"product_cat-salon","11":"first","12":"instock","13":"shipping-taxable","14":"purchasable","15":"product-type-simple"},"aioseo_notices":[],"_links":{"self":[{"href":"https:\/\/magoezequias.com.ar\/tienda\/wp-json\/wp\/v2\/product\/1278","targetHints":{"allow":["GET"]}}],"collection":[{"href":"https:\/\/magoezequias.com.ar\/tienda\/wp-json\/wp\/v2\/product"}],"about":[{"href":"https:\/\/magoezequias.com.ar\/tienda\/wp-json\/wp\/v2\/types\/product"}],"replies":[{"embeddable":true,"href":"https:\/\/magoezequias.com.ar\/tienda\/wp-json\/wp\/v2\/comments?post=1278"}],"version-history":[{"count":0,"href":"https:\/\/magoezequias.com.ar\/tienda\/wp-json\/wp\/v2\/product\/1278\/revisions"}],"wp:featuredmedia":[{"embeddable":true,"href":"https:\/\/magoezequias.com.ar\/tienda\/wp-json\/wp\/v2\/media\/1280"}],"wp:attachment":[{"href":"https:\/\/magoezequias.com.ar\/tienda\/wp-json\/wp\/v2\/media?parent=1278"}],"wp:term":[{"taxonomy":"product_brand","embeddable":true,"href":"https:\/\/magoezequias.com.ar\/tienda\/wp-json\/wp\/v2\/product_brand?post=1278"},{"taxonomy":"product_cat","embeddable":true,"href":"https:\/\/magoezequias.com.ar\/tienda\/wp-json\/wp\/v2\/product_cat?post=1278"},{"taxonomy":"product_tag","embeddable":true,"href":"https:\/\/magoezequias.com.ar\/tienda\/wp-json\/wp\/v2\/product_tag?post=1278"}],"curies":[{"name":"wp","href":"https:\/\/api.w.org\/{rel}","templated":true}]}}