{"id":131,"date":"2014-11-10T20:08:19","date_gmt":"2014-11-10T20:08:19","guid":{"rendered":"https:\/\/magoezequias.com.ar\/tienda\/?post_type=product&#038;p=131"},"modified":"2023-06-13T00:04:42","modified_gmt":"2023-06-13T00:04:42","slug":"bella-de-noche-belle-de-nuit","status":"publish","type":"product","link":"https:\/\/magoezequias.com.ar\/tienda\/producto\/bella-de-noche-belle-de-nuit","title":{"rendered":"Bella de Noche &#8211; Belle De Nuit"},"content":{"rendered":"<p><a href=\"https:\/\/magoezequias.com.ar\/tienda\/wp-content\/uploads\/2014\/11\/vernet_belledenuit.png\"><img fetchpriority=\"high\" decoding=\"async\" class=\"alignnone size-full wp-image-132\" src=\"https:\/\/magoezequias.com.ar\/tienda\/wp-content\/uploads\/2014\/11\/vernet_belledenuit.png\" alt=\"vernet_belledenuit\" width=\"400\" height=\"400\" srcset=\"https:\/\/magoezequias.com.ar\/tienda\/wp-content\/uploads\/2014\/11\/vernet_belledenuit.png 400w, https:\/\/magoezequias.com.ar\/tienda\/wp-content\/uploads\/2014\/11\/vernet_belledenuit-300x300.png 300w, https:\/\/magoezequias.com.ar\/tienda\/wp-content\/uploads\/2014\/11\/vernet_belledenuit-90x90.png 90w, https:\/\/magoezequias.com.ar\/tienda\/wp-content\/uploads\/2014\/11\/vernet_belledenuit-150x150.png 150w\" sizes=\"(max-width: 400px) 100vw, 400px\" \/><\/a><\/p>\n<p>Usted puede realizar este maravilloso efecto en cualquier escenario, \u00a1el gimmick es totalmente invisible!<\/p>\n<p>&nbsp;<\/p>\n<p>\u00a1Belle de Nuit te permite realizar diversos movimientos para que puedas crear tu propia rutina!<\/p>\n<p>&nbsp;<\/p>\n<p>Incluye video descargable con la actuaci\u00f3n y la explicaci\u00f3n detallada.<\/p>\n<p>&nbsp;<\/p>\n<p><iframe width=\"560\" height=\"315\" src=\"\/\/www.youtube.com\/embed\/w6ljqIR4e_Y?list=UUQkETnGyeijvsH-vNYqA_6Q\" frameborder=\"0\" allowfullscreen><\/iframe><\/p>\n","protected":false},"excerpt":{"rendered":"<p>Esta es la m\u00e1s fant\u00e1stica versi\u00f3n de la bola flotante sin necesidad de asistentes.<\/p>\n","protected":false},"featured_media":132,"comment_status":"open","ping_status":"closed","template":"","meta":[],"product_brand":[],"product_cat":[10],"product_tag":[67,69,70,68,63],"class_list":{"0":"post-131","1":"product","2":"type-product","3":"status-publish","4":"has-post-thumbnail","6":"product_cat-escena","7":"product_tag-bella","8":"product_tag-bola","9":"product_tag-flotante","10":"product_tag-noche","11":"product_tag-vernet","13":"first","14":"outofstock","15":"shipping-taxable","16":"purchasable","17":"product-type-simple"},"aioseo_notices":[],"_links":{"self":[{"href":"https:\/\/magoezequias.com.ar\/tienda\/wp-json\/wp\/v2\/product\/131","targetHints":{"allow":["GET"]}}],"collection":[{"href":"https:\/\/magoezequias.com.ar\/tienda\/wp-json\/wp\/v2\/product"}],"about":[{"href":"https:\/\/magoezequias.com.ar\/tienda\/wp-json\/wp\/v2\/types\/product"}],"replies":[{"embeddable":true,"href":"https:\/\/magoezequias.com.ar\/tienda\/wp-json\/wp\/v2\/comments?post=131"}],"version-history":[{"count":0,"href":"https:\/\/magoezequias.com.ar\/tienda\/wp-json\/wp\/v2\/product\/131\/revisions"}],"wp:featuredmedia":[{"embeddable":true,"href":"https:\/\/magoezequias.com.ar\/tienda\/wp-json\/wp\/v2\/media\/132"}],"wp:attachment":[{"href":"https:\/\/magoezequias.com.ar\/tienda\/wp-json\/wp\/v2\/media?parent=131"}],"wp:term":[{"taxonomy":"product_brand","embeddable":true,"href":"https:\/\/magoezequias.com.ar\/tienda\/wp-json\/wp\/v2\/product_brand?post=131"},{"taxonomy":"product_cat","embeddable":true,"href":"https:\/\/magoezequias.com.ar\/tienda\/wp-json\/wp\/v2\/product_cat?post=131"},{"taxonomy":"product_tag","embeddable":true,"href":"https:\/\/magoezequias.com.ar\/tienda\/wp-json\/wp\/v2\/product_tag?post=131"}],"curies":[{"name":"wp","href":"https:\/\/api.w.org\/{rel}","templated":true}]}}