{"id":141,"date":"2014-11-10T21:29:51","date_gmt":"2014-11-10T21:29:51","guid":{"rendered":"https:\/\/magoezequias.com.ar\/tienda\/?post_type=product&#038;p=141"},"modified":"2019-11-20T03:00:28","modified_gmt":"2019-11-20T03:00:28","slug":"multiplicacion-pompas-de-jabon","status":"publish","type":"product","link":"https:\/\/magoezequias.com.ar\/tienda\/producto\/multiplicacion-pompas-de-jabon","title":{"rendered":"Multiplicaci\u00f3n Pompas de Jab\u00f3n"},"content":{"rendered":"<p><a href=\"https:\/\/magoezequias.com.ar\/tienda\/wp-content\/uploads\/2014\/11\/vernet_multiplicaci_n_pompas_de_jabon.jpg\"><img fetchpriority=\"high\" decoding=\"async\" class=\"alignnone size-full wp-image-142\" src=\"https:\/\/magoezequias.com.ar\/tienda\/wp-content\/uploads\/2014\/11\/vernet_multiplicaci_n_pompas_de_jabon.jpg\" alt=\"vernet_multiplicaci_n_pompas_de_jabon\" width=\"400\" height=\"400\" srcset=\"https:\/\/magoezequias.com.ar\/tienda\/wp-content\/uploads\/2014\/11\/vernet_multiplicaci_n_pompas_de_jabon.jpg 400w, https:\/\/magoezequias.com.ar\/tienda\/wp-content\/uploads\/2014\/11\/vernet_multiplicaci_n_pompas_de_jabon-300x300.jpg 300w, https:\/\/magoezequias.com.ar\/tienda\/wp-content\/uploads\/2014\/11\/vernet_multiplicaci_n_pompas_de_jabon-90x90.jpg 90w, https:\/\/magoezequias.com.ar\/tienda\/wp-content\/uploads\/2014\/11\/vernet_multiplicaci_n_pompas_de_jabon-150x150.jpg 150w\" sizes=\"(max-width: 400px) 100vw, 400px\" \/><\/a><\/p>\n<p>Se hace aparecer una pompa de jab\u00f3n en la punta de los dedos, luego aparece una segunda pompa, una tercera y hasta una cuarta pompa en la misma mano.<br \/>\nComo final se puede hacer desaparecer las 4 pompas de a una a la vez.<br \/>\nTama\u00f1o perfecto para las pueda manipular f\u00e1cilmente, excelente terminaci\u00f3n.<\/p>\n<p>Fabricadas con pl\u00e1stico Irrompibles.<\/p>\n","protected":false},"excerpt":{"rendered":"<p>Tama\u00f1o perfecto para las pueda manipular f\u00e1cilmente, excelente terminaci\u00f3n.<\/p>\n","protected":false},"featured_media":142,"comment_status":"open","ping_status":"closed","template":"","meta":[],"product_brand":[],"product_cat":[10,9],"product_tag":[],"class_list":{"0":"post-141","1":"product","2":"type-product","3":"status-publish","4":"has-post-thumbnail","6":"product_cat-escena","7":"product_cat-salon","9":"first","10":"outofstock","11":"shipping-taxable","12":"purchasable","13":"product-type-simple"},"aioseo_notices":[],"_links":{"self":[{"href":"https:\/\/magoezequias.com.ar\/tienda\/wp-json\/wp\/v2\/product\/141","targetHints":{"allow":["GET"]}}],"collection":[{"href":"https:\/\/magoezequias.com.ar\/tienda\/wp-json\/wp\/v2\/product"}],"about":[{"href":"https:\/\/magoezequias.com.ar\/tienda\/wp-json\/wp\/v2\/types\/product"}],"replies":[{"embeddable":true,"href":"https:\/\/magoezequias.com.ar\/tienda\/wp-json\/wp\/v2\/comments?post=141"}],"version-history":[{"count":0,"href":"https:\/\/magoezequias.com.ar\/tienda\/wp-json\/wp\/v2\/product\/141\/revisions"}],"wp:featuredmedia":[{"embeddable":true,"href":"https:\/\/magoezequias.com.ar\/tienda\/wp-json\/wp\/v2\/media\/142"}],"wp:attachment":[{"href":"https:\/\/magoezequias.com.ar\/tienda\/wp-json\/wp\/v2\/media?parent=141"}],"wp:term":[{"taxonomy":"product_brand","embeddable":true,"href":"https:\/\/magoezequias.com.ar\/tienda\/wp-json\/wp\/v2\/product_brand?post=141"},{"taxonomy":"product_cat","embeddable":true,"href":"https:\/\/magoezequias.com.ar\/tienda\/wp-json\/wp\/v2\/product_cat?post=141"},{"taxonomy":"product_tag","embeddable":true,"href":"https:\/\/magoezequias.com.ar\/tienda\/wp-json\/wp\/v2\/product_tag?post=141"}],"curies":[{"name":"wp","href":"https:\/\/api.w.org\/{rel}","templated":true}]}}