{"id":1555,"date":"2019-11-26T23:04:24","date_gmt":"2019-11-26T23:04:24","guid":{"rendered":"https:\/\/magoezequias.com.ar\/tienda\/?post_type=product&#038;p=1555"},"modified":"2023-11-02T03:01:34","modified_gmt":"2023-11-02T03:01:34","slug":"microfono-de-esponja","status":"publish","type":"product","link":"https:\/\/magoezequias.com.ar\/tienda\/producto\/microfono-de-esponja","title":{"rendered":"Micr\u00f3fono de esponja"},"content":{"rendered":"<p><a href=\"https:\/\/magoezequias.com.ar\/tienda\/wp-content\/uploads\/2019\/11\/microfono_2.jpg\"><img fetchpriority=\"high\" decoding=\"async\" class=\"aligncenter size-full wp-image-1559\" src=\"https:\/\/magoezequias.com.ar\/tienda\/wp-content\/uploads\/2019\/11\/microfono_2.jpg\" alt=\"\" width=\"200\" height=\"250\" \/><\/a><\/p>\n<p>Un elemento muy \u00fatil para m\u00faltiples rutinas. Como gags o efecto m\u00e1gico.<\/p>\n<p>El mago sale a escena o un presentador de show, y produce el micr\u00f3fono desde cualquier lugar.<\/p>\n<p>Tambi\u00e9n puede intentar hablar pero al notar que no funciona lo hace desaparecer\u00a0 en una bolsa de papel, pa\u00f1uelo, etc<\/p>\n<p>&nbsp;<\/p>\n<p>Confeccionado con material soft y muy real.<\/p>\n","protected":false},"excerpt":{"rendered":"<p>Un elemento muy \u00fatil para m\u00faltiples rutinas. Como gags o efecto m\u00e1gico. El mago sale a escena o un presentador de show, y produce el micr\u00f3fono desde cualquier lugar. Tambi\u00e9n puede intentar hablar pero al notar que no funciona lo hace desaparecer\u00a0 en una bolsa de papel, pa\u00f1uelo, etc &nbsp; Confeccionado con material soft y [&hellip;]<\/p>\n","protected":false},"featured_media":1559,"comment_status":"open","ping_status":"closed","template":"","meta":[],"product_brand":[],"product_cat":[7,307,319],"product_tag":[311,543],"class_list":{"0":"post-1555","1":"product","2":"type-product","3":"status-publish","4":"has-post-thumbnail","6":"product_cat-accesorios","7":"product_cat-esponjas","8":"product_cat-principiantes","9":"product_tag-esponja","10":"product_tag-microfono","12":"first","13":"outofstock","14":"shipping-taxable","15":"purchasable","16":"product-type-simple"},"aioseo_notices":[],"_links":{"self":[{"href":"https:\/\/magoezequias.com.ar\/tienda\/wp-json\/wp\/v2\/product\/1555","targetHints":{"allow":["GET"]}}],"collection":[{"href":"https:\/\/magoezequias.com.ar\/tienda\/wp-json\/wp\/v2\/product"}],"about":[{"href":"https:\/\/magoezequias.com.ar\/tienda\/wp-json\/wp\/v2\/types\/product"}],"replies":[{"embeddable":true,"href":"https:\/\/magoezequias.com.ar\/tienda\/wp-json\/wp\/v2\/comments?post=1555"}],"version-history":[{"count":0,"href":"https:\/\/magoezequias.com.ar\/tienda\/wp-json\/wp\/v2\/product\/1555\/revisions"}],"wp:featuredmedia":[{"embeddable":true,"href":"https:\/\/magoezequias.com.ar\/tienda\/wp-json\/wp\/v2\/media\/1559"}],"wp:attachment":[{"href":"https:\/\/magoezequias.com.ar\/tienda\/wp-json\/wp\/v2\/media?parent=1555"}],"wp:term":[{"taxonomy":"product_brand","embeddable":true,"href":"https:\/\/magoezequias.com.ar\/tienda\/wp-json\/wp\/v2\/product_brand?post=1555"},{"taxonomy":"product_cat","embeddable":true,"href":"https:\/\/magoezequias.com.ar\/tienda\/wp-json\/wp\/v2\/product_cat?post=1555"},{"taxonomy":"product_tag","embeddable":true,"href":"https:\/\/magoezequias.com.ar\/tienda\/wp-json\/wp\/v2\/product_tag?post=1555"}],"curies":[{"name":"wp","href":"https:\/\/api.w.org\/{rel}","templated":true}]}}