{"id":1602,"date":"2019-11-29T17:41:18","date_gmt":"2019-11-29T17:41:18","guid":{"rendered":"https:\/\/magoezequias.com.ar\/tienda\/?post_type=product&#038;p=1602"},"modified":"2021-02-06T23:56:01","modified_gmt":"2021-02-06T23:56:01","slug":"pancarta-cumpleanos","status":"publish","type":"product","link":"https:\/\/magoezequias.com.ar\/tienda\/producto\/pancarta-cumpleanos","title":{"rendered":"Pancarta Cumplea\u00f1os"},"content":{"rendered":"<p><a href=\"https:\/\/magoezequias.com.ar\/tienda\/wp-content\/uploads\/2019\/11\/pancarta-cumplea\u00f1os-2.jpg\"><img fetchpriority=\"high\" decoding=\"async\" class=\"aligncenter size-full wp-image-1603\" src=\"https:\/\/magoezequias.com.ar\/tienda\/wp-content\/uploads\/2019\/11\/pancarta-cumplea\u00f1os-2.jpg\" alt=\"\" width=\"681\" height=\"715\" srcset=\"https:\/\/magoezequias.com.ar\/tienda\/wp-content\/uploads\/2019\/11\/pancarta-cumplea\u00f1os-2.jpg 681w, https:\/\/magoezequias.com.ar\/tienda\/wp-content\/uploads\/2019\/11\/pancarta-cumplea\u00f1os-2-286x300.jpg 286w, https:\/\/magoezequias.com.ar\/tienda\/wp-content\/uploads\/2019\/11\/pancarta-cumplea\u00f1os-2-300x315.jpg 300w\" sizes=\"(max-width: 681px) 100vw, 681px\" \/><\/a><\/p>\n<p style=\"text-align: justify;\">La apertura ideal para un show de magia infantil. El mago va mostrando cartas con todos los elementos de una gran fiesta de cumplea\u00f1os, tortas, globos, regalos, etc. Adem\u00e1s cuenta que en la fiesta donde est\u00e1n habr\u00e1 un mago&#8230;.<\/p>\n<p style=\"text-align: justify;\">Y si hay un mago habr\u00e1 mucha MAGIA&#8230; y como gran final el mago despliega una colorida pancarta donde dice MAGIA.<\/p>\n<p style=\"text-align: justify;\"><a href=\"https:\/\/magoezequias.com.ar\/tienda\/wp-content\/uploads\/2019\/11\/pancarta-cumplea\u00f1os.jpg\"><img decoding=\"async\" class=\"aligncenter size-full wp-image-1604\" src=\"https:\/\/magoezequias.com.ar\/tienda\/wp-content\/uploads\/2019\/11\/pancarta-cumplea\u00f1os.jpg\" alt=\"\" width=\"496\" height=\"495\" srcset=\"https:\/\/magoezequias.com.ar\/tienda\/wp-content\/uploads\/2019\/11\/pancarta-cumplea\u00f1os.jpg 496w, https:\/\/magoezequias.com.ar\/tienda\/wp-content\/uploads\/2019\/11\/pancarta-cumplea\u00f1os-300x299.jpg 300w, https:\/\/magoezequias.com.ar\/tienda\/wp-content\/uploads\/2019\/11\/pancarta-cumplea\u00f1os-150x150.jpg 150w, https:\/\/magoezequias.com.ar\/tienda\/wp-content\/uploads\/2019\/11\/pancarta-cumplea\u00f1os-100x100.jpg 100w\" sizes=\"(max-width: 496px) 100vw, 496px\" \/><\/a><\/p>\n<p style=\"text-align: justify;\">Construido en cart\u00f3n laminado, para mucha durabilidad, un juego autom\u00e1tico y muy visual a gran distancia. No ocupa lugar para transportar.<\/p>\n<p><a href=\"https:\/\/magoezequias.com.ar\/tienda\/wp-content\/uploads\/2019\/11\/FB_IMG_1577792615019.jpg\"><img decoding=\"async\" class=\"aligncenter  wp-image-1642\" src=\"https:\/\/magoezequias.com.ar\/tienda\/wp-content\/uploads\/2019\/11\/FB_IMG_1577792615019.jpg\" alt=\"\" width=\"498\" height=\"498\" srcset=\"https:\/\/magoezequias.com.ar\/tienda\/wp-content\/uploads\/2019\/11\/FB_IMG_1577792615019.jpg 1080w, https:\/\/magoezequias.com.ar\/tienda\/wp-content\/uploads\/2019\/11\/FB_IMG_1577792615019-300x300.jpg 300w, https:\/\/magoezequias.com.ar\/tienda\/wp-content\/uploads\/2019\/11\/FB_IMG_1577792615019-1024x1024.jpg 1024w, https:\/\/magoezequias.com.ar\/tienda\/wp-content\/uploads\/2019\/11\/FB_IMG_1577792615019-768x768.jpg 768w, https:\/\/magoezequias.com.ar\/tienda\/wp-content\/uploads\/2019\/11\/FB_IMG_1577792615019-150x150.jpg 150w, https:\/\/magoezequias.com.ar\/tienda\/wp-content\/uploads\/2019\/11\/FB_IMG_1577792615019-100x100.jpg 100w\" sizes=\"(max-width: 498px) 100vw, 498px\" \/><\/a><\/p>\n","protected":false},"excerpt":{"rendered":"<p>La apertura ideal para un show de magia infantil. El mago va mostrando cartas con todos los elementos de una gran fiesta de cumplea\u00f1os, tortas, globos, regalos, etc. Adem\u00e1s cuenta que en la fiesta donde est\u00e1n habr\u00e1 un mago&#8230;. Y si hay un mago habr\u00e1 mucha MAGIA&#8230; y como gran final el mago despliega una [&hellip;]<\/p>\n","protected":false},"featured_media":1603,"comment_status":"open","ping_status":"closed","template":"","meta":[],"product_brand":[],"product_cat":[60,8,9],"product_tag":[562,17,14,561],"class_list":{"0":"post-1602","1":"product","2":"type-product","3":"status-publish","4":"has-post-thumbnail","6":"product_cat-ezequias-2","7":"product_cat-infantil","8":"product_cat-salon","9":"product_tag-cartel","10":"product_tag-ezequias","11":"product_tag-magia","12":"product_tag-pancarta","14":"first","15":"instock","16":"shipping-taxable","17":"purchasable","18":"product-type-simple"},"aioseo_notices":[],"_links":{"self":[{"href":"https:\/\/magoezequias.com.ar\/tienda\/wp-json\/wp\/v2\/product\/1602","targetHints":{"allow":["GET"]}}],"collection":[{"href":"https:\/\/magoezequias.com.ar\/tienda\/wp-json\/wp\/v2\/product"}],"about":[{"href":"https:\/\/magoezequias.com.ar\/tienda\/wp-json\/wp\/v2\/types\/product"}],"replies":[{"embeddable":true,"href":"https:\/\/magoezequias.com.ar\/tienda\/wp-json\/wp\/v2\/comments?post=1602"}],"version-history":[{"count":0,"href":"https:\/\/magoezequias.com.ar\/tienda\/wp-json\/wp\/v2\/product\/1602\/revisions"}],"wp:featuredmedia":[{"embeddable":true,"href":"https:\/\/magoezequias.com.ar\/tienda\/wp-json\/wp\/v2\/media\/1603"}],"wp:attachment":[{"href":"https:\/\/magoezequias.com.ar\/tienda\/wp-json\/wp\/v2\/media?parent=1602"}],"wp:term":[{"taxonomy":"product_brand","embeddable":true,"href":"https:\/\/magoezequias.com.ar\/tienda\/wp-json\/wp\/v2\/product_brand?post=1602"},{"taxonomy":"product_cat","embeddable":true,"href":"https:\/\/magoezequias.com.ar\/tienda\/wp-json\/wp\/v2\/product_cat?post=1602"},{"taxonomy":"product_tag","embeddable":true,"href":"https:\/\/magoezequias.com.ar\/tienda\/wp-json\/wp\/v2\/product_tag?post=1602"}],"curies":[{"name":"wp","href":"https:\/\/api.w.org\/{rel}","templated":true}]}}