{"id":1709,"date":"2020-04-22T02:32:14","date_gmt":"2020-04-22T02:32:14","guid":{"rendered":"https:\/\/magoezequias.com.ar\/tienda\/?post_type=product&#038;p=1709"},"modified":"2020-04-22T02:34:09","modified_gmt":"2020-04-22T02:34:09","slug":"1709","status":"publish","type":"product","link":"https:\/\/magoezequias.com.ar\/tienda\/producto\/1709","title":{"rendered":"Set pa\u00f1uelo Dalmata"},"content":{"rendered":"<p><a href=\"https:\/\/magoezequias.com.ar\/tienda\/wp-content\/uploads\/2020\/04\/dalmata-1.jpg\"><img fetchpriority=\"high\" decoding=\"async\" class=\"aligncenter wp-image-1712\" src=\"https:\/\/magoezequias.com.ar\/tienda\/wp-content\/uploads\/2020\/04\/dalmata-1.jpg\" alt=\"\" width=\"491\" height=\"415\" srcset=\"https:\/\/magoezequias.com.ar\/tienda\/wp-content\/uploads\/2020\/04\/dalmata-1.jpg 853w, https:\/\/magoezequias.com.ar\/tienda\/wp-content\/uploads\/2020\/04\/dalmata-1-300x253.jpg 300w, https:\/\/magoezequias.com.ar\/tienda\/wp-content\/uploads\/2020\/04\/dalmata-1-768x648.jpg 768w\" sizes=\"(max-width: 491px) 100vw, 491px\" \/><\/a><\/p>\n<p>&nbsp;<\/p>\n<p style=\"text-align: justify;\">Simplemente tres hermosos pa\u00f1uelos impresos con im\u00e1genes de perritos en blanco y negro, lo que los hace ideales para audiencias de cualquier tama\u00f1o ya que son muy visibles desde lejos.<\/p>\n<p style=\"text-align: justify;\">Usted puede crear m\u00faltiples presentaciones con la idea de que un perro cambia el color de su pelaje, lo que le permite desarrollar muchas rutinas diferentes con el mismo conjunto.<\/p>\n<p style=\"text-align: justify;\">Ideas de presentaci\u00f3n:<\/p>\n<ul style=\"text-align: justify;\">\n<li>\u00a1Contar que un perro perdi\u00f3 sus manchas! \u00bfPueden los ni\u00f1os ayudar a devolverlas con un poco de magia?<\/li>\n<li>\u00a1Nuestra mascota est\u00e1 cubierta de barro! \u00bfPueden los ni\u00f1os ayudarnos a limpiarlo, con un poco de magia de una bolsa de &#8216;limpieza&#8217; (cambio)<\/li>\n<li>A Spotty no le gusta ser diferente, \u00a1est\u00e1 cubierto de manchas!\u00a0Utiliza magia para volverse blanco y luego negro, \u00a1pero decide que sus manchas originales fueron las mejores!<\/li>\n<\/ul>\n<p style=\"text-align: justify;\">El set de pa\u00f1uelos tambi\u00e9n viene con 8 cartas de animales y una del dalmata para realizar una rutina integrando las mismas.<\/p>\n<p style=\"text-align: justify;\">Una rutina muy m\u00e1gica, divertida y s\u00faper visual a gran distancia por el tama\u00f1o de los elementos, ideal para presentar en escena.<\/p>\n<p style=\"text-align: justify;\">Los pa\u00f1uelos est\u00e1n impresos con colores muy vivos, son de muy buena calidad, de 45 x 45 cent\u00edmetros, se pueden lavar y planchar.<\/p>\n<p style=\"text-align: justify;\">Usted recibe:<\/p>\n<p style=\"text-align: justify;\">Pa\u00f1uelo con perro blanco<\/p>\n<p style=\"text-align: justify;\">Pa\u00f1uelo con perro negro<\/p>\n<p style=\"text-align: justify;\">Pa\u00f1uelo con perro Dalmata<\/p>\n<p style=\"text-align: justify;\">Cartas semijumbo, laminadas, con im\u00e1genes muy coloridas.<\/p>\n<p style=\"text-align: justify;\">Bolsa de Cambio no incluida; usted debe usar la suya u otro elemento o mecanismo para cambiar los pa\u00f1uelos.<\/p>\n<p style=\"text-align: justify;\"><iframe src=\"https:\/\/www.youtube.com\/embed\/JqoBvJfxW-M\" width=\"560\" height=\"315\" frameborder=\"0\" allowfullscreen=\"allowfullscreen\"><\/iframe><\/p>\n","protected":false},"excerpt":{"rendered":"<p>Una rutina muy visual y divertida. Ideal para escena y sal\u00f3n!!!<\/p>\n","protected":false},"featured_media":1711,"comment_status":"open","ping_status":"closed","template":"","meta":[],"product_brand":[],"product_cat":[10,60,8,9],"product_tag":[582,17,52,581],"class_list":{"0":"post-1709","1":"product","2":"type-product","3":"status-publish","4":"has-post-thumbnail","6":"product_cat-escena","7":"product_cat-ezequias-2","8":"product_cat-infantil","9":"product_cat-salon","10":"product_tag-dalmata","11":"product_tag-ezequias","12":"product_tag-panuelo","13":"product_tag-perro","15":"first","16":"instock","17":"shipping-taxable","18":"purchasable","19":"product-type-simple"},"aioseo_notices":[],"_links":{"self":[{"href":"https:\/\/magoezequias.com.ar\/tienda\/wp-json\/wp\/v2\/product\/1709","targetHints":{"allow":["GET"]}}],"collection":[{"href":"https:\/\/magoezequias.com.ar\/tienda\/wp-json\/wp\/v2\/product"}],"about":[{"href":"https:\/\/magoezequias.com.ar\/tienda\/wp-json\/wp\/v2\/types\/product"}],"replies":[{"embeddable":true,"href":"https:\/\/magoezequias.com.ar\/tienda\/wp-json\/wp\/v2\/comments?post=1709"}],"version-history":[{"count":0,"href":"https:\/\/magoezequias.com.ar\/tienda\/wp-json\/wp\/v2\/product\/1709\/revisions"}],"wp:featuredmedia":[{"embeddable":true,"href":"https:\/\/magoezequias.com.ar\/tienda\/wp-json\/wp\/v2\/media\/1711"}],"wp:attachment":[{"href":"https:\/\/magoezequias.com.ar\/tienda\/wp-json\/wp\/v2\/media?parent=1709"}],"wp:term":[{"taxonomy":"product_brand","embeddable":true,"href":"https:\/\/magoezequias.com.ar\/tienda\/wp-json\/wp\/v2\/product_brand?post=1709"},{"taxonomy":"product_cat","embeddable":true,"href":"https:\/\/magoezequias.com.ar\/tienda\/wp-json\/wp\/v2\/product_cat?post=1709"},{"taxonomy":"product_tag","embeddable":true,"href":"https:\/\/magoezequias.com.ar\/tienda\/wp-json\/wp\/v2\/product_tag?post=1709"}],"curies":[{"name":"wp","href":"https:\/\/api.w.org\/{rel}","templated":true}]}}