{"id":18152,"date":"2025-03-09T18:41:33","date_gmt":"2025-03-09T21:41:33","guid":{"rendered":"https:\/\/magoezequias.com.ar\/tienda\/?post_type=product&#038;p=18152"},"modified":"2026-04-11T16:28:04","modified_gmt":"2026-04-11T19:28:04","slug":"dado-viajero-de-madera","status":"publish","type":"product","link":"https:\/\/magoezequias.com.ar\/tienda\/producto\/dado-viajero-de-madera","title":{"rendered":"Dado Viajero de Madera"},"content":{"rendered":"<p><a href=\"https:\/\/magoezequias.com.ar\/tienda\/wp-content\/uploads\/2025\/03\/dado-viajero-2-pasa.jpeg\"><img fetchpriority=\"high\" decoding=\"async\" class=\"aligncenter wp-image-18154\" src=\"https:\/\/magoezequias.com.ar\/tienda\/wp-content\/uploads\/2025\/03\/dado-viajero-2-pasa.jpeg\" alt=\"\" width=\"392\" height=\"339\" srcset=\"https:\/\/magoezequias.com.ar\/tienda\/wp-content\/uploads\/2025\/03\/dado-viajero-2-pasa.jpeg 803w, https:\/\/magoezequias.com.ar\/tienda\/wp-content\/uploads\/2025\/03\/dado-viajero-2-pasa-300x260.jpeg 300w, https:\/\/magoezequias.com.ar\/tienda\/wp-content\/uploads\/2025\/03\/dado-viajero-2-pasa-768x665.jpeg 768w\" sizes=\"(max-width: 392px) 100vw, 392px\" \/><\/a><\/p>\n<p>El mago muestra un gran dado de madera sobre la mesa, en el otro extremo de escenario coloca su galera vac\u00eda o una bolsa y afirma que lograr\u00e1 que viaje de un lugar a otro.<\/p>\n<p>Coloca el dado debajo de una colorida caja, da un pase m\u00e1gico con su varita y afirma que ya viajo!!!<\/p>\n<p>Todos quieren ver&#8230; y el mago levanta la caja y muestra que el dado no est\u00e1 m\u00e1s&#8230; va hasta la galera y muestra claramente que ya lleg\u00f3 m\u00e1gicamente!!!!<\/p>\n<p>Un efecto ideal para magia infantil, escena o sal\u00f3n.<\/p>\n<p>Muy sencillo y pr\u00e1ctico.<\/p>\n<p>Construido el dado y la caja en madera. El tama\u00f1o es de 11 por 11 cent\u00edmetros.<\/p>\n<p><iframe title=\"YouTube video player\" src=\"https:\/\/www.youtube.com\/embed\/a8i53T1SqCo?si=lCkS-KqnZPWBrquS\" width=\"560\" height=\"315\" frameborder=\"0\" allowfullscreen=\"allowfullscreen\"><\/iframe><\/p>\n<p>&nbsp;<\/p>\n<p>&nbsp;<\/p>\n","protected":false},"excerpt":{"rendered":"<p>Una rutina llena de comedia, ideal para magia infantil o familiar.<\/p>\n","protected":false},"featured_media":18154,"comment_status":"open","ping_status":"closed","template":"","meta":[],"product_brand":[],"product_cat":[319,10,8,9],"product_tag":[384,504,38,24],"class_list":{"0":"post-18152","1":"product","2":"type-product","3":"status-publish","4":"has-post-thumbnail","6":"product_cat-principiantes","7":"product_cat-escena","8":"product_cat-infantil","9":"product_cat-salon","10":"product_tag-dado","11":"product_tag-funda","12":"product_tag-pasa","13":"product_tag-viajero","15":"first","16":"instock","17":"shipping-taxable","18":"purchasable","19":"product-type-simple"},"aioseo_notices":[],"_links":{"self":[{"href":"https:\/\/magoezequias.com.ar\/tienda\/wp-json\/wp\/v2\/product\/18152","targetHints":{"allow":["GET"]}}],"collection":[{"href":"https:\/\/magoezequias.com.ar\/tienda\/wp-json\/wp\/v2\/product"}],"about":[{"href":"https:\/\/magoezequias.com.ar\/tienda\/wp-json\/wp\/v2\/types\/product"}],"replies":[{"embeddable":true,"href":"https:\/\/magoezequias.com.ar\/tienda\/wp-json\/wp\/v2\/comments?post=18152"}],"version-history":[{"count":1,"href":"https:\/\/magoezequias.com.ar\/tienda\/wp-json\/wp\/v2\/product\/18152\/revisions"}],"predecessor-version":[{"id":18155,"href":"https:\/\/magoezequias.com.ar\/tienda\/wp-json\/wp\/v2\/product\/18152\/revisions\/18155"}],"wp:featuredmedia":[{"embeddable":true,"href":"https:\/\/magoezequias.com.ar\/tienda\/wp-json\/wp\/v2\/media\/18154"}],"wp:attachment":[{"href":"https:\/\/magoezequias.com.ar\/tienda\/wp-json\/wp\/v2\/media?parent=18152"}],"wp:term":[{"taxonomy":"product_brand","embeddable":true,"href":"https:\/\/magoezequias.com.ar\/tienda\/wp-json\/wp\/v2\/product_brand?post=18152"},{"taxonomy":"product_cat","embeddable":true,"href":"https:\/\/magoezequias.com.ar\/tienda\/wp-json\/wp\/v2\/product_cat?post=18152"},{"taxonomy":"product_tag","embeddable":true,"href":"https:\/\/magoezequias.com.ar\/tienda\/wp-json\/wp\/v2\/product_tag?post=18152"}],"curies":[{"name":"wp","href":"https:\/\/api.w.org\/{rel}","templated":true}]}}