{"id":18322,"date":"2025-11-06T21:02:36","date_gmt":"2025-11-07T00:02:36","guid":{"rendered":"https:\/\/magoezequias.com.ar\/tienda\/?post_type=product&#038;p=18322"},"modified":"2025-11-06T21:03:17","modified_gmt":"2025-11-07T00:03:17","slug":"frankenstein-magico-jumbo-halloween","status":"publish","type":"product","link":"https:\/\/magoezequias.com.ar\/tienda\/producto\/frankenstein-magico-jumbo-halloween","title":{"rendered":"Frankenstein M\u00e1gico JUMBO \u2013 Halloween"},"content":{"rendered":"<p><a href=\"https:\/\/magoezequias.com.ar\/tienda\/wp-content\/uploads\/2025\/11\/Frankenstein-Magico-\u2013-Halloween-2-JUMBO.png\"><img fetchpriority=\"high\" decoding=\"async\" class=\"aligncenter wp-image-18332\" src=\"https:\/\/magoezequias.com.ar\/tienda\/wp-content\/uploads\/2025\/11\/Frankenstein-Magico-\u2013-Halloween-2-JUMBO.png\" alt=\"\" width=\"435\" height=\"322\" srcset=\"https:\/\/magoezequias.com.ar\/tienda\/wp-content\/uploads\/2025\/11\/Frankenstein-Magico-\u2013-Halloween-2-JUMBO.png 648w, https:\/\/magoezequias.com.ar\/tienda\/wp-content\/uploads\/2025\/11\/Frankenstein-Magico-\u2013-Halloween-2-JUMBO-300x222.png 300w\" sizes=\"(max-width: 435px) 100vw, 435px\" \/><\/a><\/p>\n<p data-start=\"338\" data-end=\"502\">En tu espect\u00e1culo presentar\u00e1s al famoso\u00a0<strong data-start=\"378\" data-end=\"406\">monstruo de Frankenstein<\/strong>, un personaje de ficci\u00f3n que siempre est\u00e1 metido en travesuras\u2026 El mago lo muestra y lo hace jugar\u2026 pero tanto saltar y corretear \u00a1se le sale la cabeza\u2026 la perdi\u00f3!<\/p>\n<p data-start=\"504\" data-end=\"1127\"><img decoding=\"async\" class=\"emoji\" role=\"img\" draggable=\"false\" src=\"https:\/\/s.w.org\/images\/core\/emoji\/15.0.3\/svg\/1f449.svg\" alt=\"\ud83d\udc49\" \/>\u00a0El mago relata la historia y muestra c\u00f3mo la cabeza termina en sus manos.<br data-start=\"580\" data-end=\"583\" \/><img decoding=\"async\" class=\"emoji\" role=\"img\" draggable=\"false\" src=\"https:\/\/s.w.org\/images\/core\/emoji\/15.0.3\/svg\/1f449.svg\" alt=\"\ud83d\udc49\" \/> Luego dice que la va a hacer desaparecer dentro de un castillo embrujado. Coloca la cabeza dentro y comienzan situaciones de comedia donde la cabeza parece desaparecer\u2026 pero regresa. Se asoma por un lado y otro del castillo&#8230;. Finalmente el mago abre la puerta y muestra que la cabeza de Frankenstein desapareci\u00f3.<br data-start=\"704\" data-end=\"707\" \/><img decoding=\"async\" class=\"emoji\" role=\"img\" draggable=\"false\" src=\"https:\/\/s.w.org\/images\/core\/emoji\/15.0.3\/svg\/1f449.svg\" alt=\"\ud83d\udc49\" \/> Desesperado, el mago cubre al monstruo con un pa\u00f1uelo y, en un momento de tensi\u00f3n y misterio, <strong>la cabeza comienza a levantarse lentamente<\/strong>\u2026 algo que los ni\u00f1os ven claramente, pero el mago no.<br data-start=\"903\" data-end=\"906\" \/><img decoding=\"async\" class=\"emoji\" role=\"img\" draggable=\"false\" src=\"https:\/\/s.w.org\/images\/core\/emoji\/15.0.3\/svg\/1f449.svg\" alt=\"\ud83d\udc49\" \/>\u00a0Esta situaci\u00f3n de comedia y sorpresa se repite de distintas formas, con las risas del p\u00fablico creciendo cada vez m\u00e1s al ver el pa\u00f1uelo que se levanta!!!!!.<br data-start=\"1026\" data-end=\"1029\" \/><img decoding=\"async\" class=\"emoji\" role=\"img\" draggable=\"false\" src=\"https:\/\/s.w.org\/images\/core\/emoji\/15.0.3\/svg\/1f449.svg\" alt=\"\ud83d\udc49\" \/>\u00a0Finalmente, al retirar el pa\u00f1uelo\u2026 \u00a1Frankenstein ya recuper\u00f3 su cabeza para seguir asustando!<\/p>\n<p style=\"text-align: center;\" data-start=\"504\" data-end=\"1127\"><a href=\"https:\/\/magoezequias.com.ar\/tienda\/wp-content\/uploads\/2025\/11\/Frankenstein-Magico-\u2013-Halloween-JUMBO.jpeg\"><img decoding=\"async\" class=\"aligncenter wp-image-18323\" src=\"https:\/\/magoezequias.com.ar\/tienda\/wp-content\/uploads\/2025\/11\/Frankenstein-Magico-\u2013-Halloween-JUMBO.jpeg\" alt=\"\" width=\"434\" height=\"436\" srcset=\"https:\/\/magoezequias.com.ar\/tienda\/wp-content\/uploads\/2025\/11\/Frankenstein-Magico-\u2013-Halloween-JUMBO.jpeg 1115w, https:\/\/magoezequias.com.ar\/tienda\/wp-content\/uploads\/2025\/11\/Frankenstein-Magico-\u2013-Halloween-JUMBO-300x301.jpeg 300w, https:\/\/magoezequias.com.ar\/tienda\/wp-content\/uploads\/2025\/11\/Frankenstein-Magico-\u2013-Halloween-JUMBO-1020x1024.jpeg 1020w, https:\/\/magoezequias.com.ar\/tienda\/wp-content\/uploads\/2025\/11\/Frankenstein-Magico-\u2013-Halloween-JUMBO-768x771.jpeg 768w, https:\/\/magoezequias.com.ar\/tienda\/wp-content\/uploads\/2025\/11\/Frankenstein-Magico-\u2013-Halloween-JUMBO-150x150.jpeg 150w, https:\/\/magoezequias.com.ar\/tienda\/wp-content\/uploads\/2025\/11\/Frankenstein-Magico-\u2013-Halloween-JUMBO-100x100.jpeg 100w\" sizes=\"(max-width: 434px) 100vw, 434px\" \/><\/a><\/p>\n<h3 data-start=\"1129\" data-end=\"1163\"><img decoding=\"async\" class=\"emoji\" role=\"img\" draggable=\"false\" src=\"https:\/\/s.w.org\/images\/core\/emoji\/15.0.3\/svg\/1f3ad.svg\" alt=\"\ud83c\udfad\" \/>\u00a0Caracter\u00edsticas del juego<\/h3>\n<ul data-start=\"1164\" data-end=\"1370\">\n<li data-start=\"1164\" data-end=\"1204\">\n<p data-start=\"1166\" data-end=\"1204\"><img decoding=\"async\" class=\"emoji\" role=\"img\" draggable=\"false\" src=\"https:\/\/s.w.org\/images\/core\/emoji\/15.0.3\/svg\/2705.svg\" alt=\"\u2705\" \/>\u00a0Rutina muy c\u00f3mica y participativa.<\/p>\n<\/li>\n<li data-start=\"1205\" data-end=\"1247\">\n<p data-start=\"1207\" data-end=\"1247\"><img decoding=\"async\" class=\"emoji\" role=\"img\" draggable=\"false\" src=\"https:\/\/s.w.org\/images\/core\/emoji\/15.0.3\/svg\/2705.svg\" alt=\"\u2705\" \/>\u00a0S\u00faper visual para sal\u00f3n y escenario.<\/p>\n<\/li>\n<li data-start=\"1248\" data-end=\"1292\">\n<p data-start=\"1250\" data-end=\"1292\"><img decoding=\"async\" class=\"emoji\" role=\"img\" draggable=\"false\" src=\"https:\/\/s.w.org\/images\/core\/emoji\/15.0.3\/svg\/2705.svg\" alt=\"\u2705\" \/>\u00a0Muy liviano y pr\u00e1ctico de transportar.<\/p>\n<\/li>\n<li data-start=\"1293\" data-end=\"1323\">\n<p data-start=\"1295\" data-end=\"1323\"><img decoding=\"async\" class=\"emoji\" role=\"img\" draggable=\"false\" src=\"https:\/\/s.w.org\/images\/core\/emoji\/15.0.3\/svg\/2705.svg\" alt=\"\u2705\" \/>\u00a0Construcci\u00f3n resistente.<\/p>\n<\/li>\n<li data-start=\"1324\" data-end=\"1370\">\n<p data-start=\"1326\" data-end=\"1370\"><img decoding=\"async\" class=\"emoji\" role=\"img\" draggable=\"false\" src=\"https:\/\/s.w.org\/images\/core\/emoji\/15.0.3\/svg\/2705.svg\" alt=\"\u2705\" \/> Medidas de Frankenstein: 60 cm de alto x 30 cm de ancho. El casa 30 por 30 cent\u00edmetros.<\/p>\n<\/li>\n<\/ul>\n<p data-start=\"1372\" data-end=\"1510\">Un efecto que combina\u00a0<strong data-start=\"1394\" data-end=\"1437\">terror divertido, humor y participaci\u00f3n<\/strong>, perfecto para shows de Halloween, magia infantil o rutinas teatrales.<\/p>\n<p data-start=\"1372\" data-end=\"1510\"><iframe title=\"YouTube video player\" src=\"https:\/\/www.youtube.com\/embed\/KZYOOl8rnyM?si=y-A2x0JH4bi8yFLk\" width=\"560\" height=\"315\" frameborder=\"0\" allowfullscreen=\"allowfullscreen\"><\/iframe><\/p>\n","protected":false},"excerpt":{"rendered":"<p><img decoding=\"async\" class=\"emoji\" role=\"img\" draggable=\"false\" src=\"https:\/\/s.w.org\/images\/core\/emoji\/15.0.3\/svg\/1f9df.svg\" alt=\"\ud83e\udddf\" \/>Una rutina\u00a0<strong data-start=\"170\" data-end=\"228\">llena de comedia, misterio y participaci\u00f3n del p\u00fablico<\/strong>. S\u00faper visual, liviano, ideal para shows infantiles y presentaciones de Halloween.<\/p>\n","protected":false},"featured_media":18323,"comment_status":"open","ping_status":"closed","template":"","meta":[],"product_brand":[],"product_cat":[60,6,8],"product_tag":[17,664,612,99],"class_list":{"0":"post-18322","1":"product","2":"type-product","3":"status-publish","4":"has-post-thumbnail","6":"product_cat-ezequias-2","7":"product_cat-novedades","8":"product_cat-infantil","9":"product_tag-ezequias","10":"product_tag-frankenstein","11":"product_tag-halloween","12":"product_tag-jumbo","14":"first","15":"instock","16":"shipping-taxable","17":"purchasable","18":"product-type-simple"},"aioseo_notices":[],"_links":{"self":[{"href":"https:\/\/magoezequias.com.ar\/tienda\/wp-json\/wp\/v2\/product\/18322","targetHints":{"allow":["GET"]}}],"collection":[{"href":"https:\/\/magoezequias.com.ar\/tienda\/wp-json\/wp\/v2\/product"}],"about":[{"href":"https:\/\/magoezequias.com.ar\/tienda\/wp-json\/wp\/v2\/types\/product"}],"replies":[{"embeddable":true,"href":"https:\/\/magoezequias.com.ar\/tienda\/wp-json\/wp\/v2\/comments?post=18322"}],"version-history":[{"count":2,"href":"https:\/\/magoezequias.com.ar\/tienda\/wp-json\/wp\/v2\/product\/18322\/revisions"}],"predecessor-version":[{"id":18334,"href":"https:\/\/magoezequias.com.ar\/tienda\/wp-json\/wp\/v2\/product\/18322\/revisions\/18334"}],"wp:featuredmedia":[{"embeddable":true,"href":"https:\/\/magoezequias.com.ar\/tienda\/wp-json\/wp\/v2\/media\/18323"}],"wp:attachment":[{"href":"https:\/\/magoezequias.com.ar\/tienda\/wp-json\/wp\/v2\/media?parent=18322"}],"wp:term":[{"taxonomy":"product_brand","embeddable":true,"href":"https:\/\/magoezequias.com.ar\/tienda\/wp-json\/wp\/v2\/product_brand?post=18322"},{"taxonomy":"product_cat","embeddable":true,"href":"https:\/\/magoezequias.com.ar\/tienda\/wp-json\/wp\/v2\/product_cat?post=18322"},{"taxonomy":"product_tag","embeddable":true,"href":"https:\/\/magoezequias.com.ar\/tienda\/wp-json\/wp\/v2\/product_tag?post=18322"}],"curies":[{"name":"wp","href":"https:\/\/api.w.org\/{rel}","templated":true}]}}