{"id":18348,"date":"2025-11-28T20:19:55","date_gmt":"2025-11-28T23:19:55","guid":{"rendered":"https:\/\/magoezequias.com.ar\/tienda\/?post_type=product&#038;p=18348"},"modified":"2026-04-11T16:26:18","modified_gmt":"2026-04-11T19:26:18","slug":"papa-noel-mal-hecho","status":"publish","type":"product","link":"https:\/\/magoezequias.com.ar\/tienda\/producto\/papa-noel-mal-hecho","title":{"rendered":"Pap\u00e1 Noel Mal Hecho"},"content":{"rendered":"<p style=\"text-align: center;\"><a href=\"https:\/\/magoezequias.com.ar\/tienda\/wp-content\/uploads\/2025\/11\/papa-noel-mal-hecho-2.jpeg\"><img fetchpriority=\"high\" decoding=\"async\" class=\"aligncenter wp-image-18350\" src=\"https:\/\/magoezequias.com.ar\/tienda\/wp-content\/uploads\/2025\/11\/papa-noel-mal-hecho-2.jpeg\" alt=\"\" width=\"312\" height=\"408\" srcset=\"https:\/\/magoezequias.com.ar\/tienda\/wp-content\/uploads\/2025\/11\/papa-noel-mal-hecho-2.jpeg 918w, https:\/\/magoezequias.com.ar\/tienda\/wp-content\/uploads\/2025\/11\/papa-noel-mal-hecho-2-230x300.jpeg 230w, https:\/\/magoezequias.com.ar\/tienda\/wp-content\/uploads\/2025\/11\/papa-noel-mal-hecho-2-783x1024.jpeg 783w, https:\/\/magoezequias.com.ar\/tienda\/wp-content\/uploads\/2025\/11\/papa-noel-mal-hecho-2-768x1004.jpeg 768w, https:\/\/magoezequias.com.ar\/tienda\/wp-content\/uploads\/2025\/11\/papa-noel-mal-hecho-2-300x392.jpeg 300w\" sizes=\"(max-width: 312px) 100vw, 312px\" \/><\/a><\/p>\n<p style=\"text-align: justify;\">Este efecto es una recreaci\u00f3n de una idea de Fu Manchu, que cuenta con aportes del mago Misterio y Ezequ\u00edas. Una aut\u00e9ntica belleza ya que permite una extensa rutina con magia, comedia, emoci\u00f3n y un final memorable.<\/p>\n<p style=\"text-align: justify;\">El mago cuenta lo que le ocurri\u00f3 una Navidad, cuando un ni\u00f1o eligi\u00f3 entre un mont\u00f3n de juguetes uno que quer\u00eda que le trajera Pap\u00e1 Noel. Su pedido lo escribi\u00f3 en una carta, lo puso en un sobre y lo coloc\u00f3 en la chimenea de la casa.<\/p>\n<p style=\"text-align: justify;\">El mago relata como Pap\u00e1 Noel ingresa por las chimeneas a las viviendas y muestra tres bloques que conforman la imagen completa de Pap\u00e1 Noel. Tambi\u00e9n muestra un tubo decorado con una chimenea para colocar los bloques.<\/p>\n<p style=\"text-align: justify;\">Coloca en la chimenea, por arriba, los 3 bloques en el orden correcto armando la figura y diciendo que Pap\u00e1 Noel ingresa parado, sino se golpea la cabeza. Entonces pone primero las piernas, luego el centro y finalmente la cabeza. Sin embargo, al levantar la chimenea, est\u00e1 desorganizado y \u00a1est\u00e1 la cabeza abajo!<\/p>\n<p style=\"text-align: justify;\">Luego lo intenta nuevamente y la cabeza aparece en el centro!!!! Puedes repetir esto tantas veces como quieras.<\/p>\n<p style=\"text-align: justify;\">Finalmente, retira la cabeza y se le ocurre que para solucionar el problema, a lo mejor Pap\u00e1 Noel tiene que ingresar con la cabeza para abajo&#8230;\u00a0 entonces lo hace, pone la cabeza al rev\u00e9s. Pero la sorpresa es que finalmente Pap\u00e1 Noel est\u00e1 bien en orden, la cabeza est\u00e1 en el lugar correcto&#8230;. pero aparece sin su ropa&#8230; descalzo, perdi\u00f3 todo.<\/p>\n<p style=\"text-align: justify;\">El mago se sorprende y trata de cubrirlo con la chimenea. All\u00ed se da cuenta, que al ingresar cabeza para abajo, se le enganch\u00f3 la ropa y qued\u00f3 dentro de la chimenea. El mago saca finalmente la ropa dentro del tubo&#8230;<\/p>\n<p style=\"text-align: justify;\">Luego recuerda la carta que el ni\u00f1o hab\u00eda dejado en la chimenea con su pedido (supongamos autitos, pude ser cualquier objetos de acuerdo a su presentaci\u00f3n). Al abrirla no hay nada adentro.<\/p>\n<p style=\"text-align: justify;\">El mago sorprendido vuelve a mirar dentro de la chimenea y encuentra una gran bolsa de Pap\u00e1 Noel&#8230; al vaciarla encuentra dentro los autitos!!! los cuales regala al ni\u00f1o.<\/p>\n<p style=\"text-align: center;\"><a href=\"https:\/\/magoezequias.com.ar\/tienda\/wp-content\/uploads\/2025\/11\/papa-noel-mal-hecho.jpeg\"><img decoding=\"async\" class=\"aligncenter wp-image-18349\" src=\"https:\/\/magoezequias.com.ar\/tienda\/wp-content\/uploads\/2025\/11\/papa-noel-mal-hecho.jpeg\" alt=\"\" width=\"270\" height=\"407\" srcset=\"https:\/\/magoezequias.com.ar\/tienda\/wp-content\/uploads\/2025\/11\/papa-noel-mal-hecho.jpeg 796w, https:\/\/magoezequias.com.ar\/tienda\/wp-content\/uploads\/2025\/11\/papa-noel-mal-hecho-199x300.jpeg 199w, https:\/\/magoezequias.com.ar\/tienda\/wp-content\/uploads\/2025\/11\/papa-noel-mal-hecho-679x1024.jpeg 679w, https:\/\/magoezequias.com.ar\/tienda\/wp-content\/uploads\/2025\/11\/papa-noel-mal-hecho-768x1158.jpeg 768w, https:\/\/magoezequias.com.ar\/tienda\/wp-content\/uploads\/2025\/11\/papa-noel-mal-hecho-300x452.jpeg 300w\" sizes=\"(max-width: 270px) 100vw, 270px\" \/><\/a><\/p>\n<p style=\"text-align: justify;\">Usted de acuerdo a la fiesta pude adaptar la presentaci\u00f3n, con distintos juguetitos, golosinas, etc.<\/p>\n<p style=\"text-align: justify;\">Un efecto totalmente construido en madera, autom\u00e1tico y muy f\u00e1cil de ejecutar. Con una grafica muy visual desde lejos, el tama\u00f1o es de 38 cm de altura, 10 de ancho y 5 de profundidad.<\/p>\n<p style=\"text-align: justify;\">Una rutina que se puede presentar en cualquier \u00e9poca del a\u00f1o, ya que durante la charla se hace referencia a un hecho llamativo que ocurri\u00f3 en navidad.<\/p>\n<p>&nbsp;<\/p>\n<p><strong>VIDEO:<\/strong> <a href=\"https:\/\/youtube.com\/shorts\/ND7xtsKIgew?si=uWyIjuSdWmm98hOG\">https:\/\/youtube.com\/shorts\/ND7xtsKIgew?si=uWyIjuSdWmm98hOG<\/a><\/p>\n<p style=\"text-align: justify;\">\n","protected":false},"excerpt":{"rendered":"<p>Una nueva versi\u00f3n con la tem\u00e1tica de pap\u00e1 Noel y un emotivo final!!!<\/p>\n","protected":false},"featured_media":18350,"comment_status":"open","ping_status":"closed","template":"","meta":[],"product_brand":[],"product_cat":[60,8],"product_tag":[17,759,760,401,400],"class_list":{"0":"post-18348","1":"product","2":"type-product","3":"status-publish","4":"has-post-thumbnail","6":"product_cat-ezequias-2","7":"product_cat-infantil","8":"product_tag-ezequias","9":"product_tag-fu","10":"product_tag-manchu","11":"product_tag-noel","12":"product_tag-papa","14":"first","15":"instock","16":"shipping-taxable","17":"purchasable","18":"product-type-simple"},"aioseo_notices":[],"_links":{"self":[{"href":"https:\/\/magoezequias.com.ar\/tienda\/wp-json\/wp\/v2\/product\/18348","targetHints":{"allow":["GET"]}}],"collection":[{"href":"https:\/\/magoezequias.com.ar\/tienda\/wp-json\/wp\/v2\/product"}],"about":[{"href":"https:\/\/magoezequias.com.ar\/tienda\/wp-json\/wp\/v2\/types\/product"}],"replies":[{"embeddable":true,"href":"https:\/\/magoezequias.com.ar\/tienda\/wp-json\/wp\/v2\/comments?post=18348"}],"version-history":[{"count":3,"href":"https:\/\/magoezequias.com.ar\/tienda\/wp-json\/wp\/v2\/product\/18348\/revisions"}],"predecessor-version":[{"id":18353,"href":"https:\/\/magoezequias.com.ar\/tienda\/wp-json\/wp\/v2\/product\/18348\/revisions\/18353"}],"wp:featuredmedia":[{"embeddable":true,"href":"https:\/\/magoezequias.com.ar\/tienda\/wp-json\/wp\/v2\/media\/18350"}],"wp:attachment":[{"href":"https:\/\/magoezequias.com.ar\/tienda\/wp-json\/wp\/v2\/media?parent=18348"}],"wp:term":[{"taxonomy":"product_brand","embeddable":true,"href":"https:\/\/magoezequias.com.ar\/tienda\/wp-json\/wp\/v2\/product_brand?post=18348"},{"taxonomy":"product_cat","embeddable":true,"href":"https:\/\/magoezequias.com.ar\/tienda\/wp-json\/wp\/v2\/product_cat?post=18348"},{"taxonomy":"product_tag","embeddable":true,"href":"https:\/\/magoezequias.com.ar\/tienda\/wp-json\/wp\/v2\/product_tag?post=18348"}],"curies":[{"name":"wp","href":"https:\/\/api.w.org\/{rel}","templated":true}]}}