{"id":18380,"date":"2025-12-01T22:04:13","date_gmt":"2025-12-02T01:04:13","guid":{"rendered":"https:\/\/magoezequias.com.ar\/tienda\/?post_type=product&#038;p=18380"},"modified":"2026-04-11T16:26:54","modified_gmt":"2026-04-11T19:26:54","slug":"pintando-panuelos-papa-noel","status":"publish","type":"product","link":"https:\/\/magoezequias.com.ar\/tienda\/producto\/pintando-panuelos-papa-noel","title":{"rendered":"Pintando Pa\u00f1uelos \u2013 Pap\u00e1 Noel"},"content":{"rendered":"<p style=\"text-align: center;\" data-start=\"318\" data-end=\"481\"><a href=\"https:\/\/magoezequias.com.ar\/tienda\/wp-content\/uploads\/2025\/12\/pintando-panuelos-papa-noel.png\"><img fetchpriority=\"high\" decoding=\"async\" class=\"aligncenter wp-image-18384\" src=\"https:\/\/magoezequias.com.ar\/tienda\/wp-content\/uploads\/2025\/12\/pintando-panuelos-papa-noel.png\" alt=\"\" width=\"484\" height=\"393\" srcset=\"https:\/\/magoezequias.com.ar\/tienda\/wp-content\/uploads\/2025\/12\/pintando-panuelos-papa-noel.png 591w, https:\/\/magoezequias.com.ar\/tienda\/wp-content\/uploads\/2025\/12\/pintando-panuelos-papa-noel-300x244.png 300w\" sizes=\"(max-width: 484px) 100vw, 484px\" \/><\/a><\/p>\n<p data-start=\"318\" data-end=\"481\">El mago muestra una <strong data-start=\"338\" data-end=\"360\">gorra de Pap\u00e1 Noel<\/strong> y, desde su interior, saca un pa\u00f1uelo con un <strong data-start=\"406\" data-end=\"462\">\u00e1rbol de Navidad y Pap\u00e1 Noel\u2026 pero en blanco y negro<\/strong>.<br data-start=\"463\" data-end=\"466\" \/>\ud83d\ude2e \u00a1Sin pintar!<\/p>\n<p data-start=\"483\" data-end=\"648\">Revisa dentro del gorro buscando colores\u2026 pero est\u00e1 completamente <strong data-start=\"549\" data-end=\"558\">vac\u00edo<\/strong>.<br data-start=\"559\" data-end=\"562\" \/>Entonces, saca otro pa\u00f1uelo del malet\u00edn: una <strong data-start=\"607\" data-end=\"644\">paleta de pintor llena de colores<\/strong> \ud83c\udfa8.<\/p>\n<p data-start=\"650\" data-end=\"774\">Todo va adentro del gorro: el pa\u00f1uelo sin pintar y la paleta con colores.<br data-start=\"723\" data-end=\"726\" \/>Los chicos ayudan con sus poderes m\u00e1gicos\u2026 \u2728<\/p>\n<p data-start=\"776\" data-end=\"918\">Y cuando el mago vuelve a sacar el pa\u00f1uelo\u2026<br data-start=\"819\" data-end=\"822\" \/>\ud83c\udf08 <strong data-start=\"825\" data-end=\"871\">\u00a1AHORA EST\u00c1 TOTALMENTE PINTADO Y COLORIDO!<\/strong><br data-start=\"871\" data-end=\"874\" \/>Un final explosivo, visual y muy navide\u00f1o.<\/p>\n<p data-start=\"920\" data-end=\"999\">Para cerrar, el mago muestra nuevamente la <strong data-start=\"963\" data-end=\"978\">gorra vac\u00eda<\/strong>\u2026<br data-start=\"979\" data-end=\"982\" \/>\ud83c\udf85\ud83c\udf81 \u00a1Pura magia!<\/p>\n<p style=\"text-align: center;\" data-start=\"920\" data-end=\"999\"><a href=\"https:\/\/magoezequias.com.ar\/tienda\/wp-content\/uploads\/2025\/12\/pintando-panuelos-papa-noel-2.png\"><img decoding=\"async\" class=\"aligncenter wp-image-18383\" src=\"https:\/\/magoezequias.com.ar\/tienda\/wp-content\/uploads\/2025\/12\/pintando-panuelos-papa-noel-2.png\" alt=\"\" width=\"460\" height=\"356\" srcset=\"https:\/\/magoezequias.com.ar\/tienda\/wp-content\/uploads\/2025\/12\/pintando-panuelos-papa-noel-2.png 620w, https:\/\/magoezequias.com.ar\/tienda\/wp-content\/uploads\/2025\/12\/pintando-panuelos-papa-noel-2-300x232.png 300w\" sizes=\"(max-width: 460px) 100vw, 460px\" \/><\/a><\/p>\n<hr data-start=\"1002\" data-end=\"1005\" \/>\n<h3 data-start=\"1007\" data-end=\"1041\">\ud83d\udd39 Caracter\u00edsticas destacadas:<\/h3>\n<p data-start=\"1042\" data-end=\"1337\">\u2714\ufe0f S\u00faper visual, ideal para grandes distancias<br data-start=\"1088\" data-end=\"1091\" \/>\u2714\ufe0f Rutina divertida, participativa y muy navide\u00f1a<br data-start=\"1140\" data-end=\"1143\" \/>\u2714\ufe0f 2 Pa\u00f1uelos de <strong data-start=\"1158\" data-end=\"1172\">45 x 45 cm<\/strong><br data-start=\"1172\" data-end=\"1175\" \/>\u2714\ufe0f Colores vivos, impresos en excelente calidad<br data-start=\"1222\" data-end=\"1225\" \/>\u2714\ufe0f Lavables y aptos para plancha<br data-start=\"1257\" data-end=\"1260\" \/>\u2714\ufe0f Perfecto para shows en escuelas, teatros, plazas y fiestas de fin de a\u00f1o<\/p>\n<hr data-start=\"1339\" data-end=\"1342\" \/>\n<h3 data-start=\"1344\" data-end=\"1364\">\ud83c\udf81 Usted recibe:<\/h3>\n<p data-start=\"1365\" data-end=\"1583\">\ud83e\uddfb Pa\u00f1uelo <strong data-start=\"1376\" data-end=\"1394\">blanco y negro<\/strong> (\u00e1rbol y Pap\u00e1 Noel)<br data-start=\"1414\" data-end=\"1417\" \/>\ud83e\uddfb Pa\u00f1uelo <strong data-start=\"1428\" data-end=\"1451\">totalmente colorido<\/strong><br data-start=\"1451\" data-end=\"1454\" \/>\ud83e\uddfb Pa\u00f1uelo peque\u00f1o con <strong data-start=\"1477\" data-end=\"1498\">paleta y pinceles<\/strong> \ud83c\udfa8<br data-start=\"1501\" data-end=\"1504\" \/>\ud83c\udf85 <strong data-start=\"1507\" data-end=\"1548\">Gorra\/Sombrero de cambio de Pap\u00e1 Noel<\/strong> (ideal tambi\u00e9n para otros efectos)<\/p>\n<hr data-start=\"1585\" data-end=\"1588\" \/>\n<p data-start=\"1590\" data-end=\"1773\" data-is-last-node=\"\" data-is-only-node=\"\">\ud83c\udf84\u2728 \u00a1Un n\u00famero navide\u00f1o lleno de color, sorpresa y participaci\u00f3n!<\/p>\n<p data-start=\"1590\" data-end=\"1773\" data-is-last-node=\"\" data-is-only-node=\"\"><iframe title=\"YouTube video player\" src=\"https:\/\/www.youtube.com\/embed\/ARR-ShQV1PQ?si=Z9au1k_7oZtL5yzN\" width=\"560\" height=\"315\" frameborder=\"0\" allowfullscreen=\"allowfullscreen\"><\/iframe><\/p>\n","protected":false},"excerpt":{"rendered":"<p>\ud83c\udf85\u2728 <strong data-start=\"168\" data-end=\"204\">\u00a1MAGIA NAVIDE\u00d1A QUE COBRA COLOR!<\/strong> \u2728\ud83c\udf84\u00a0<br data-start=\"208\" data-end=\"211\" \/>Un efecto s\u00faper visual, divertido y perfecto para shows infantiles, familiares y eventos de fin de a\u00f1o.<\/p>\n","protected":false},"featured_media":18383,"comment_status":"open","ping_status":"closed","template":"","meta":[],"product_brand":[],"product_cat":[10,60,8],"product_tag":[261,17,401,768,52,400,769,519],"class_list":{"0":"post-18380","1":"product","2":"type-product","3":"status-publish","4":"has-post-thumbnail","6":"product_cat-escena","7":"product_cat-ezequias-2","8":"product_cat-infantil","9":"product_tag-colores","10":"product_tag-ezequias","11":"product_tag-noel","12":"product_tag-paleta","13":"product_tag-panuelo","14":"product_tag-papa","15":"product_tag-pincel","16":"product_tag-pintando","18":"first","19":"instock","20":"shipping-taxable","21":"purchasable","22":"product-type-simple"},"aioseo_notices":[],"_links":{"self":[{"href":"https:\/\/magoezequias.com.ar\/tienda\/wp-json\/wp\/v2\/product\/18380","targetHints":{"allow":["GET"]}}],"collection":[{"href":"https:\/\/magoezequias.com.ar\/tienda\/wp-json\/wp\/v2\/product"}],"about":[{"href":"https:\/\/magoezequias.com.ar\/tienda\/wp-json\/wp\/v2\/types\/product"}],"replies":[{"embeddable":true,"href":"https:\/\/magoezequias.com.ar\/tienda\/wp-json\/wp\/v2\/comments?post=18380"}],"version-history":[{"count":1,"href":"https:\/\/magoezequias.com.ar\/tienda\/wp-json\/wp\/v2\/product\/18380\/revisions"}],"predecessor-version":[{"id":18385,"href":"https:\/\/magoezequias.com.ar\/tienda\/wp-json\/wp\/v2\/product\/18380\/revisions\/18385"}],"wp:featuredmedia":[{"embeddable":true,"href":"https:\/\/magoezequias.com.ar\/tienda\/wp-json\/wp\/v2\/media\/18383"}],"wp:attachment":[{"href":"https:\/\/magoezequias.com.ar\/tienda\/wp-json\/wp\/v2\/media?parent=18380"}],"wp:term":[{"taxonomy":"product_brand","embeddable":true,"href":"https:\/\/magoezequias.com.ar\/tienda\/wp-json\/wp\/v2\/product_brand?post=18380"},{"taxonomy":"product_cat","embeddable":true,"href":"https:\/\/magoezequias.com.ar\/tienda\/wp-json\/wp\/v2\/product_cat?post=18380"},{"taxonomy":"product_tag","embeddable":true,"href":"https:\/\/magoezequias.com.ar\/tienda\/wp-json\/wp\/v2\/product_tag?post=18380"}],"curies":[{"name":"wp","href":"https:\/\/api.w.org\/{rel}","templated":true}]}}