{"id":186,"date":"2014-11-11T23:53:58","date_gmt":"2014-11-11T23:53:58","guid":{"rendered":"https:\/\/magoezequias.com.ar\/tienda\/?post_type=product&#038;p=186"},"modified":"2024-07-08T11:25:12","modified_gmt":"2024-07-08T11:25:12","slug":"boon-writer-lapiz-2-mm","status":"publish","type":"product","link":"https:\/\/magoezequias.com.ar\/tienda\/producto\/boon-writer-lapiz-2-mm","title":{"rendered":"Boon Writer (L\u00e1piz 2 mm.)"},"content":{"rendered":"<p><a href=\"https:\/\/magoezequias.com.ar\/tienda\/wp-content\/uploads\/2014\/11\/thumb_tip_writer_2_mm2.jpg\"><img fetchpriority=\"high\" decoding=\"async\" class=\"alignnone size-full wp-image-184\" src=\"https:\/\/magoezequias.com.ar\/tienda\/wp-content\/uploads\/2014\/11\/thumb_tip_writer_2_mm2.jpg\" alt=\"thumb_tip_writer_2_mm2\" width=\"280\" height=\"226\" \/><\/a><\/p>\n<p>Con este accesorio usted podr\u00e1 adivinar el a\u00f1o de nacimiento de un espectador, el n\u00famero en que est\u00e1 pensando, la cantidad de dinero que tiene en su bolsillo, el nombre su primera novia, y mucho m\u00e1s.<\/p>\n<p>&nbsp;<\/p>\n<p>Este maravilloso accesorio color piel se adhiere a la yema de su pulgar haci\u00e9ndolo invisible a la vista de los espectadores, incluso estando a pocos cent\u00edmetros.<\/p>\n<p>&nbsp;<\/p>\n<p>Con un poco de pr\u00e1ctica usted podr\u00e1 dominar este maravilloso accesorio d\u00e1ndole reputaci\u00f3n de un verdadero mentalista.<\/p>\n","protected":false},"excerpt":{"rendered":"<p>Este es el accesorio m\u00e1s importante de todo mentalista.<\/p>\n","protected":false},"featured_media":184,"comment_status":"open","ping_status":"closed","template":"","meta":[],"product_brand":[],"product_cat":[7,13],"product_tag":[106,105,104],"class_list":{"0":"post-186","1":"product","2":"type-product","3":"status-publish","4":"has-post-thumbnail","6":"product_cat-accesorios","7":"product_cat-mentalismo","8":"product_tag-boon","9":"product_tag-unil","10":"product_tag-writer","12":"first","13":"outofstock","14":"shipping-taxable","15":"purchasable","16":"product-type-simple"},"aioseo_notices":[],"_links":{"self":[{"href":"https:\/\/magoezequias.com.ar\/tienda\/wp-json\/wp\/v2\/product\/186","targetHints":{"allow":["GET"]}}],"collection":[{"href":"https:\/\/magoezequias.com.ar\/tienda\/wp-json\/wp\/v2\/product"}],"about":[{"href":"https:\/\/magoezequias.com.ar\/tienda\/wp-json\/wp\/v2\/types\/product"}],"replies":[{"embeddable":true,"href":"https:\/\/magoezequias.com.ar\/tienda\/wp-json\/wp\/v2\/comments?post=186"}],"version-history":[{"count":0,"href":"https:\/\/magoezequias.com.ar\/tienda\/wp-json\/wp\/v2\/product\/186\/revisions"}],"wp:featuredmedia":[{"embeddable":true,"href":"https:\/\/magoezequias.com.ar\/tienda\/wp-json\/wp\/v2\/media\/184"}],"wp:attachment":[{"href":"https:\/\/magoezequias.com.ar\/tienda\/wp-json\/wp\/v2\/media?parent=186"}],"wp:term":[{"taxonomy":"product_brand","embeddable":true,"href":"https:\/\/magoezequias.com.ar\/tienda\/wp-json\/wp\/v2\/product_brand?post=186"},{"taxonomy":"product_cat","embeddable":true,"href":"https:\/\/magoezequias.com.ar\/tienda\/wp-json\/wp\/v2\/product_cat?post=186"},{"taxonomy":"product_tag","embeddable":true,"href":"https:\/\/magoezequias.com.ar\/tienda\/wp-json\/wp\/v2\/product_tag?post=186"}],"curies":[{"name":"wp","href":"https:\/\/api.w.org\/{rel}","templated":true}]}}