{"id":1894,"date":"2020-10-16T13:11:56","date_gmt":"2020-10-16T13:11:56","guid":{"rendered":"https:\/\/magoezequias.com.ar\/tienda\/?post_type=product&#038;p=1894"},"modified":"2021-02-06T23:53:39","modified_gmt":"2021-02-06T23:53:39","slug":"monte-bob-esponja-jumbo","status":"publish","type":"product","link":"https:\/\/magoezequias.com.ar\/tienda\/producto\/monte-bob-esponja-jumbo","title":{"rendered":"Monte Bob Esponja Jumbo"},"content":{"rendered":"<p style=\"text-align: justify;\"><a href=\"https:\/\/magoezequias.com.ar\/tienda\/wp-content\/uploads\/2020\/10\/monte-bob-esponja.png\"><img fetchpriority=\"high\" decoding=\"async\" class=\"wp-image-1895 aligncenter\" src=\"https:\/\/magoezequias.com.ar\/tienda\/wp-content\/uploads\/2020\/10\/monte-bob-esponja.png\" alt=\"\" width=\"396\" height=\"294\" srcset=\"https:\/\/magoezequias.com.ar\/tienda\/wp-content\/uploads\/2020\/10\/monte-bob-esponja.png 968w, https:\/\/magoezequias.com.ar\/tienda\/wp-content\/uploads\/2020\/10\/monte-bob-esponja-300x223.png 300w, https:\/\/magoezequias.com.ar\/tienda\/wp-content\/uploads\/2020\/10\/monte-bob-esponja-768x570.png 768w\" sizes=\"(max-width: 396px) 100vw, 396px\" \/><\/a><\/p>\n<p style=\"text-align: justify;\">El mago muestra 3 cartas jumbo, 3 con la imagen de galeras y una con Bob Esponja, a su ves muestra un sobre con una ventana donde dentro coloca la imagen de una de las galeras, el cual queda siempre a la vista.<\/p>\n<p style=\"text-align: justify;\">La idea es que nuestros espectadores adivinen donde escondemos al travieso Bob Esponja.<\/p>\n<p style=\"text-align: justify;\">Se pone de dorso Bob y se entremezcla con las galeras, pero el mago da vuelta otra galera y all\u00ed es m\u00e1s dif\u00edcil. Se le pide a un espectador que diga donde cree que est\u00e1 Bob. El espectador falla y se muestra la cara de esa carta.<\/p>\n<p style=\"text-align: justify;\">Para hacerlo m\u00e1s f\u00e1cil el mago saca una galera y ahora quedan dos cartas, se pone de dorso, se mezclan y se pide que elija nuevamente\u2026 pero nuevamente no acierta ya que es otra galera, la cual se retira tambi\u00e9n.<\/p>\n<p style=\"text-align: justify;\">Solo queda una carta de dorso que tiene que ser Bob Esponja, \u00a0imposible que el p\u00fablico falle, pero el mago mezcla, da a elegir\u2026 y nuevamente falla el espectador. Al mostrar la cara es otra galera.<\/p>\n<p style=\"text-align: justify;\">La pregunta es donde est\u00e1 Bob Esponja?<\/p>\n<p style=\"text-align: justify;\">El mago muestra el sobre donde al principio coloc\u00f3 una galera y que estuvo siempre a la vita, ahora m\u00e1gicamente desde all\u00ed retira a Bob Esponja!!!<\/p>\n<p style=\"text-align: justify;\"><a href=\"https:\/\/magoezequias.com.ar\/tienda\/wp-content\/uploads\/2020\/10\/monte-bob-esponja-2.png\"><img decoding=\"async\" class=\"aligncenter wp-image-1896\" src=\"https:\/\/magoezequias.com.ar\/tienda\/wp-content\/uploads\/2020\/10\/monte-bob-esponja-2.png\" alt=\"ezequias bob esponja \" width=\"478\" height=\"324\" srcset=\"https:\/\/magoezequias.com.ar\/tienda\/wp-content\/uploads\/2020\/10\/monte-bob-esponja-2.png 1064w, https:\/\/magoezequias.com.ar\/tienda\/wp-content\/uploads\/2020\/10\/monte-bob-esponja-2-300x203.png 300w, https:\/\/magoezequias.com.ar\/tienda\/wp-content\/uploads\/2020\/10\/monte-bob-esponja-2-1024x693.png 1024w, https:\/\/magoezequias.com.ar\/tienda\/wp-content\/uploads\/2020\/10\/monte-bob-esponja-2-768x520.png 768w\" sizes=\"(max-width: 478px) 100vw, 478px\" \/><\/a><\/p>\n<p style=\"text-align: justify;\">Una rutina que genera mucha comedia, magia, participaci\u00f3n y diversi\u00f3n. Muy f\u00e1cil de realizar, solamente se necesita una t\u00e9cnica explicada en el video. Cartas de tama\u00f1o jumbo para ser vistas a grandes distancias.<\/p>\n<p style=\"text-align: justify;\">Una rutina ideal para todo tipo de p\u00fablico, que ocupa muy poco lugar para transportar y rinde mucho en escena.<\/p>\n<p style=\"text-align: justify;\">Usted recibe las cartas especiales laminadas, el sobre y un video explicativo.<\/p>\n<p><iframe src=\"https:\/\/www.youtube.com\/embed\/V-ejCSKWrXM\" width=\"560\" height=\"315\" frameborder=\"0\" allowfullscreen=\"allowfullscreen\"><\/iframe><\/p>\n","protected":false},"excerpt":{"rendered":"<p>Magia, humor y participaci\u00f3n\u2026. una rutina muy visual.<\/p>\n","protected":false},"featured_media":1895,"comment_status":"open","ping_status":"closed","template":"","meta":[],"product_brand":[],"product_cat":[60,8,319,9],"product_tag":[],"class_list":{"0":"post-1894","1":"product","2":"type-product","3":"status-publish","4":"has-post-thumbnail","6":"product_cat-ezequias-2","7":"product_cat-infantil","8":"product_cat-principiantes","9":"product_cat-salon","11":"first","12":"instock","13":"shipping-taxable","14":"purchasable","15":"product-type-simple"},"aioseo_notices":[],"_links":{"self":[{"href":"https:\/\/magoezequias.com.ar\/tienda\/wp-json\/wp\/v2\/product\/1894","targetHints":{"allow":["GET"]}}],"collection":[{"href":"https:\/\/magoezequias.com.ar\/tienda\/wp-json\/wp\/v2\/product"}],"about":[{"href":"https:\/\/magoezequias.com.ar\/tienda\/wp-json\/wp\/v2\/types\/product"}],"replies":[{"embeddable":true,"href":"https:\/\/magoezequias.com.ar\/tienda\/wp-json\/wp\/v2\/comments?post=1894"}],"version-history":[{"count":0,"href":"https:\/\/magoezequias.com.ar\/tienda\/wp-json\/wp\/v2\/product\/1894\/revisions"}],"wp:featuredmedia":[{"embeddable":true,"href":"https:\/\/magoezequias.com.ar\/tienda\/wp-json\/wp\/v2\/media\/1895"}],"wp:attachment":[{"href":"https:\/\/magoezequias.com.ar\/tienda\/wp-json\/wp\/v2\/media?parent=1894"}],"wp:term":[{"taxonomy":"product_brand","embeddable":true,"href":"https:\/\/magoezequias.com.ar\/tienda\/wp-json\/wp\/v2\/product_brand?post=1894"},{"taxonomy":"product_cat","embeddable":true,"href":"https:\/\/magoezequias.com.ar\/tienda\/wp-json\/wp\/v2\/product_cat?post=1894"},{"taxonomy":"product_tag","embeddable":true,"href":"https:\/\/magoezequias.com.ar\/tienda\/wp-json\/wp\/v2\/product_tag?post=1894"}],"curies":[{"name":"wp","href":"https:\/\/api.w.org\/{rel}","templated":true}]}}