{"id":1972,"date":"2020-12-22T19:10:36","date_gmt":"2020-12-22T19:10:36","guid":{"rendered":"https:\/\/magoezequias.com.ar\/tienda\/?post_type=product&#038;p=1972"},"modified":"2024-06-28T11:55:19","modified_gmt":"2024-06-28T11:55:19","slug":"bolas-milagro-jumbo-semaforo","status":"publish","type":"product","link":"https:\/\/magoezequias.com.ar\/tienda\/producto\/bolas-milagro-jumbo-semaforo","title":{"rendered":"Bolas milagro Jumbo \u2013 Sem\u00e1foro"},"content":{"rendered":"<p style=\"text-align: justify;\"><a href=\"https:\/\/magoezequias.com.ar\/tienda\/wp-content\/uploads\/2020\/12\/bolas-milagro-2.jpeg\"><img fetchpriority=\"high\" decoding=\"async\" class=\"aligncenter wp-image-1973\" src=\"https:\/\/magoezequias.com.ar\/tienda\/wp-content\/uploads\/2020\/12\/bolas-milagro-2.jpeg\" alt=\"\" width=\"503\" height=\"302\" srcset=\"https:\/\/magoezequias.com.ar\/tienda\/wp-content\/uploads\/2020\/12\/bolas-milagro-2.jpeg 955w, https:\/\/magoezequias.com.ar\/tienda\/wp-content\/uploads\/2020\/12\/bolas-milagro-2-300x180.jpeg 300w, https:\/\/magoezequias.com.ar\/tienda\/wp-content\/uploads\/2020\/12\/bolas-milagro-2-768x460.jpeg 768w\" sizes=\"(max-width: 503px) 100vw, 503px\" \/><\/a><\/p>\n<p style=\"text-align: justify;\">Ezequ\u00edas redise\u00f1o este truco de magia de sal\u00f3n o escenario, para que sea mucho m\u00e1s sencillo de presentar y transportar.<\/p>\n<p style=\"text-align: justify;\">El mago muestre el tubo que representa un sem\u00e1foro, con sus tres colores, en un dise\u00f1o de colores brillantes. Una base con un tubo de pl\u00e1stico transparente instalado y tres bolas de diferentes colores, roja, verde y amarilla.<\/p>\n<p style=\"text-align: justify;\">Muy claramente se cubre el tubo transparente con el tubo decorado, Se van colocando las bolas en el mismo orden que la decoraci\u00f3n del tubo, primero la verde, ya que en la decoraci\u00f3n del tubo es la \u00faltima bola, ver foto, luego la amarilla y finalmente la roja.<\/p>\n<p style=\"text-align: justify;\">Queda muy claro que las bolas tienen que estar en el mismo orden que la decoraci\u00f3n del tubo\u2026 pero la bola roja parece ser que es muy traviesa\u2026ya que al levantar el tubo m\u00e1gicamente la bola roja ha cambiado de posici\u00f3n, en vez de estar la primera por arriba como es l\u00f3gico, est\u00e1 en el fondo.<\/p>\n<p style=\"text-align: justify;\">De nuevo se repite lo mismo pero la bola roja de nuevo cambia de posici\u00f3n incomprensiblemente.<\/p>\n<p style=\"text-align: justify;\">\u00a1Las bolas cambian de orden de un lado a otro, cuando est\u00e1n cubiertas!\u00a0<span style=\"font-style: inherit;\">Esto es repetido m\u00faltiples veces,\u00a0<\/span>siempre la bola roja cambia de lugar.<\/p>\n<p style=\"text-align: justify;\">Para el final del efecto el mago un poco enfadado con la bola roja la\u00a0<span style=\"font-style: inherit;\">hace desaparecer coloc\u00e1ndola en un pa\u00f1uelo, una bolsa o simplemente la guarda\u2026 pero m\u00e1gicamente nuevamente aparece en el tubo!!!<\/span><\/p>\n<p style=\"text-align: justify;\"><a href=\"https:\/\/magoezequias.com.ar\/tienda\/wp-content\/uploads\/2020\/12\/bolas-milagro.jpeg\"><img decoding=\"async\" class=\"aligncenter wp-image-1975\" src=\"https:\/\/magoezequias.com.ar\/tienda\/wp-content\/uploads\/2020\/12\/bolas-milagro.jpeg\" alt=\"\" width=\"509\" height=\"278\" srcset=\"https:\/\/magoezequias.com.ar\/tienda\/wp-content\/uploads\/2020\/12\/bolas-milagro.jpeg 1280w, https:\/\/magoezequias.com.ar\/tienda\/wp-content\/uploads\/2020\/12\/bolas-milagro-300x164.jpeg 300w, https:\/\/magoezequias.com.ar\/tienda\/wp-content\/uploads\/2020\/12\/bolas-milagro-1024x560.jpeg 1024w, https:\/\/magoezequias.com.ar\/tienda\/wp-content\/uploads\/2020\/12\/bolas-milagro-768x420.jpeg 768w\" sizes=\"(max-width: 509px) 100vw, 509px\" \/><\/a><\/p>\n<p style=\"text-align: justify;\">Construido con todos los detalles para un profesional.<\/p>\n<p style=\"text-align: justify;\">Es ideal para escenario ya que mide 35 cm de alto por 9 cm de acho.<\/p>\n<p style=\"text-align: justify;\">Las Bolas son pl\u00e1sticas de 8 cm de di\u00e1metro.<\/p>\n<p style=\"text-align: justify;\">Todo construido en pl\u00e1stico y PVC.<\/p>\n<p style=\"text-align: justify;\">Se desarma completamente para que no ocupe lugar al transportar.<\/p>\n<p style=\"text-align: justify;\">Se arma y monta en 20 segundos.<\/p>\n<p style=\"text-align: justify;\">Usted recibe los tubos, las bolas necesarias y claras instrucciones en castellano.<\/p>\n<p style=\"text-align: justify;\">Para la desaparici\u00f3n de la \u00faltima bola usted deber\u00e1 usar sus propios elementos (bolsa de cambio, pa\u00f1uelo del diablo, etc) o simplemente guardarla.<\/p>\n<p style=\"text-align: justify;\">Ezequ\u00edas redise\u00f1o este truco de magia de sal\u00f3n o escenario, para que sea mucho m\u00e1s sencillo de presentar y transportar.<\/p>\n<p style=\"text-align: justify;\">Recuerde que la bola de la parte superior, salta a la parte inferior y as\u00ed sucesivamente. Desaparece esta pelota y todav\u00eda aparece en medio de las otras bolas en el tubo. Usted podr\u00e1 crear las distintas fases que desee en la rutina.<\/p>\n<p><iframe src=\"https:\/\/www.youtube.com\/embed\/BLbXQtGfE4E\" width=\"560\" height=\"315\" frameborder=\"0\" allowfullscreen=\"allowfullscreen\"><\/iframe><\/p>\n","protected":false},"excerpt":{"rendered":"<p>Un cl\u00e1sico de sal\u00f3n que combina misterio, participaci\u00f3n del p\u00fablico, comedia y magia.<\/p>\n","protected":false},"featured_media":1973,"comment_status":"open","ping_status":"closed","template":"","meta":[],"product_brand":[],"product_cat":[10,60,8,9],"product_tag":[69,406,363],"class_list":{"0":"post-1972","1":"product","2":"type-product","3":"status-publish","4":"has-post-thumbnail","6":"product_cat-escena","7":"product_cat-ezequias-2","8":"product_cat-infantil","9":"product_cat-salon","10":"product_tag-bola","11":"product_tag-milagro","12":"product_tag-semaforo","14":"first","15":"instock","16":"shipping-taxable","17":"purchasable","18":"product-type-simple"},"aioseo_notices":[],"_links":{"self":[{"href":"https:\/\/magoezequias.com.ar\/tienda\/wp-json\/wp\/v2\/product\/1972","targetHints":{"allow":["GET"]}}],"collection":[{"href":"https:\/\/magoezequias.com.ar\/tienda\/wp-json\/wp\/v2\/product"}],"about":[{"href":"https:\/\/magoezequias.com.ar\/tienda\/wp-json\/wp\/v2\/types\/product"}],"replies":[{"embeddable":true,"href":"https:\/\/magoezequias.com.ar\/tienda\/wp-json\/wp\/v2\/comments?post=1972"}],"version-history":[{"count":0,"href":"https:\/\/magoezequias.com.ar\/tienda\/wp-json\/wp\/v2\/product\/1972\/revisions"}],"wp:featuredmedia":[{"embeddable":true,"href":"https:\/\/magoezequias.com.ar\/tienda\/wp-json\/wp\/v2\/media\/1973"}],"wp:attachment":[{"href":"https:\/\/magoezequias.com.ar\/tienda\/wp-json\/wp\/v2\/media?parent=1972"}],"wp:term":[{"taxonomy":"product_brand","embeddable":true,"href":"https:\/\/magoezequias.com.ar\/tienda\/wp-json\/wp\/v2\/product_brand?post=1972"},{"taxonomy":"product_cat","embeddable":true,"href":"https:\/\/magoezequias.com.ar\/tienda\/wp-json\/wp\/v2\/product_cat?post=1972"},{"taxonomy":"product_tag","embeddable":true,"href":"https:\/\/magoezequias.com.ar\/tienda\/wp-json\/wp\/v2\/product_tag?post=1972"}],"curies":[{"name":"wp","href":"https:\/\/api.w.org\/{rel}","templated":true}]}}