{"id":210,"date":"2014-11-12T23:00:10","date_gmt":"2014-11-12T23:00:10","guid":{"rendered":"https:\/\/magoezequias.com.ar\/tienda\/?post_type=product&#038;p=210"},"modified":"2019-11-20T02:50:42","modified_gmt":"2019-11-20T02:50:42","slug":"plata-y-cobre-nacional","status":"publish","type":"product","link":"https:\/\/magoezequias.com.ar\/tienda\/producto\/plata-y-cobre-nacional","title":{"rendered":"Plata y cobre Nacional"},"content":{"rendered":"<p><a href=\"https:\/\/magoezequias.com.ar\/tienda\/wp-content\/uploads\/2014\/11\/moneda_plata_cobre.jpg\"><img fetchpriority=\"high\" decoding=\"async\" class=\"alignnone size-full wp-image-211\" src=\"https:\/\/magoezequias.com.ar\/tienda\/wp-content\/uploads\/2014\/11\/moneda_plata_cobre.jpg\" alt=\"moneda_plata_cobre\" width=\"442\" height=\"336\" srcset=\"https:\/\/magoezequias.com.ar\/tienda\/wp-content\/uploads\/2014\/11\/moneda_plata_cobre.jpg 442w, https:\/\/magoezequias.com.ar\/tienda\/wp-content\/uploads\/2014\/11\/moneda_plata_cobre-300x228.jpg 300w\" sizes=\"(max-width: 442px) 100vw, 442px\" \/><\/a><\/p>\n<p>Se muestran dos monedas, una de plata y una de cobre, se colocan ambas monedas debajo de un pa\u00f1uelo, se retire la moneda de plata y se coloca sobre el pa\u00f1uelo, se levanta levemente el pa\u00f1uelo para ense\u00f1ar que debajo esta la moneda de cobre, pero incre\u00edblemente all\u00ed estar\u00e1 la de plata, y al mirar arriba del pa\u00f1uelo estar\u00e1 ahora la de cobre.<\/p>\n<p>El efecto se puede repetir cuantas veces quiera y al finalizar todo se entrega para ser examinado.<\/p>\n<p>&nbsp;<\/p>\n<p>&nbsp;<\/p>\n","protected":false},"excerpt":{"rendered":"<p>Un efecto para llevar siempre encima, muy f\u00e1cil de realizar.<\/p>\n","protected":false},"featured_media":211,"comment_status":"open","ping_status":"closed","template":"","meta":[],"product_brand":[],"product_cat":[7,11],"product_tag":[119,97,120],"class_list":{"0":"post-210","1":"product","2":"type-product","3":"status-publish","4":"has-post-thumbnail","6":"product_cat-accesorios","7":"product_cat-close-up","8":"product_tag-cobre","9":"product_tag-moneda","10":"product_tag-plata","12":"first","13":"outofstock","14":"shipping-taxable","15":"purchasable","16":"product-type-simple"},"aioseo_notices":[],"_links":{"self":[{"href":"https:\/\/magoezequias.com.ar\/tienda\/wp-json\/wp\/v2\/product\/210","targetHints":{"allow":["GET"]}}],"collection":[{"href":"https:\/\/magoezequias.com.ar\/tienda\/wp-json\/wp\/v2\/product"}],"about":[{"href":"https:\/\/magoezequias.com.ar\/tienda\/wp-json\/wp\/v2\/types\/product"}],"replies":[{"embeddable":true,"href":"https:\/\/magoezequias.com.ar\/tienda\/wp-json\/wp\/v2\/comments?post=210"}],"version-history":[{"count":0,"href":"https:\/\/magoezequias.com.ar\/tienda\/wp-json\/wp\/v2\/product\/210\/revisions"}],"wp:featuredmedia":[{"embeddable":true,"href":"https:\/\/magoezequias.com.ar\/tienda\/wp-json\/wp\/v2\/media\/211"}],"wp:attachment":[{"href":"https:\/\/magoezequias.com.ar\/tienda\/wp-json\/wp\/v2\/media?parent=210"}],"wp:term":[{"taxonomy":"product_brand","embeddable":true,"href":"https:\/\/magoezequias.com.ar\/tienda\/wp-json\/wp\/v2\/product_brand?post=210"},{"taxonomy":"product_cat","embeddable":true,"href":"https:\/\/magoezequias.com.ar\/tienda\/wp-json\/wp\/v2\/product_cat?post=210"},{"taxonomy":"product_tag","embeddable":true,"href":"https:\/\/magoezequias.com.ar\/tienda\/wp-json\/wp\/v2\/product_tag?post=210"}],"curies":[{"name":"wp","href":"https:\/\/api.w.org\/{rel}","templated":true}]}}