{"id":219,"date":"2014-11-13T20:37:08","date_gmt":"2014-11-13T20:37:08","guid":{"rendered":"https:\/\/magoezequias.com.ar\/tienda\/?post_type=product&#038;p=219"},"modified":"2019-11-20T02:49:59","modified_gmt":"2019-11-20T02:49:59","slug":"teatro-magico-de-sombras-dvd","status":"publish","type":"product","link":"https:\/\/magoezequias.com.ar\/tienda\/producto\/teatro-magico-de-sombras-dvd","title":{"rendered":"Teatro M\u00e1gico de Sombras &#8211; DVD"},"content":{"rendered":"<p><a href=\"https:\/\/magoezequias.com.ar\/tienda\/wp-content\/uploads\/2014\/11\/marcius_sombras.jpg\"><img fetchpriority=\"high\" decoding=\"async\" class=\"alignnone size-full wp-image-220\" src=\"https:\/\/magoezequias.com.ar\/tienda\/wp-content\/uploads\/2014\/11\/marcius_sombras.jpg\" alt=\"marcius_sombras\" width=\"384\" height=\"336\" srcset=\"https:\/\/magoezequias.com.ar\/tienda\/wp-content\/uploads\/2014\/11\/marcius_sombras.jpg 384w, https:\/\/magoezequias.com.ar\/tienda\/wp-content\/uploads\/2014\/11\/marcius_sombras-300x262.jpg 300w\" sizes=\"(max-width: 384px) 100vw, 384px\" \/><\/a><\/p>\n<p>&nbsp;<\/p>\n<p>Marcius en este DVD te guiar\u00e1 en tus primeros pasos con las sombras chinescas, donde te ense\u00f1ar\u00e1 unas figuras b\u00e1sicas, te hablar\u00e1 sobre las pantallas, las fuentes de iluminaci\u00f3n, el teatro m\u00e1gico de sombras y adem\u00e1s mostrar\u00e1 el n\u00famero de sombras que comparte con su hijo.<\/p>\n<p>Un DVD muy did\u00e1ctico para adentrarte en el mundo de las sombras y su historia.<\/p>\n<p>El DVD contiene la explicaci\u00f3n de c\u00f3mo realizar distintas figuras: Conejo, elefante, gato, lechuza, paloma, p\u00e1jaro, ciervo, pato, cisne, monitos, ET, caras humanas, sombras con accesorios, etc.<\/p>\n<p><iframe src=\"\/\/www.youtube.com\/embed\/BC2nuwxzSv4?list=UU6vcQ09qndM6eRwI-aN7dPw\" width=\"560\" height=\"315\" frameborder=\"0\" allowfullscreen=\"allowfullscreen\"><\/iframe><\/p>\n","protected":false},"excerpt":{"rendered":"<p>Marcius presenta en este DVD sus conocimientos sobre sombras chin\u00e9scas, un n\u00famero que ha presentado por varios pa\u00edses.<\/p>\n","protected":false},"featured_media":220,"comment_status":"open","ping_status":"closed","template":"","meta":[],"product_brand":[],"product_cat":[8,9,124],"product_tag":[129,127,128],"class_list":{"0":"post-219","1":"product","2":"type-product","3":"status-publish","4":"has-post-thumbnail","6":"product_cat-infantil","7":"product_cat-salon","8":"product_cat-dvd-libros","9":"product_tag-chinescas","10":"product_tag-marcius","11":"product_tag-sobras","13":"first","14":"outofstock","15":"shipping-taxable","16":"purchasable","17":"product-type-simple"},"aioseo_notices":[],"_links":{"self":[{"href":"https:\/\/magoezequias.com.ar\/tienda\/wp-json\/wp\/v2\/product\/219","targetHints":{"allow":["GET"]}}],"collection":[{"href":"https:\/\/magoezequias.com.ar\/tienda\/wp-json\/wp\/v2\/product"}],"about":[{"href":"https:\/\/magoezequias.com.ar\/tienda\/wp-json\/wp\/v2\/types\/product"}],"replies":[{"embeddable":true,"href":"https:\/\/magoezequias.com.ar\/tienda\/wp-json\/wp\/v2\/comments?post=219"}],"version-history":[{"count":0,"href":"https:\/\/magoezequias.com.ar\/tienda\/wp-json\/wp\/v2\/product\/219\/revisions"}],"wp:featuredmedia":[{"embeddable":true,"href":"https:\/\/magoezequias.com.ar\/tienda\/wp-json\/wp\/v2\/media\/220"}],"wp:attachment":[{"href":"https:\/\/magoezequias.com.ar\/tienda\/wp-json\/wp\/v2\/media?parent=219"}],"wp:term":[{"taxonomy":"product_brand","embeddable":true,"href":"https:\/\/magoezequias.com.ar\/tienda\/wp-json\/wp\/v2\/product_brand?post=219"},{"taxonomy":"product_cat","embeddable":true,"href":"https:\/\/magoezequias.com.ar\/tienda\/wp-json\/wp\/v2\/product_cat?post=219"},{"taxonomy":"product_tag","embeddable":true,"href":"https:\/\/magoezequias.com.ar\/tienda\/wp-json\/wp\/v2\/product_tag?post=219"}],"curies":[{"name":"wp","href":"https:\/\/api.w.org\/{rel}","templated":true}]}}