{"id":2214,"date":"2021-06-25T14:27:34","date_gmt":"2021-06-25T14:27:34","guid":{"rendered":"https:\/\/magoezequias.com.ar\/tienda\/?post_type=product&#038;p=2214"},"modified":"2025-04-09T11:17:16","modified_gmt":"2025-04-09T14:17:16","slug":"rabbit-show-2","status":"publish","type":"product","link":"https:\/\/magoezequias.com.ar\/tienda\/producto\/rabbit-show-2","title":{"rendered":"Rabbit Show"},"content":{"rendered":"<p><a href=\"https:\/\/magoezequias.com.ar\/tienda\/wp-content\/uploads\/2017\/12\/DSCN2391.jpg\"><img fetchpriority=\"high\" decoding=\"async\" class=\"aligncenter wp-image-1019\" src=\"https:\/\/magoezequias.com.ar\/tienda\/wp-content\/uploads\/2017\/12\/DSCN2391.jpg\" alt=\"\" width=\"307\" height=\"230\" srcset=\"https:\/\/magoezequias.com.ar\/tienda\/wp-content\/uploads\/2017\/12\/DSCN2391.jpg 448w, https:\/\/magoezequias.com.ar\/tienda\/wp-content\/uploads\/2017\/12\/DSCN2391-300x225.jpg 300w\" sizes=\"(max-width: 307px) 100vw, 307px\" \/><\/a><\/p>\n<p style=\"text-align: justify;\">El mago muestra 3 cartas jumbo, 2 con la imagen de una galera y varita m\u00e1gica, la restante con un conejo.<\/p>\n<p style=\"text-align: justify;\"><a href=\"https:\/\/magoezequias.com.ar\/tienda\/wp-content\/uploads\/2021\/06\/rabbit-show-2.jpeg\"><img decoding=\"async\" class=\"aligncenter wp-image-2216\" src=\"https:\/\/magoezequias.com.ar\/tienda\/wp-content\/uploads\/2021\/06\/rabbit-show-2.jpeg\" alt=\"\" width=\"426\" height=\"265\" srcset=\"https:\/\/magoezequias.com.ar\/tienda\/wp-content\/uploads\/2021\/06\/rabbit-show-2.jpeg 944w, https:\/\/magoezequias.com.ar\/tienda\/wp-content\/uploads\/2021\/06\/rabbit-show-2-300x187.jpeg 300w, https:\/\/magoezequias.com.ar\/tienda\/wp-content\/uploads\/2021\/06\/rabbit-show-2-768x478.jpeg 768w\" sizes=\"(max-width: 426px) 100vw, 426px\" \/><\/a><\/p>\n<p style=\"text-align: justify;\">La idea es que nuestros espectadores adivinen donde esconderemos el conejo.<\/p>\n<p style=\"text-align: justify;\">Se pone de dorso el conejo \u00a0y se entremezcla con las dos galeras, pero el mago da vuelta otra galera y all\u00ed es m\u00e1s dif\u00edcil. Se le pide a un espectador que diga donde cree que est\u00e1 el conejo. El espectador falla y se muestra la cara de esa carta.<\/p>\n<p style=\"text-align: justify;\">Para hacerlo m\u00e1s f\u00e1cil el mago saca una galera y ahora quedan dos cartas, se pone de dorso, se mezclan y se pide que elija nuevamente\u2026 pero nuevamente no acierta ya que es otra galera, la cual se retira tambi\u00e9n.<\/p>\n<p style=\"text-align: justify;\">Solo queda una carta de dorso que tiene que ser el conejo, \u00a0imposible que el p\u00fablico falle, pero el mago mezcla, da a elegir\u2026 y nuevamente falla el espectador. Al mostrar la cara es una galera.<\/p>\n<p style=\"text-align: justify;\">La pregunta es donde est\u00e1 nuestro conejo?<\/p>\n<p style=\"text-align: justify;\">El mago muestra el sobre donde al principio sac\u00f3 las cartas y est\u00e1 sin nada. Se le entrega al espectador un conejo invisible y se le solicita que lo lance al sobre. Ahora m\u00e1gicamente\u00a0 y de una manera totalmente visual nuestro amigo conejo aparece!!!!<\/p>\n<p style=\"text-align: justify;\">Una rutina que genera mucha comedia, magia y diversi\u00f3n, muy f\u00e1cil de realizar, solamente se necesita una t\u00e9cnica explicada en el video. Cartas de tama\u00f1o jumbo para ser vistas a grandes distancias.<\/p>\n<p style=\"text-align: justify;\">Una rutina ideal para shows virtuales o presenciales, para todo tipo de p\u00fablico, que ocupa muy poco lugar para transportar y rinde mucho en escena.<\/p>\n<p style=\"text-align: justify;\">Usted recibe las cartas especiales laminadas, el sobre y un video explicativo.<\/p>\n<p>&nbsp;<\/p>\n<p><iframe title=\"YouTube video player\" src=\"https:\/\/www.youtube.com\/embed\/5J0Kpra0bAk\" width=\"560\" height=\"315\" frameborder=\"0\" allowfullscreen=\"allowfullscreen\"><\/iframe><\/p>\n","protected":false},"excerpt":{"rendered":"<p>Una \u00a0rutina del estilo mosqueta para el p\u00fablico infantil o familiar, generando mucha comedia, magia y diversi\u00f3n; muy f\u00e1cil de realizar.<\/p>\n","protected":false},"featured_media":1019,"comment_status":"open","ping_status":"closed","template":"","meta":[],"product_brand":[],"product_cat":[60,8,9],"product_tag":[186,17,188,219,409],"class_list":{"0":"post-2214","1":"product","2":"type-product","3":"status-publish","4":"has-post-thumbnail","6":"product_cat-ezequias-2","7":"product_cat-infantil","8":"product_cat-salon","9":"product_tag-conejo","10":"product_tag-ezequias","11":"product_tag-galera","12":"product_tag-rabbit","13":"product_tag-show","15":"first","16":"instock","17":"shipping-taxable","18":"purchasable","19":"product-type-simple"},"aioseo_notices":[],"_links":{"self":[{"href":"https:\/\/magoezequias.com.ar\/tienda\/wp-json\/wp\/v2\/product\/2214","targetHints":{"allow":["GET"]}}],"collection":[{"href":"https:\/\/magoezequias.com.ar\/tienda\/wp-json\/wp\/v2\/product"}],"about":[{"href":"https:\/\/magoezequias.com.ar\/tienda\/wp-json\/wp\/v2\/types\/product"}],"replies":[{"embeddable":true,"href":"https:\/\/magoezequias.com.ar\/tienda\/wp-json\/wp\/v2\/comments?post=2214"}],"version-history":[{"count":0,"href":"https:\/\/magoezequias.com.ar\/tienda\/wp-json\/wp\/v2\/product\/2214\/revisions"}],"wp:featuredmedia":[{"embeddable":true,"href":"https:\/\/magoezequias.com.ar\/tienda\/wp-json\/wp\/v2\/media\/1019"}],"wp:attachment":[{"href":"https:\/\/magoezequias.com.ar\/tienda\/wp-json\/wp\/v2\/media?parent=2214"}],"wp:term":[{"taxonomy":"product_brand","embeddable":true,"href":"https:\/\/magoezequias.com.ar\/tienda\/wp-json\/wp\/v2\/product_brand?post=2214"},{"taxonomy":"product_cat","embeddable":true,"href":"https:\/\/magoezequias.com.ar\/tienda\/wp-json\/wp\/v2\/product_cat?post=2214"},{"taxonomy":"product_tag","embeddable":true,"href":"https:\/\/magoezequias.com.ar\/tienda\/wp-json\/wp\/v2\/product_tag?post=2214"}],"curies":[{"name":"wp","href":"https:\/\/api.w.org\/{rel}","templated":true}]}}