{"id":2241,"date":"2021-07-23T00:39:34","date_gmt":"2021-07-23T00:39:34","guid":{"rendered":"https:\/\/magoezequias.com.ar\/tienda\/?post_type=product&#038;p=2241"},"modified":"2022-10-31T22:41:45","modified_gmt":"2022-10-31T22:41:45","slug":"bolsa-con-manchas-payaso","status":"publish","type":"product","link":"https:\/\/magoezequias.com.ar\/tienda\/producto\/bolsa-con-manchas-payaso","title":{"rendered":"Bolsa con Manchas \u2013 Payaso"},"content":{"rendered":"<p><a href=\"https:\/\/magoezequias.com.ar\/tienda\/wp-content\/uploads\/2021\/07\/bolsa-mancha-payaso-2.jpeg\"><img fetchpriority=\"high\" decoding=\"async\" class=\"aligncenter wp-image-2243\" src=\"https:\/\/magoezequias.com.ar\/tienda\/wp-content\/uploads\/2021\/07\/bolsa-mancha-payaso-2.jpeg\" alt=\"\" width=\"372\" height=\"453\" srcset=\"https:\/\/magoezequias.com.ar\/tienda\/wp-content\/uploads\/2021\/07\/bolsa-mancha-payaso-2.jpeg 869w, https:\/\/magoezequias.com.ar\/tienda\/wp-content\/uploads\/2021\/07\/bolsa-mancha-payaso-2-246x300.jpeg 246w, https:\/\/magoezequias.com.ar\/tienda\/wp-content\/uploads\/2021\/07\/bolsa-mancha-payaso-2-839x1024.jpeg 839w, https:\/\/magoezequias.com.ar\/tienda\/wp-content\/uploads\/2021\/07\/bolsa-mancha-payaso-2-768x937.jpeg 768w, https:\/\/magoezequias.com.ar\/tienda\/wp-content\/uploads\/2021\/07\/bolsa-mancha-payaso-2-300x366.jpeg 300w\" sizes=\"(max-width: 372px) 100vw, 372px\" \/><\/a><\/p>\n<p style=\"text-align: justify;\">Se muestra una hermosa bolsa azul, la cual est\u00e1 vac\u00eda y al mostrarla por dentro es de un lado multicolor y del otro negro.<\/p>\n<p style=\"text-align: justify;\">Primero aparecen m\u00e1gicamente dos pa\u00f1uelos, uno negro y el otro multicolor.<\/p>\n<p style=\"text-align: justify;\">Luego cambian de color\u2026 \u00a1el negro ahora es multicolor y el multicolor, negro! Los espectadores se quejan y no est\u00e1n convencidos de que sea algo m\u00e1gico.<\/p>\n<p style=\"text-align: justify;\">El mago dice hag\u00e1moslo otra vez y \u00a1el negro ahora es multicolor y el multicolor, negro! pero nadie se sorprende\u2026<\/p>\n<p style=\"text-align: justify;\">Finalmente el mago dice que para comprobar que est\u00e1n cambiando de color intentar\u00e1 que aparezcan manchas\u2026 \u00a1negro sobre negro, multicolor sobre multicolor!<\/p>\n<p style=\"text-align: justify;\">Luego de las bromas\u2026 dice que mejor ser\u00e1 al rev\u00e9s<\/p>\n<p style=\"text-align: justify;\">Ok, intentemos de nuevo\u2026 \u00a1ahora los puntos negros est\u00e1n en el pa\u00f1uelo multicolor y viceversa! El mago all\u00ed si recibe los aplausos\u2026<\/p>\n<p style=\"text-align: justify;\">Pero dice: \u00a1Esperen\u2026 recuerdan que la bolsa adentro era multicolor y negra! bueno tambi\u00e9n se llen\u00f3 de puntos\u2026\u00a0 Coloca la bolsa al rev\u00e9s y muestra las manchas multicolor.<\/p>\n<p style=\"text-align: justify;\">Creo que faltan m\u00e1s puntos de colores afirma el mago \u00a1Se sorprende al ver en la bolsa muchos colores sobre la cara de un personaje! Y ah\u00ed est\u00e1 un Payaso que saluda a todos los espectadores.<\/p>\n<p style=\"text-align: justify;\"><a href=\"https:\/\/magoezequias.com.ar\/tienda\/wp-content\/uploads\/2021\/07\/bolsa-mancha-payaso-3.jpeg\"><img decoding=\"async\" class=\"aligncenter wp-image-2244\" src=\"https:\/\/magoezequias.com.ar\/tienda\/wp-content\/uploads\/2021\/07\/bolsa-mancha-payaso-3.jpeg\" alt=\"\" width=\"390\" height=\"491\" srcset=\"https:\/\/magoezequias.com.ar\/tienda\/wp-content\/uploads\/2021\/07\/bolsa-mancha-payaso-3.jpeg 960w, https:\/\/magoezequias.com.ar\/tienda\/wp-content\/uploads\/2021\/07\/bolsa-mancha-payaso-3-238x300.jpeg 238w, https:\/\/magoezequias.com.ar\/tienda\/wp-content\/uploads\/2021\/07\/bolsa-mancha-payaso-3-812x1024.jpeg 812w, https:\/\/magoezequias.com.ar\/tienda\/wp-content\/uploads\/2021\/07\/bolsa-mancha-payaso-3-768x968.jpeg 768w, https:\/\/magoezequias.com.ar\/tienda\/wp-content\/uploads\/2021\/07\/bolsa-mancha-payaso-3-300x378.jpeg 300w\" sizes=\"(max-width: 390px) 100vw, 390px\" \/><\/a><\/p>\n<p style=\"text-align: justify;\">Una rutina m\u00e1gica y divertida \u2026 A todos los ni\u00f1os les encantar\u00e1, \u00a1y tambi\u00e9n a los adultos!<\/p>\n<p style=\"text-align: justify;\">Muy visual, ocupa poco lugar y rinde mucho en escena.<\/p>\n<p style=\"text-align: justify;\">Usted puede adaptar las fases y rutina a su estilo.<\/p>\n<p style=\"text-align: justify;\">Recibe la bolsa especialmente dise\u00f1ada, 4 pa\u00f1uelos diferentes y un link en video con una de las rutinas posibles.<\/p>\n<p><iframe title=\"YouTube video player\" src=\"https:\/\/www.youtube.com\/embed\/WMX4l-ZmWm8\" width=\"560\" height=\"315\" frameborder=\"0\" allowfullscreen=\"allowfullscreen\"><\/iframe><\/p>\n","protected":false},"excerpt":{"rendered":"<p>Una rutina m\u00e1gica y divertida \u2026 A todos los ni\u00f1os les encantar\u00e1, \u00a1y tambi\u00e9n a los adultos!<\/p>\n","protected":false},"featured_media":2243,"comment_status":"open","ping_status":"closed","template":"","meta":[],"product_brand":[],"product_cat":[10,60,8,319,9],"product_tag":[192,17,650,31],"class_list":{"0":"post-2241","1":"product","2":"type-product","3":"status-publish","4":"has-post-thumbnail","6":"product_cat-escena","7":"product_cat-ezequias-2","8":"product_cat-infantil","9":"product_cat-principiantes","10":"product_cat-salon","11":"product_tag-bolsa","12":"product_tag-ezequias","13":"product_tag-mancha","14":"product_tag-payaso","16":"first","17":"instock","18":"shipping-taxable","19":"purchasable","20":"product-type-simple"},"aioseo_notices":[],"_links":{"self":[{"href":"https:\/\/magoezequias.com.ar\/tienda\/wp-json\/wp\/v2\/product\/2241","targetHints":{"allow":["GET"]}}],"collection":[{"href":"https:\/\/magoezequias.com.ar\/tienda\/wp-json\/wp\/v2\/product"}],"about":[{"href":"https:\/\/magoezequias.com.ar\/tienda\/wp-json\/wp\/v2\/types\/product"}],"replies":[{"embeddable":true,"href":"https:\/\/magoezequias.com.ar\/tienda\/wp-json\/wp\/v2\/comments?post=2241"}],"version-history":[{"count":0,"href":"https:\/\/magoezequias.com.ar\/tienda\/wp-json\/wp\/v2\/product\/2241\/revisions"}],"wp:featuredmedia":[{"embeddable":true,"href":"https:\/\/magoezequias.com.ar\/tienda\/wp-json\/wp\/v2\/media\/2243"}],"wp:attachment":[{"href":"https:\/\/magoezequias.com.ar\/tienda\/wp-json\/wp\/v2\/media?parent=2241"}],"wp:term":[{"taxonomy":"product_brand","embeddable":true,"href":"https:\/\/magoezequias.com.ar\/tienda\/wp-json\/wp\/v2\/product_brand?post=2241"},{"taxonomy":"product_cat","embeddable":true,"href":"https:\/\/magoezequias.com.ar\/tienda\/wp-json\/wp\/v2\/product_cat?post=2241"},{"taxonomy":"product_tag","embeddable":true,"href":"https:\/\/magoezequias.com.ar\/tienda\/wp-json\/wp\/v2\/product_tag?post=2241"}],"curies":[{"name":"wp","href":"https:\/\/api.w.org\/{rel}","templated":true}]}}