{"id":2313,"date":"2021-10-31T00:26:06","date_gmt":"2021-10-31T00:26:06","guid":{"rendered":"https:\/\/magoezequias.com.ar\/tienda\/?post_type=product&#038;p=2313"},"modified":"2025-10-14T10:53:36","modified_gmt":"2025-10-14T13:53:36","slug":"bolsa-con-manchas-halloween","status":"publish","type":"product","link":"https:\/\/magoezequias.com.ar\/tienda\/producto\/bolsa-con-manchas-halloween","title":{"rendered":"Bolsa con Manchas &#8211; Halloween"},"content":{"rendered":"<p><a href=\"https:\/\/magoezequias.com.ar\/tienda\/wp-content\/uploads\/2021\/10\/bolsa-mancha-halloween.jpeg\"><img fetchpriority=\"high\" decoding=\"async\" class=\"aligncenter wp-image-2314\" src=\"https:\/\/magoezequias.com.ar\/tienda\/wp-content\/uploads\/2021\/10\/bolsa-mancha-halloween.jpeg\" alt=\"\" width=\"325\" height=\"399\" srcset=\"https:\/\/magoezequias.com.ar\/tienda\/wp-content\/uploads\/2021\/10\/bolsa-mancha-halloween.jpeg 1200w, https:\/\/magoezequias.com.ar\/tienda\/wp-content\/uploads\/2021\/10\/bolsa-mancha-halloween-245x300.jpeg 245w, https:\/\/magoezequias.com.ar\/tienda\/wp-content\/uploads\/2021\/10\/bolsa-mancha-halloween-835x1024.jpeg 835w, https:\/\/magoezequias.com.ar\/tienda\/wp-content\/uploads\/2021\/10\/bolsa-mancha-halloween-768x942.jpeg 768w, https:\/\/magoezequias.com.ar\/tienda\/wp-content\/uploads\/2021\/10\/bolsa-mancha-halloween-300x368.jpeg 300w\" sizes=\"(max-width: 325px) 100vw, 325px\" \/><\/a><\/p>\n<p style=\"text-align: justify;\">Se muestra una hermosa bolsa que representa un casa embrujada, la cual est\u00e1 vac\u00eda y al mostrarla por dentro de un lado se ven tela de ara\u00f1as y del otro una calabaza, ya que la historia ocurri\u00f3 una noche de halloween.<\/p>\n<p style=\"text-align: justify;\">Primero aparecen m\u00e1gicamente dos pa\u00f1uelos, uno negro y el otro blanco.<\/p>\n<p style=\"text-align: justify;\">Luego cambian de color\u2026 \u00a1el negro ahora es blanco y el blanco, negro! Los espectadores se quejan y no est\u00e1n convencidos de que sea algo m\u00e1gico.<\/p>\n<p style=\"text-align: justify;\">El mago dice hag\u00e1moslo otra vez y \u00a1el negro ahora es blanco y el blanco, negro! pero nadie se sorprende\u2026<\/p>\n<p style=\"text-align: justify;\">Finalmente el mago dice que para comprobar que est\u00e1n cambiando de color intentar\u00e1 que aparezcan manchados\u2026 \u00a1el negro sobre negro, blanco sobre blanco!<\/p>\n<p style=\"text-align: justify;\">Luego de las bromas\u2026 dice que mejor ser\u00e1 a diferente ya que estamos en halloween.<\/p>\n<p style=\"text-align: justify;\">Ok, intentemos de nuevo\u2026 \u00a1ahora en el pa\u00f1uelo negro aparecen fantasmas blancos y en el blanco ara\u00f1as negras! El mago all\u00ed si recibe los aplausos\u2026<\/p>\n<p style=\"text-align: justify;\">Pero dice: \u00a1Esperen\u2026 recuerdan que la bolsa adentro estaba con tela de ara\u00f1as y una calabaza! bueno tambi\u00e9n se transform\u00f3 m\u00e1gicamente\u2026\u00a0 Coloca la bolsa al rev\u00e9s y muestra que apareci\u00f3 la due\u00f1a de la casa que es una BRUJITA!!!!.<\/p>\n<p style=\"text-align: justify;\">Creo que faltan m\u00e1s afirma el mago \u00a1Se sorprende al ver en la bolsa del otro lado un alegre fantasmita con muchos dulces y golosinas!<\/p>\n<p>&nbsp;<\/p>\n<p><strong>\u00bfdulce o truco?\u00bb, \u00abdulce o travesura\u00bb, \u00ab\u00bftruco o trato?\u00a0<\/strong>C\u00f3mo final el mago puede producir dulces, caramelos de la bolsa.<\/p>\n<p style=\"text-align: center;\"><a href=\"https:\/\/magoezequias.com.ar\/tienda\/wp-content\/uploads\/2021\/10\/bolsa-mancha-halloween-3.jpeg\"><img decoding=\"async\" class=\"aligncenter wp-image-2316\" src=\"https:\/\/magoezequias.com.ar\/tienda\/wp-content\/uploads\/2021\/10\/bolsa-mancha-halloween-3.jpeg\" alt=\"\" width=\"379\" height=\"440\" srcset=\"https:\/\/magoezequias.com.ar\/tienda\/wp-content\/uploads\/2021\/10\/bolsa-mancha-halloween-3.jpeg 1143w, https:\/\/magoezequias.com.ar\/tienda\/wp-content\/uploads\/2021\/10\/bolsa-mancha-halloween-3-258x300.jpeg 258w, https:\/\/magoezequias.com.ar\/tienda\/wp-content\/uploads\/2021\/10\/bolsa-mancha-halloween-3-882x1024.jpeg 882w, https:\/\/magoezequias.com.ar\/tienda\/wp-content\/uploads\/2021\/10\/bolsa-mancha-halloween-3-768x892.jpeg 768w, https:\/\/magoezequias.com.ar\/tienda\/wp-content\/uploads\/2021\/10\/bolsa-mancha-halloween-3-300x348.jpeg 300w\" sizes=\"(max-width: 379px) 100vw, 379px\" \/><\/a><\/p>\n<p style=\"text-align: justify;\">Una rutina m\u00e1gica y divertida \u2026 A todos los ni\u00f1os les encantar\u00e1, \u00a1y tambi\u00e9n a los adultos!<\/p>\n<p style=\"text-align: justify;\">Muy visual, ocupa poco lugar y rinde mucho en escena.<\/p>\n<p style=\"text-align: justify;\">Usted puede adaptar las fases y rutina a su estilo. Y se puede hacer durante todo el a\u00f1o, no s\u00f3lo en halloween.<\/p>\n<p style=\"text-align: justify;\">Recibe la bolsa especialmente dise\u00f1ada, 4 pa\u00f1uelos diferentes y un link en video con una de las rutinas posibles.<\/p>\n<p><iframe title=\"YouTube video player\" src=\"https:\/\/www.youtube.com\/embed\/9p0ZzCCbGXA\" width=\"560\" height=\"315\" frameborder=\"0\" allowfullscreen=\"allowfullscreen\"><\/iframe><\/p>\n","protected":false},"excerpt":{"rendered":"<p>Una rutina m\u00e1gica, con terror y humor \u2026 A todos los ni\u00f1os les encantar\u00e1, \u00a1y tambi\u00e9n a los adultos!<\/p>\n","protected":false},"featured_media":2314,"comment_status":"open","ping_status":"closed","template":"","meta":[],"product_brand":[],"product_cat":[60,8,319,9],"product_tag":[483,192,17,612,654,185,650,655],"class_list":{"0":"post-2313","1":"product","2":"type-product","3":"status-publish","4":"has-post-thumbnail","6":"product_cat-ezequias-2","7":"product_cat-infantil","8":"product_cat-principiantes","9":"product_cat-salon","10":"product_tag-bag","11":"product_tag-bolsa","12":"product_tag-ezequias","13":"product_tag-halloween","14":"product_tag-infantil-bruja","15":"product_tag-magic","16":"product_tag-mancha","17":"product_tag-tela","19":"first","20":"instock","21":"shipping-taxable","22":"purchasable","23":"product-type-simple"},"aioseo_notices":[],"_links":{"self":[{"href":"https:\/\/magoezequias.com.ar\/tienda\/wp-json\/wp\/v2\/product\/2313","targetHints":{"allow":["GET"]}}],"collection":[{"href":"https:\/\/magoezequias.com.ar\/tienda\/wp-json\/wp\/v2\/product"}],"about":[{"href":"https:\/\/magoezequias.com.ar\/tienda\/wp-json\/wp\/v2\/types\/product"}],"replies":[{"embeddable":true,"href":"https:\/\/magoezequias.com.ar\/tienda\/wp-json\/wp\/v2\/comments?post=2313"}],"version-history":[{"count":1,"href":"https:\/\/magoezequias.com.ar\/tienda\/wp-json\/wp\/v2\/product\/2313\/revisions"}],"predecessor-version":[{"id":18317,"href":"https:\/\/magoezequias.com.ar\/tienda\/wp-json\/wp\/v2\/product\/2313\/revisions\/18317"}],"wp:featuredmedia":[{"embeddable":true,"href":"https:\/\/magoezequias.com.ar\/tienda\/wp-json\/wp\/v2\/media\/2314"}],"wp:attachment":[{"href":"https:\/\/magoezequias.com.ar\/tienda\/wp-json\/wp\/v2\/media?parent=2313"}],"wp:term":[{"taxonomy":"product_brand","embeddable":true,"href":"https:\/\/magoezequias.com.ar\/tienda\/wp-json\/wp\/v2\/product_brand?post=2313"},{"taxonomy":"product_cat","embeddable":true,"href":"https:\/\/magoezequias.com.ar\/tienda\/wp-json\/wp\/v2\/product_cat?post=2313"},{"taxonomy":"product_tag","embeddable":true,"href":"https:\/\/magoezequias.com.ar\/tienda\/wp-json\/wp\/v2\/product_tag?post=2313"}],"curies":[{"name":"wp","href":"https:\/\/api.w.org\/{rel}","templated":true}]}}