{"id":234,"date":"2014-11-17T23:08:40","date_gmt":"2014-11-17T23:08:40","guid":{"rendered":"https:\/\/magoezequias.com.ar\/tienda\/?post_type=product&#038;p=234"},"modified":"2022-11-11T02:58:49","modified_gmt":"2022-11-11T02:58:49","slug":"payaso-camaleon","status":"publish","type":"product","link":"https:\/\/magoezequias.com.ar\/tienda\/producto\/payaso-camaleon","title":{"rendered":"Payaso Camale\u00f3n"},"content":{"rendered":"<p><a href=\"https:\/\/magoezequias.com.ar\/tienda\/wp-content\/uploads\/2014\/11\/payaso-camaleon.jpg\"><img fetchpriority=\"high\" decoding=\"async\" class=\"alignnone size-full wp-image-235\" src=\"https:\/\/magoezequias.com.ar\/tienda\/wp-content\/uploads\/2014\/11\/payaso-camaleon.jpg\" alt=\"payaso camaleon\" width=\"640\" height=\"422\" srcset=\"https:\/\/magoezequias.com.ar\/tienda\/wp-content\/uploads\/2014\/11\/payaso-camaleon.jpg 640w, https:\/\/magoezequias.com.ar\/tienda\/wp-content\/uploads\/2014\/11\/payaso-camaleon-300x197.jpg 300w\" sizes=\"(max-width: 640px) 100vw, 640px\" \/><\/a><\/p>\n<p>&nbsp;<\/p>\n<p>El mago presenta la foto de un payaso, pero a diferencia de lo habitual tiene una nariz de color azul. Ante esta situaci\u00f3n el mago solicita la colaboraci\u00f3n de los espectadores para arreglar la situaci\u00f3n y que se vuelva roja.<\/p>\n<p>&nbsp;<\/p>\n<p>El mago lo intenta, pero la nariz ahora se vuelve blanca\u2026. Y una nariz roja aparece\u2026 pero en la cara del mago.<\/p>\n<p>&nbsp;<\/p>\n<p>El mago le da la foto a su ayudante y hace viajar por el aire la nariz de payaso, logrando finalmente que desaparezca de su mano y est\u00e9 finalmente en la foto.<\/p>\n<p>&nbsp;<\/p>\n<p>Un\u00a0\u00a0 juego autom\u00e1tico, construido en pvc para una extrema durabilidad. De empaque peque\u00f1o y gran rendimiento en escena. Usted recibe todos los elementos para ejecutar la rutina y un Dvd explicativo con actuaci\u00f3n en vivo.<\/p>\n<p>&nbsp;<\/p>\n<p>&nbsp;<\/p>\n","protected":false},"excerpt":{"rendered":"<p>Un juego s\u00faper visual, donde un payaso cambia de color su nariz de manera m\u00e1gica.<\/p>\n","protected":false},"featured_media":235,"comment_status":"open","ping_status":"closed","template":"","meta":[],"product_brand":[],"product_cat":[60,8],"product_tag":[133,134,31],"class_list":{"0":"post-234","1":"product","2":"type-product","3":"status-publish","4":"has-post-thumbnail","6":"product_cat-ezequias-2","7":"product_cat-infantil","8":"product_tag-camaleon","9":"product_tag-nariz","10":"product_tag-payaso","12":"first","13":"outofstock","14":"shipping-taxable","15":"purchasable","16":"product-type-simple"},"aioseo_notices":[],"_links":{"self":[{"href":"https:\/\/magoezequias.com.ar\/tienda\/wp-json\/wp\/v2\/product\/234","targetHints":{"allow":["GET"]}}],"collection":[{"href":"https:\/\/magoezequias.com.ar\/tienda\/wp-json\/wp\/v2\/product"}],"about":[{"href":"https:\/\/magoezequias.com.ar\/tienda\/wp-json\/wp\/v2\/types\/product"}],"replies":[{"embeddable":true,"href":"https:\/\/magoezequias.com.ar\/tienda\/wp-json\/wp\/v2\/comments?post=234"}],"version-history":[{"count":0,"href":"https:\/\/magoezequias.com.ar\/tienda\/wp-json\/wp\/v2\/product\/234\/revisions"}],"wp:featuredmedia":[{"embeddable":true,"href":"https:\/\/magoezequias.com.ar\/tienda\/wp-json\/wp\/v2\/media\/235"}],"wp:attachment":[{"href":"https:\/\/magoezequias.com.ar\/tienda\/wp-json\/wp\/v2\/media?parent=234"}],"wp:term":[{"taxonomy":"product_brand","embeddable":true,"href":"https:\/\/magoezequias.com.ar\/tienda\/wp-json\/wp\/v2\/product_brand?post=234"},{"taxonomy":"product_cat","embeddable":true,"href":"https:\/\/magoezequias.com.ar\/tienda\/wp-json\/wp\/v2\/product_cat?post=234"},{"taxonomy":"product_tag","embeddable":true,"href":"https:\/\/magoezequias.com.ar\/tienda\/wp-json\/wp\/v2\/product_tag?post=234"}],"curies":[{"name":"wp","href":"https:\/\/api.w.org\/{rel}","templated":true}]}}