{"id":2462,"date":"2022-11-01T00:02:10","date_gmt":"2022-11-01T00:02:10","guid":{"rendered":"https:\/\/magoezequias.com.ar\/tienda\/?post_type=product&#038;p=2462"},"modified":"2024-10-17T22:40:36","modified_gmt":"2024-10-17T22:40:36","slug":"la-jirafa-que-se-achica","status":"publish","type":"product","link":"https:\/\/magoezequias.com.ar\/tienda\/producto\/la-jirafa-que-se-achica","title":{"rendered":"La Jirafa que se achica"},"content":{"rendered":"<p><a href=\"https:\/\/magoezequias.com.ar\/tienda\/wp-content\/uploads\/2022\/10\/jirafa-se-achica.png\"><img fetchpriority=\"high\" decoding=\"async\" class=\"aligncenter  wp-image-2464\" src=\"https:\/\/magoezequias.com.ar\/tienda\/wp-content\/uploads\/2022\/10\/jirafa-se-achica.png\" alt=\"\" width=\"365\" height=\"371\" srcset=\"https:\/\/magoezequias.com.ar\/tienda\/wp-content\/uploads\/2022\/10\/jirafa-se-achica.png 983w, https:\/\/magoezequias.com.ar\/tienda\/wp-content\/uploads\/2022\/10\/jirafa-se-achica-295x300.png 295w, https:\/\/magoezequias.com.ar\/tienda\/wp-content\/uploads\/2022\/10\/jirafa-se-achica-768x781.png 768w, https:\/\/magoezequias.com.ar\/tienda\/wp-content\/uploads\/2022\/10\/jirafa-se-achica-300x305.png 300w\" sizes=\"(max-width: 365px) 100vw, 365px\" \/><\/a><\/p>\n<p style=\"text-align: justify;\">El mago presenta a una jirafa, la cual vive en la selva. Afirma que con la ayuda de un espectador lograr\u00e1 que se achique m\u00e1gicamente su cuello.<\/p>\n<p style=\"text-align: justify;\">\n<p style=\"text-align: justify;\">El mago coloca la jirafa en una carpeta que representa la selva, la pasa por detr\u00e1s suyo y al sacarla su cuello pr\u00e1cticamente no existe, la jirafa se achic\u00f3\u2026 repite las acciones y vuelve a su tama\u00f1o normal.<\/p>\n<p style=\"text-align: justify;\">\n<p style=\"text-align: justify;\">All\u00ed sus espectadores comenzar\u00e1n a decir que est\u00e1 haciendo trampa y pedir\u00e1n que no lo pase por detr\u00e1s suyo. Ante esto decide ejecutarlo sin pasarlo por atr\u00e1s\u2026 pero el p\u00edcaro mago lo cubre con un pa\u00f1uelo y vuelve a cambiar de tama\u00f1o la jirafa.<\/p>\n<p><a href=\"https:\/\/magoezequias.com.ar\/tienda\/wp-content\/uploads\/2022\/10\/jirafa-se-achica-3.png\"><img decoding=\"async\" class=\"aligncenter  wp-image-2466\" src=\"https:\/\/magoezequias.com.ar\/tienda\/wp-content\/uploads\/2022\/10\/jirafa-se-achica-3.png\" alt=\"\" width=\"335\" height=\"296\" srcset=\"https:\/\/magoezequias.com.ar\/tienda\/wp-content\/uploads\/2022\/10\/jirafa-se-achica-3.png 1000w, https:\/\/magoezequias.com.ar\/tienda\/wp-content\/uploads\/2022\/10\/jirafa-se-achica-3-300x265.png 300w, https:\/\/magoezequias.com.ar\/tienda\/wp-content\/uploads\/2022\/10\/jirafa-se-achica-3-768x677.png 768w\" sizes=\"(max-width: 335px) 100vw, 335px\" \/><\/a><\/p>\n<p style=\"text-align: justify;\">\n<p style=\"text-align: justify;\">Los ni\u00f1os ya sospechar\u00e1n del m\u00e9todo que usa el mago y estar\u00e1n a los gritos diciendo que todo es una trampa\u2026. pero el mago continua y vuelve \u00a0a su tama\u00f1o normal.<\/p>\n<p style=\"text-align: justify;\">\n<p style=\"text-align: justify;\">Ante los reclamos decide sacar la jirafa\u2026 los ni\u00f1os pedir\u00e1n que la de vuelta y supondr\u00e1n que del otro lado es de un tama\u00f1o peque\u00f1o\u2026 pero grande ser\u00e1 la sorpresa de todos cuando del otro lado se ver\u00e1 quien en realidad estaba haciendo magia&#8230; un simp\u00e1tico y colorido Mono.<\/p>\n<p style=\"text-align: justify;\"><a href=\"https:\/\/magoezequias.com.ar\/tienda\/wp-content\/uploads\/2022\/10\/jirafa-se-achica-4.png\"><img decoding=\"async\" class=\"aligncenter  wp-image-2463\" src=\"https:\/\/magoezequias.com.ar\/tienda\/wp-content\/uploads\/2022\/10\/jirafa-se-achica-4.png\" alt=\"\" width=\"311\" height=\"278\" srcset=\"https:\/\/magoezequias.com.ar\/tienda\/wp-content\/uploads\/2022\/10\/jirafa-se-achica-4.png 1000w, https:\/\/magoezequias.com.ar\/tienda\/wp-content\/uploads\/2022\/10\/jirafa-se-achica-4-300x268.png 300w, https:\/\/magoezequias.com.ar\/tienda\/wp-content\/uploads\/2022\/10\/jirafa-se-achica-4-768x685.png 768w\" sizes=\"(max-width: 311px) 100vw, 311px\" \/><\/a><\/p>\n<p style=\"text-align: justify;\">Un cl\u00e1sico de la magia infantil, construido totalmente en cart\u00f3n laminado, s\u00faper resistente para un uso intensivo y plano para que no nos ocupe lugar al trasportarlo. Un juego muy visual y muy f\u00e1cil de presentar.<\/p>\n","protected":false},"excerpt":{"rendered":"<p>Un juego ideal para magia infantil\u2026 Muy sencillo de ejecutar y con mucha comedia.<\/p>\n","protected":false},"featured_media":2466,"comment_status":"open","ping_status":"closed","template":"","meta":[],"product_brand":[],"product_cat":[60,8,319],"product_tag":[667,17,666,40],"class_list":{"0":"post-2462","1":"product","2":"type-product","3":"status-publish","4":"has-post-thumbnail","6":"product_cat-ezequias-2","7":"product_cat-infantil","8":"product_cat-principiantes","9":"product_tag-achica","10":"product_tag-ezequias","11":"product_tag-jirafa","12":"product_tag-mono","14":"first","15":"instock","16":"shipping-taxable","17":"purchasable","18":"product-type-simple"},"aioseo_notices":[],"_links":{"self":[{"href":"https:\/\/magoezequias.com.ar\/tienda\/wp-json\/wp\/v2\/product\/2462","targetHints":{"allow":["GET"]}}],"collection":[{"href":"https:\/\/magoezequias.com.ar\/tienda\/wp-json\/wp\/v2\/product"}],"about":[{"href":"https:\/\/magoezequias.com.ar\/tienda\/wp-json\/wp\/v2\/types\/product"}],"replies":[{"embeddable":true,"href":"https:\/\/magoezequias.com.ar\/tienda\/wp-json\/wp\/v2\/comments?post=2462"}],"version-history":[{"count":0,"href":"https:\/\/magoezequias.com.ar\/tienda\/wp-json\/wp\/v2\/product\/2462\/revisions"}],"wp:featuredmedia":[{"embeddable":true,"href":"https:\/\/magoezequias.com.ar\/tienda\/wp-json\/wp\/v2\/media\/2466"}],"wp:attachment":[{"href":"https:\/\/magoezequias.com.ar\/tienda\/wp-json\/wp\/v2\/media?parent=2462"}],"wp:term":[{"taxonomy":"product_brand","embeddable":true,"href":"https:\/\/magoezequias.com.ar\/tienda\/wp-json\/wp\/v2\/product_brand?post=2462"},{"taxonomy":"product_cat","embeddable":true,"href":"https:\/\/magoezequias.com.ar\/tienda\/wp-json\/wp\/v2\/product_cat?post=2462"},{"taxonomy":"product_tag","embeddable":true,"href":"https:\/\/magoezequias.com.ar\/tienda\/wp-json\/wp\/v2\/product_tag?post=2462"}],"curies":[{"name":"wp","href":"https:\/\/api.w.org\/{rel}","templated":true}]}}