{"id":2481,"date":"2022-11-09T13:34:00","date_gmt":"2022-11-09T13:34:00","guid":{"rendered":"https:\/\/magoezequias.com.ar\/tienda\/?post_type=product&#038;p=2481"},"modified":"2024-03-25T01:16:33","modified_gmt":"2024-03-25T01:16:33","slug":"pintando-magos","status":"publish","type":"product","link":"https:\/\/magoezequias.com.ar\/tienda\/producto\/pintando-magos","title":{"rendered":"Pintando Magos"},"content":{"rendered":"<p style=\"text-align: justify;\"><a href=\"https:\/\/magoezequias.com.ar\/tienda\/wp-content\/uploads\/2022\/11\/pintando-mago-carton.jpg\"><img fetchpriority=\"high\" decoding=\"async\" class=\"aligncenter wp-image-2479\" src=\"https:\/\/magoezequias.com.ar\/tienda\/wp-content\/uploads\/2022\/11\/pintando-mago-carton.jpg\" alt=\"\" width=\"353\" height=\"467\" srcset=\"https:\/\/magoezequias.com.ar\/tienda\/wp-content\/uploads\/2022\/11\/pintando-mago-carton.jpg 907w, https:\/\/magoezequias.com.ar\/tienda\/wp-content\/uploads\/2022\/11\/pintando-mago-carton-227x300.jpg 227w, https:\/\/magoezequias.com.ar\/tienda\/wp-content\/uploads\/2022\/11\/pintando-mago-carton-774x1024.jpg 774w, https:\/\/magoezequias.com.ar\/tienda\/wp-content\/uploads\/2022\/11\/pintando-mago-carton-768x1016.jpg 768w, https:\/\/magoezequias.com.ar\/tienda\/wp-content\/uploads\/2022\/11\/pintando-mago-carton-300x397.jpg 300w\" sizes=\"(max-width: 353px) 100vw, 353px\" \/><\/a><\/p>\n<p style=\"text-align: justify;\">Un cl\u00e1sico de la magia infantil, donde se muestra un cuadro con la imagen de un mago que tiene su varita, una galera y un cartel. Este se encuentra sin colores, en blanco y negro.<\/p>\n<p style=\"text-align: justify;\">Comenta que el mago del dibujo va a realizar un gran acto de magia, por tal motivo muestra tarjetas con nombres de animales, para que un espectador seleccione uno. Tambi\u00e9n da a elegir un naipe.<\/p>\n<p>&nbsp;<\/p>\n<p style=\"text-align: justify;\">Luego con la ayuda de los espectadores comienza la magia, se\u00a0 arrojan colores a la imagen&#8230;. al retirarla del cuadro, se ve como esta se va pintando en su totalidad. Adem\u00e1s est\u00e1 el naipe seleccionado y de la galera sale el animal elegido.<\/p>\n<p style=\"text-align: justify;\"><a href=\"https:\/\/magoezequias.com.ar\/tienda\/wp-content\/uploads\/2022\/11\/pintando-mago-carton-2.jpg\"><img decoding=\"async\" class=\"aligncenter wp-image-2480\" src=\"https:\/\/magoezequias.com.ar\/tienda\/wp-content\/uploads\/2022\/11\/pintando-mago-carton-2.jpg\" alt=\"\" width=\"356\" height=\"348\" srcset=\"https:\/\/magoezequias.com.ar\/tienda\/wp-content\/uploads\/2022\/11\/pintando-mago-carton-2.jpg 1200w, https:\/\/magoezequias.com.ar\/tienda\/wp-content\/uploads\/2022\/11\/pintando-mago-carton-2-300x293.jpg 300w, https:\/\/magoezequias.com.ar\/tienda\/wp-content\/uploads\/2022\/11\/pintando-mago-carton-2-1024x1001.jpg 1024w, https:\/\/magoezequias.com.ar\/tienda\/wp-content\/uploads\/2022\/11\/pintando-mago-carton-2-768x751.jpg 768w\" sizes=\"(max-width: 356px) 100vw, 356px\" \/><\/a><\/p>\n<p style=\"text-align: justify;\">Un juego muy practico y colorido, usted recibe el cuadro con la imagen en cart\u00f3n laminado y las tarjetas con los nombres de animales y los palos de la baraja. Usted tambi\u00e9n podr\u00eda usar su mazo de naipes.<\/p>\n<p><iframe title=\"YouTube video player\" src=\"https:\/\/www.youtube.com\/embed\/5OmMDyIhge4\" width=\"560\" height=\"315\" frameborder=\"0\" allowfullscreen=\"allowfullscreen\"><\/iframe><\/p>\n","protected":false},"excerpt":{"rendered":"<p>Un juego muy practico y colorido!!!!<\/p>\n","protected":false},"featured_media":2480,"comment_status":"open","ping_status":"closed","template":"","meta":[],"product_brand":[],"product_cat":[60,8,319],"product_tag":[17,16,673,519],"class_list":{"0":"post-2481","1":"product","2":"type-product","3":"status-publish","4":"has-post-thumbnail","6":"product_cat-ezequias-2","7":"product_cat-infantil","8":"product_cat-principiantes","9":"product_tag-ezequias","10":"product_tag-mago","11":"product_tag-magos","12":"product_tag-pintando","14":"first","15":"instock","16":"shipping-taxable","17":"purchasable","18":"product-type-simple"},"aioseo_notices":[],"_links":{"self":[{"href":"https:\/\/magoezequias.com.ar\/tienda\/wp-json\/wp\/v2\/product\/2481","targetHints":{"allow":["GET"]}}],"collection":[{"href":"https:\/\/magoezequias.com.ar\/tienda\/wp-json\/wp\/v2\/product"}],"about":[{"href":"https:\/\/magoezequias.com.ar\/tienda\/wp-json\/wp\/v2\/types\/product"}],"replies":[{"embeddable":true,"href":"https:\/\/magoezequias.com.ar\/tienda\/wp-json\/wp\/v2\/comments?post=2481"}],"version-history":[{"count":0,"href":"https:\/\/magoezequias.com.ar\/tienda\/wp-json\/wp\/v2\/product\/2481\/revisions"}],"wp:featuredmedia":[{"embeddable":true,"href":"https:\/\/magoezequias.com.ar\/tienda\/wp-json\/wp\/v2\/media\/2480"}],"wp:attachment":[{"href":"https:\/\/magoezequias.com.ar\/tienda\/wp-json\/wp\/v2\/media?parent=2481"}],"wp:term":[{"taxonomy":"product_brand","embeddable":true,"href":"https:\/\/magoezequias.com.ar\/tienda\/wp-json\/wp\/v2\/product_brand?post=2481"},{"taxonomy":"product_cat","embeddable":true,"href":"https:\/\/magoezequias.com.ar\/tienda\/wp-json\/wp\/v2\/product_cat?post=2481"},{"taxonomy":"product_tag","embeddable":true,"href":"https:\/\/magoezequias.com.ar\/tienda\/wp-json\/wp\/v2\/product_tag?post=2481"}],"curies":[{"name":"wp","href":"https:\/\/api.w.org\/{rel}","templated":true}]}}