{"id":2675,"date":"2023-12-06T22:28:30","date_gmt":"2023-12-06T22:28:30","guid":{"rendered":"https:\/\/magoezequias.com.ar\/tienda\/?post_type=product&#038;p=2675"},"modified":"2024-10-17T22:37:25","modified_gmt":"2024-10-17T22:37:25","slug":"papa-noel-perdio-el-gorro-2","status":"publish","type":"product","link":"https:\/\/magoezequias.com.ar\/tienda\/producto\/papa-noel-perdio-el-gorro-2","title":{"rendered":"Pap\u00e1 Noel perdi\u00f3 el gorro 2"},"content":{"rendered":"<p style=\"text-align: center;\"><a href=\"https:\/\/magoezequias.com.ar\/tienda\/wp-content\/uploads\/2023\/12\/Papa-Noel-perdio-el-gorro-6.jpeg\"><img fetchpriority=\"high\" decoding=\"async\" class=\" wp-image-2677 alignnone\" src=\"https:\/\/magoezequias.com.ar\/tienda\/wp-content\/uploads\/2023\/12\/Papa-Noel-perdio-el-gorro-6.jpeg\" alt=\"\" width=\"406\" height=\"499\" srcset=\"https:\/\/magoezequias.com.ar\/tienda\/wp-content\/uploads\/2023\/12\/Papa-Noel-perdio-el-gorro-6.jpeg 1117w, https:\/\/magoezequias.com.ar\/tienda\/wp-content\/uploads\/2023\/12\/Papa-Noel-perdio-el-gorro-6-244x300.jpeg 244w, https:\/\/magoezequias.com.ar\/tienda\/wp-content\/uploads\/2023\/12\/Papa-Noel-perdio-el-gorro-6-833x1024.jpeg 833w, https:\/\/magoezequias.com.ar\/tienda\/wp-content\/uploads\/2023\/12\/Papa-Noel-perdio-el-gorro-6-768x944.jpeg 768w, https:\/\/magoezequias.com.ar\/tienda\/wp-content\/uploads\/2023\/12\/Papa-Noel-perdio-el-gorro-6-300x369.jpeg 300w\" sizes=\"(max-width: 406px) 100vw, 406px\" \/><\/a><\/p>\n<p>Otra versi\u00f3n de Pap\u00e1 Noel perdi\u00f3 el gorro, donde el mago presenta al tradicional personaje navide\u00f1o en su show pero al mostrarlo nota que sali\u00f3 tan apurado en su trineo que se olvid\u00f3 de ponerse el gorro.<\/p>\n<p>Ante ello solicita a los ni\u00f1os que lo ayuden y coloca en un sobre con una ventana a Pap\u00e1 Noel, el cual queda siempre a la vista.<\/p>\n<p>Luego de las palabras m\u00e1gicas se saca la foto del sobre y ya est\u00e1 con el tradicional gorro de color ROJO!!! El mago felicita a los ni\u00f1os y decide repetir el juego. Pero ahora ser\u00e1 mas dif\u00edcil.<\/p>\n<p>Se muestran cartas con gorros de distintos colores, un ni\u00f1o elige uno y Pap\u00e1 Noel vuelve al sobre que lo mantiene de dorso, siempre a la vista.<\/p>\n<p>El gorro seleccionado se pierde entre el resto. Se dicen las palabras m\u00e1gicas y al buscar el gorro elegido por el ni\u00f1o ya no est\u00e1 m\u00e1s\u2026.<\/p>\n<p>A continuaci\u00f3n se retira la imagen del sobre y est\u00e1 con el gorro del color seleccionado!!! Adem\u00e1s apareci\u00f3 un mensaje de \u00a8FELIZ NAVIDAD\u00a8<\/p>\n<p style=\"text-align: center;\"><a href=\"https:\/\/magoezequias.com.ar\/tienda\/wp-content\/uploads\/2023\/12\/Papa-Noel-perdio-el-gorro-5.jpeg\"><img decoding=\"async\" class=\"aligncenter  wp-image-2676\" src=\"https:\/\/magoezequias.com.ar\/tienda\/wp-content\/uploads\/2023\/12\/Papa-Noel-perdio-el-gorro-5.jpeg\" alt=\"\" width=\"441\" height=\"440\" srcset=\"https:\/\/magoezequias.com.ar\/tienda\/wp-content\/uploads\/2023\/12\/Papa-Noel-perdio-el-gorro-5.jpeg 1204w, https:\/\/magoezequias.com.ar\/tienda\/wp-content\/uploads\/2023\/12\/Papa-Noel-perdio-el-gorro-5-300x299.jpeg 300w, https:\/\/magoezequias.com.ar\/tienda\/wp-content\/uploads\/2023\/12\/Papa-Noel-perdio-el-gorro-5-1024x1021.jpeg 1024w, https:\/\/magoezequias.com.ar\/tienda\/wp-content\/uploads\/2023\/12\/Papa-Noel-perdio-el-gorro-5-768x765.jpeg 768w, https:\/\/magoezequias.com.ar\/tienda\/wp-content\/uploads\/2023\/12\/Papa-Noel-perdio-el-gorro-5-150x150.jpeg 150w, https:\/\/magoezequias.com.ar\/tienda\/wp-content\/uploads\/2023\/12\/Papa-Noel-perdio-el-gorro-5-100x100.jpeg 100w\" sizes=\"(max-width: 441px) 100vw, 441px\" \/><\/a><\/p>\n<p>Una rutina con mucha participaci\u00f3n, con un tierno personaje que los ni\u00f1os conocen. Varios cl\u00edmax durante la rutina.<\/p>\n<p>No ocupa lugar y es muy visual en escena, construido en cart\u00f3n laminado.<\/p>\n","protected":false},"excerpt":{"rendered":"<p>Una divertida y colorida rutina con Pap\u00e1 Noel!!!!<\/p>\n","protected":false},"featured_media":2677,"comment_status":"open","ping_status":"closed","template":"","meta":[],"product_brand":[],"product_cat":[60,8,319,9],"product_tag":[17,402,401,400],"class_list":{"0":"post-2675","1":"product","2":"type-product","3":"status-publish","4":"has-post-thumbnail","6":"product_cat-ezequias-2","7":"product_cat-infantil","8":"product_cat-principiantes","9":"product_cat-salon","10":"product_tag-ezequias","11":"product_tag-navidad","12":"product_tag-noel","13":"product_tag-papa","15":"first","16":"instock","17":"shipping-taxable","18":"purchasable","19":"product-type-simple"},"aioseo_notices":[],"_links":{"self":[{"href":"https:\/\/magoezequias.com.ar\/tienda\/wp-json\/wp\/v2\/product\/2675","targetHints":{"allow":["GET"]}}],"collection":[{"href":"https:\/\/magoezequias.com.ar\/tienda\/wp-json\/wp\/v2\/product"}],"about":[{"href":"https:\/\/magoezequias.com.ar\/tienda\/wp-json\/wp\/v2\/types\/product"}],"replies":[{"embeddable":true,"href":"https:\/\/magoezequias.com.ar\/tienda\/wp-json\/wp\/v2\/comments?post=2675"}],"version-history":[{"count":0,"href":"https:\/\/magoezequias.com.ar\/tienda\/wp-json\/wp\/v2\/product\/2675\/revisions"}],"wp:featuredmedia":[{"embeddable":true,"href":"https:\/\/magoezequias.com.ar\/tienda\/wp-json\/wp\/v2\/media\/2677"}],"wp:attachment":[{"href":"https:\/\/magoezequias.com.ar\/tienda\/wp-json\/wp\/v2\/media?parent=2675"}],"wp:term":[{"taxonomy":"product_brand","embeddable":true,"href":"https:\/\/magoezequias.com.ar\/tienda\/wp-json\/wp\/v2\/product_brand?post=2675"},{"taxonomy":"product_cat","embeddable":true,"href":"https:\/\/magoezequias.com.ar\/tienda\/wp-json\/wp\/v2\/product_cat?post=2675"},{"taxonomy":"product_tag","embeddable":true,"href":"https:\/\/magoezequias.com.ar\/tienda\/wp-json\/wp\/v2\/product_tag?post=2675"}],"curies":[{"name":"wp","href":"https:\/\/api.w.org\/{rel}","templated":true}]}}