{"id":284,"date":"2014-11-26T22:05:35","date_gmt":"2014-11-26T22:05:35","guid":{"rendered":"https:\/\/magoezequias.com.ar\/tienda\/?post_type=product&#038;p=284"},"modified":"2024-08-30T16:50:42","modified_gmt":"2024-08-30T16:50:42","slug":"mesa-multiefecto","status":"publish","type":"product","link":"https:\/\/magoezequias.com.ar\/tienda\/producto\/mesa-multiefecto","title":{"rendered":"Mesa Multiefecto &#8211;"},"content":{"rendered":"<p><a href=\"https:\/\/magoezequias.com.ar\/tienda\/wp-content\/uploads\/2014\/11\/1mesa_multiefecto.jpg\"><img fetchpriority=\"high\" decoding=\"async\" class=\"alignnone size-full wp-image-285\" src=\"https:\/\/magoezequias.com.ar\/tienda\/wp-content\/uploads\/2014\/11\/1mesa_multiefecto.jpg\" alt=\"1mesa_multiefecto\" width=\"448\" height=\"299\" \/><\/a><\/p>\n<p>&nbsp;<\/p>\n<p>Una elegante mesa con flecos est\u00e1 en escena. Sobre \u00e9sta descansa un florero con su respectiva flor y un peque\u00f1o atril.<\/p>\n<p>El mago da a elegir una carta de un mazo Jumbo, por ejemplo: el Dos de Corazones, se vuelve a colocar en el mazo, y el mismo se guarda en la caja. Luego, se coloca sobre el atril que est\u00e1 en la mesa.<br \/>\nActo seguido, el mago entrega un revolver al espectador para que apunte al mazo y le explica que al disparar la carta elegida saldr\u00e1 por el aire. Cuando \u00e9ste lo hace, para sorpresa de todos, los flecos de la mesa se desprenden\u2026<br \/>\nEl espectador vuelve a dispararle al mazo, pero \u00e9sta vez le pega al florero y la flor sale por el aire.<\/p>\n<p>El mago gira el estuche mostrando que detr\u00e1s hay un \u201ctiro al blanco\u201d y le ruega al espectador que \u00e9sta vez le pegue al mazo.<\/p>\n<p>Luego del tercer disparo, la mesa se rompe quedando sobre \u00e9sta una sola carta\u2026 el tres de Corazones. Los espectadores advierten que no es la carta elegida, entonces el mago toma el rev\u00f3lver y le dispara a la carta arrancando el coraz\u00f3n del medio y transform\u00e1ndola en el \u201cDos de Corazones\u201d: la carta elegida.<\/p>\n<p>&nbsp;<\/p>\n<ul>\n<li>Un incre\u00edble juego de magia c\u00f3mica para ser realizado ya sea para un peque\u00f1o grupo o una gran audiencia.<br \/>\n\u2022 Excelente calidad y delicadas terminaciones.<br \/>\n\u2022 Totalmente desarmable para su transporte.<br \/>\n\u2022 Funcionamiento electr\u00f3nico.<br \/>\n\u2022 Usted recibe todo lo necesario para realizar el efecto: mesa, atril para el mazo, florero, flor, carta especial, cargador de bater\u00eda autom\u00e1tico, control remoto y un DVD en espa\u00f1ol con las explicaciones de armado.<br \/>\n\u2022 No incluye el rev\u00f3lver ni el mazo de cartas.<\/li>\n<\/ul>\n<p>&nbsp;<\/p>\n<p>&nbsp;<\/p>\n<p><iframe src=\"\/\/www.youtube.com\/embed\/32_DbVXSNUQ\" width=\"420\" height=\"315\" frameborder=\"0\" allowfullscreen=\"allowfullscreen\"><\/iframe><\/p>\n","protected":false},"excerpt":{"rendered":"<p><strong>COSTO 700 D\u00d3LARES<\/strong><\/p>\n<p>Todo un acto de magia profesional con mucha comedia y magia.<\/p>\n","protected":false},"featured_media":285,"comment_status":"open","ping_status":"closed","template":"","meta":[],"product_brand":[],"product_cat":[12,10,9],"product_tag":[88,149,151,150],"class_list":{"0":"post-284","1":"product","2":"type-product","3":"status-publish","4":"has-post-thumbnail","6":"product_cat-cartomagia","7":"product_cat-escena","8":"product_cat-salon","9":"product_tag-mesa","10":"product_tag-multiefecto","11":"product_tag-tiros","12":"product_tag-tres","14":"first","15":"instock","16":"shipping-taxable","17":"product-type-simple"},"aioseo_notices":[],"_links":{"self":[{"href":"https:\/\/magoezequias.com.ar\/tienda\/wp-json\/wp\/v2\/product\/284","targetHints":{"allow":["GET"]}}],"collection":[{"href":"https:\/\/magoezequias.com.ar\/tienda\/wp-json\/wp\/v2\/product"}],"about":[{"href":"https:\/\/magoezequias.com.ar\/tienda\/wp-json\/wp\/v2\/types\/product"}],"replies":[{"embeddable":true,"href":"https:\/\/magoezequias.com.ar\/tienda\/wp-json\/wp\/v2\/comments?post=284"}],"version-history":[{"count":0,"href":"https:\/\/magoezequias.com.ar\/tienda\/wp-json\/wp\/v2\/product\/284\/revisions"}],"wp:featuredmedia":[{"embeddable":true,"href":"https:\/\/magoezequias.com.ar\/tienda\/wp-json\/wp\/v2\/media\/285"}],"wp:attachment":[{"href":"https:\/\/magoezequias.com.ar\/tienda\/wp-json\/wp\/v2\/media?parent=284"}],"wp:term":[{"taxonomy":"product_brand","embeddable":true,"href":"https:\/\/magoezequias.com.ar\/tienda\/wp-json\/wp\/v2\/product_brand?post=284"},{"taxonomy":"product_cat","embeddable":true,"href":"https:\/\/magoezequias.com.ar\/tienda\/wp-json\/wp\/v2\/product_cat?post=284"},{"taxonomy":"product_tag","embeddable":true,"href":"https:\/\/magoezequias.com.ar\/tienda\/wp-json\/wp\/v2\/product_tag?post=284"}],"curies":[{"name":"wp","href":"https:\/\/api.w.org\/{rel}","templated":true}]}}