{"id":42,"date":"2014-10-31T22:15:08","date_gmt":"2014-10-31T22:15:08","guid":{"rendered":"https:\/\/magoezequias.com.ar\/tienda\/?post_type=product&#038;p=42"},"modified":"2019-11-20T03:05:59","modified_gmt":"2019-11-20T03:05:59","slug":"cd-viajero","status":"publish","type":"product","link":"https:\/\/magoezequias.com.ar\/tienda\/producto\/cd-viajero","title":{"rendered":"CD Viajero"},"content":{"rendered":"<p><a href=\"https:\/\/magoezequias.com.ar\/tienda\/wp-content\/uploads\/2014\/10\/Cd-viajero.jpg\"><img fetchpriority=\"high\" decoding=\"async\" class=\"alignnone size-full wp-image-43\" src=\"https:\/\/magoezequias.com.ar\/tienda\/wp-content\/uploads\/2014\/10\/Cd-viajero.jpg\" alt=\"Cd viajero\" width=\"1024\" height=\"319\" srcset=\"https:\/\/magoezequias.com.ar\/tienda\/wp-content\/uploads\/2014\/10\/Cd-viajero.jpg 1024w, https:\/\/magoezequias.com.ar\/tienda\/wp-content\/uploads\/2014\/10\/Cd-viajero-300x93.jpg 300w\" sizes=\"(max-width: 1024px) 100vw, 1024px\" \/><\/a><\/p>\n<p>El mago comenta que fue su cumplea\u00f1os pero le regalaron algo que no le gust\u00f3\u2026 un CD con la m\u00fasica de Violeta, que es para nenas, por tal motivo lo va a hacer desaparecer.<\/p>\n<p>&nbsp;<\/p>\n<p>Lo retira de la caja la cual muestra vac\u00eda, y all\u00ed comienza una comedia donde el CD se coloca en una caja m\u00e1gica con 4 puertas que se abren y se puede ver de lado a lado. El mago dice que el CD va a desaparecer pero en realidad los chicos ven como viaja de una puerta a otra por una ventanita que hay en el frente.<\/p>\n<p>&nbsp;<\/p>\n<p>Ante la evidencia de la trampa y el error el mago dice que lo intentar\u00e1 nuevamente y tapa la ventanita con un pa\u00f1uelo para que no lo vean los chicos y repite la comedia. Pero ahora abre las cuatro puertas y retira el pa\u00f1uelo y el CD no est\u00e1 m\u00e1s. El mago contento dice que ahora s\u00ed cumpli\u00f3 su haza\u00f1a y lo hiso desaparecer, pero al abrir la cajita del CD aparece nuevamente.<\/p>\n<p>&nbsp;<\/p>\n<p>Un juego que se presta para mucha comedia, construido en PVC, s\u00faper liviano y resistente. Viene con un DVD con toda la rutina explicada y los CD con caja de Violeta como una opci\u00f3n para ejecutar una de las rutinas.<\/p>\n<p>&nbsp;<\/p>\n<p>&nbsp;<\/p>\n<p><iframe src=\"\/\/www.youtube.com\/embed\/USWslYgic6w\" width=\"560\" height=\"315\" frameborder=\"0\" allowfullscreen=\"allowfullscreen\"><\/iframe><\/p>\n","protected":false},"excerpt":{"rendered":"<p>El mago comenta que fue su cumplea\u00f1os pero le regalaron algo que no le gust\u00f3\u2026 un CD con m\u00fasica para nenas, por tal motivo lo va a hacer desaparecer. All\u00ed comienza una comedia de enredos m\u00e1gica.<\/p>\n","protected":false},"featured_media":44,"comment_status":"open","ping_status":"closed","template":"","meta":[],"product_brand":[],"product_cat":[60,10,8,9],"product_tag":[23,17,16,24],"class_list":{"0":"post-42","1":"product","2":"type-product","3":"status-publish","4":"has-post-thumbnail","6":"product_cat-ezequias-2","7":"product_cat-escena","8":"product_cat-infantil","9":"product_cat-salon","10":"product_tag-cd","11":"product_tag-ezequias","12":"product_tag-mago","13":"product_tag-viajero","15":"first","16":"outofstock","17":"shipping-taxable","18":"purchasable","19":"product-type-simple"},"aioseo_notices":[],"_links":{"self":[{"href":"https:\/\/magoezequias.com.ar\/tienda\/wp-json\/wp\/v2\/product\/42","targetHints":{"allow":["GET"]}}],"collection":[{"href":"https:\/\/magoezequias.com.ar\/tienda\/wp-json\/wp\/v2\/product"}],"about":[{"href":"https:\/\/magoezequias.com.ar\/tienda\/wp-json\/wp\/v2\/types\/product"}],"replies":[{"embeddable":true,"href":"https:\/\/magoezequias.com.ar\/tienda\/wp-json\/wp\/v2\/comments?post=42"}],"version-history":[{"count":0,"href":"https:\/\/magoezequias.com.ar\/tienda\/wp-json\/wp\/v2\/product\/42\/revisions"}],"wp:featuredmedia":[{"embeddable":true,"href":"https:\/\/magoezequias.com.ar\/tienda\/wp-json\/wp\/v2\/media\/44"}],"wp:attachment":[{"href":"https:\/\/magoezequias.com.ar\/tienda\/wp-json\/wp\/v2\/media?parent=42"}],"wp:term":[{"taxonomy":"product_brand","embeddable":true,"href":"https:\/\/magoezequias.com.ar\/tienda\/wp-json\/wp\/v2\/product_brand?post=42"},{"taxonomy":"product_cat","embeddable":true,"href":"https:\/\/magoezequias.com.ar\/tienda\/wp-json\/wp\/v2\/product_cat?post=42"},{"taxonomy":"product_tag","embeddable":true,"href":"https:\/\/magoezequias.com.ar\/tienda\/wp-json\/wp\/v2\/product_tag?post=42"}],"curies":[{"name":"wp","href":"https:\/\/api.w.org\/{rel}","templated":true}]}}