{"id":463,"date":"2015-06-05T23:30:26","date_gmt":"2015-06-05T23:30:26","guid":{"rendered":"https:\/\/magoezequias.com.ar\/tienda\/?post_type=product&#038;p=463"},"modified":"2024-09-26T21:34:44","modified_gmt":"2024-09-26T21:34:44","slug":"llave-plegable-sistema-interno","status":"publish","type":"product","link":"https:\/\/magoezequias.com.ar\/tienda\/producto\/llave-plegable-sistema-interno","title":{"rendered":"Llave plegable (sistema interno)"},"content":{"rendered":"<p><a href=\"https:\/\/magoezequias.com.ar\/tienda\/wp-content\/uploads\/2015\/06\/llave_plegable.jpg\"><img fetchpriority=\"high\" decoding=\"async\" class=\"alignnone size-full wp-image-464\" src=\"https:\/\/magoezequias.com.ar\/tienda\/wp-content\/uploads\/2015\/06\/llave_plegable.jpg\" alt=\"llave_plegable\" width=\"313\" height=\"285\" srcset=\"https:\/\/magoezequias.com.ar\/tienda\/wp-content\/uploads\/2015\/06\/llave_plegable.jpg 313w, https:\/\/magoezequias.com.ar\/tienda\/wp-content\/uploads\/2015\/06\/llave_plegable-300x273.jpg 300w\" sizes=\"(max-width: 313px) 100vw, 313px\" \/><\/a><\/p>\n<p>&nbsp;<\/p>\n<p>Tome una llave, col\u00f3quela sobre el pico de una botella y m\u00e1gicamente introd\u00fazcala en el interior.<\/p>\n<p>&nbsp;<\/p>\n<p>Entregue la botella con la llave para que todo sea examinado. El espectador no podr\u00e1 quitar la llave del interior, tampoco podr\u00e1 creer lo que esta viendo.<\/p>\n<p>&nbsp;<\/p>\n<p>Nuevamente toma la botella y lentamente retire la llave por el pico de la botella, entregando todo a examinar.<\/p>\n","protected":false},"excerpt":{"rendered":"<p>El milagro de la moneda dentro de la botella ahora es posible con una llave.<\/p>\n","protected":false},"featured_media":464,"comment_status":"open","ping_status":"closed","template":"","meta":[],"product_brand":[],"product_cat":[11],"product_tag":[130,216],"class_list":{"0":"post-463","1":"product","2":"type-product","3":"status-publish","4":"has-post-thumbnail","6":"product_cat-close-up","7":"product_tag-llave","8":"product_tag-plegable","10":"first","11":"instock","12":"shipping-taxable","13":"purchasable","14":"product-type-simple"},"aioseo_notices":[],"_links":{"self":[{"href":"https:\/\/magoezequias.com.ar\/tienda\/wp-json\/wp\/v2\/product\/463","targetHints":{"allow":["GET"]}}],"collection":[{"href":"https:\/\/magoezequias.com.ar\/tienda\/wp-json\/wp\/v2\/product"}],"about":[{"href":"https:\/\/magoezequias.com.ar\/tienda\/wp-json\/wp\/v2\/types\/product"}],"replies":[{"embeddable":true,"href":"https:\/\/magoezequias.com.ar\/tienda\/wp-json\/wp\/v2\/comments?post=463"}],"version-history":[{"count":0,"href":"https:\/\/magoezequias.com.ar\/tienda\/wp-json\/wp\/v2\/product\/463\/revisions"}],"wp:featuredmedia":[{"embeddable":true,"href":"https:\/\/magoezequias.com.ar\/tienda\/wp-json\/wp\/v2\/media\/464"}],"wp:attachment":[{"href":"https:\/\/magoezequias.com.ar\/tienda\/wp-json\/wp\/v2\/media?parent=463"}],"wp:term":[{"taxonomy":"product_brand","embeddable":true,"href":"https:\/\/magoezequias.com.ar\/tienda\/wp-json\/wp\/v2\/product_brand?post=463"},{"taxonomy":"product_cat","embeddable":true,"href":"https:\/\/magoezequias.com.ar\/tienda\/wp-json\/wp\/v2\/product_cat?post=463"},{"taxonomy":"product_tag","embeddable":true,"href":"https:\/\/magoezequias.com.ar\/tienda\/wp-json\/wp\/v2\/product_tag?post=463"}],"curies":[{"name":"wp","href":"https:\/\/api.w.org\/{rel}","templated":true}]}}