{"id":517,"date":"2015-09-07T22:42:12","date_gmt":"2015-09-07T22:42:12","guid":{"rendered":"https:\/\/magoezequias.com.ar\/tienda\/?post_type=product&#038;p=517"},"modified":"2019-11-20T02:29:10","modified_gmt":"2019-11-20T02:29:10","slug":"total-recall-por-manuel-llaser-dvd","status":"publish","type":"product","link":"https:\/\/magoezequias.com.ar\/tienda\/producto\/total-recall-por-manuel-llaser-dvd","title":{"rendered":"Total Recall por Manuel Llaser (DVD)"},"content":{"rendered":"<p><a href=\"https:\/\/magoezequias.com.ar\/tienda\/wp-content\/uploads\/2015\/09\/total-recall-manuel-llaser.png\"><img fetchpriority=\"high\" decoding=\"async\" class=\"alignleft size-full wp-image-518\" src=\"https:\/\/magoezequias.com.ar\/tienda\/wp-content\/uploads\/2015\/09\/total-recall-manuel-llaser.png\" alt=\"total recall manuel llaser\" width=\"400\" height=\"400\" srcset=\"https:\/\/magoezequias.com.ar\/tienda\/wp-content\/uploads\/2015\/09\/total-recall-manuel-llaser.png 400w, https:\/\/magoezequias.com.ar\/tienda\/wp-content\/uploads\/2015\/09\/total-recall-manuel-llaser-300x300.png 300w, https:\/\/magoezequias.com.ar\/tienda\/wp-content\/uploads\/2015\/09\/total-recall-manuel-llaser-90x90.png 90w, https:\/\/magoezequias.com.ar\/tienda\/wp-content\/uploads\/2015\/09\/total-recall-manuel-llaser-150x150.png 150w\" sizes=\"(max-width: 400px) 100vw, 400px\" \/><\/a><\/p>\n<p>&nbsp;<\/p>\n<p>&nbsp;<\/p>\n<p>&nbsp;<\/p>\n<p>&nbsp;<\/p>\n<p>&nbsp;<\/p>\n<p>&nbsp;<\/p>\n<p>&nbsp;<\/p>\n<p>&nbsp;<\/p>\n<p>&nbsp;<\/p>\n<p>Vernet se enorgullece en presentar un acto de memoria extraordinaria y \u00fanica:<\/p>\n<p>Juan Tamariz, dijo: \u00abEs absolutamente convincente y estoy totalmente convencido de que Manuel memoriza toda la cubierta tan r\u00e1pido como un rayo !!!! Extraordinaria de hecho !!!!<\/p>\n<p>Imagine &#8230;<br \/>\nEl espectador le da una baraja barajada bien de las tarjetas, que nunca han visto antes, y despu\u00e9s de 30 segundos de esfuerzo de memoria y 200 neuronas menos que son capaces de nombrar cualquier tarjeta en cualquier n\u00famero dado. La posici\u00f3n en la que la cubierta de cualquier carta llamada. Tambi\u00e9n la posici\u00f3n de cualquier cuatro de una clase dada por el espectador Cualquier secuencia de cartas consecutivas memorizar por un miembro de la audiencia, y al final se puede recitar toda la cubierta con el fin, o lo que es a\u00fan mejor, le da la cubierta hasta la espectador como un regalo y \u00e9l puede llamar a cualquier hora que quiere y puede recitar el fin para \u00e9l.<\/p>\n<p>No mnem\u00f3nicos<br \/>\nCualquier baraja mezclada<br \/>\nCualquier momento y lugar<br \/>\nConvence a su p\u00fablico de su capacidad de memoria super.<br \/>\nBonus track: \u00abC\u00f3mo recitar toda la cubierta\u00bb Ser capaz de recordar la cubierta para siempre. El espectador puede llamar en cualquier momento y se puede recitar todo el orden de la baraja.<br \/>\n100% de audiencia a prueba<br \/>\n<iframe src=\"https:\/\/www.youtube.com\/embed\/eOsaQ6P5H4g\" width=\"560\" height=\"315\" frameborder=\"0\" allowfullscreen=\"allowfullscreen\"><\/iframe><\/p>\n","protected":false},"excerpt":{"rendered":"<p>Todo un acto de memorizaci\u00f3n de la baraja.<\/p>\n","protected":false},"featured_media":518,"comment_status":"open","ping_status":"closed","template":"","meta":[],"product_brand":[],"product_cat":[12,124],"product_tag":[232,237,236,238],"class_list":{"0":"post-517","1":"product","2":"type-product","3":"status-publish","4":"has-post-thumbnail","6":"product_cat-cartomagia","7":"product_cat-dvd-libros","8":"product_tag-cartomagia","9":"product_tag-llaser","10":"product_tag-manuel","11":"product_tag-recall","13":"first","14":"outofstock","15":"shipping-taxable","16":"purchasable","17":"product-type-simple"},"aioseo_notices":[],"_links":{"self":[{"href":"https:\/\/magoezequias.com.ar\/tienda\/wp-json\/wp\/v2\/product\/517","targetHints":{"allow":["GET"]}}],"collection":[{"href":"https:\/\/magoezequias.com.ar\/tienda\/wp-json\/wp\/v2\/product"}],"about":[{"href":"https:\/\/magoezequias.com.ar\/tienda\/wp-json\/wp\/v2\/types\/product"}],"replies":[{"embeddable":true,"href":"https:\/\/magoezequias.com.ar\/tienda\/wp-json\/wp\/v2\/comments?post=517"}],"version-history":[{"count":0,"href":"https:\/\/magoezequias.com.ar\/tienda\/wp-json\/wp\/v2\/product\/517\/revisions"}],"wp:featuredmedia":[{"embeddable":true,"href":"https:\/\/magoezequias.com.ar\/tienda\/wp-json\/wp\/v2\/media\/518"}],"wp:attachment":[{"href":"https:\/\/magoezequias.com.ar\/tienda\/wp-json\/wp\/v2\/media?parent=517"}],"wp:term":[{"taxonomy":"product_brand","embeddable":true,"href":"https:\/\/magoezequias.com.ar\/tienda\/wp-json\/wp\/v2\/product_brand?post=517"},{"taxonomy":"product_cat","embeddable":true,"href":"https:\/\/magoezequias.com.ar\/tienda\/wp-json\/wp\/v2\/product_cat?post=517"},{"taxonomy":"product_tag","embeddable":true,"href":"https:\/\/magoezequias.com.ar\/tienda\/wp-json\/wp\/v2\/product_tag?post=517"}],"curies":[{"name":"wp","href":"https:\/\/api.w.org\/{rel}","templated":true}]}}