{"id":565,"date":"2015-12-02T21:33:08","date_gmt":"2015-12-02T21:33:08","guid":{"rendered":"https:\/\/magoezequias.com.ar\/tienda\/?post_type=product&#038;p=565"},"modified":"2024-05-15T15:31:34","modified_gmt":"2024-05-15T15:31:34","slug":"panuelo-a-huevo","status":"publish","type":"product","link":"https:\/\/magoezequias.com.ar\/tienda\/producto\/panuelo-a-huevo","title":{"rendered":"Pa\u00f1uelo a Huevo"},"content":{"rendered":"<p><a href=\"https:\/\/magoezequias.com.ar\/tienda\/wp-content\/uploads\/2015\/12\/panuelo_huevo_vernet.jpg\"><img fetchpriority=\"high\" decoding=\"async\" class=\"aligncenter size-full wp-image-566\" src=\"https:\/\/magoezequias.com.ar\/tienda\/wp-content\/uploads\/2015\/12\/panuelo_huevo_vernet.jpg\" alt=\"panuelo_huevo_vernet\" width=\"400\" height=\"400\" srcset=\"https:\/\/magoezequias.com.ar\/tienda\/wp-content\/uploads\/2015\/12\/panuelo_huevo_vernet.jpg 400w, https:\/\/magoezequias.com.ar\/tienda\/wp-content\/uploads\/2015\/12\/panuelo_huevo_vernet-300x300.jpg 300w, https:\/\/magoezequias.com.ar\/tienda\/wp-content\/uploads\/2015\/12\/panuelo_huevo_vernet-90x90.jpg 90w, https:\/\/magoezequias.com.ar\/tienda\/wp-content\/uploads\/2015\/12\/panuelo_huevo_vernet-150x150.jpg 150w\" sizes=\"(max-width: 400px) 100vw, 400px\" \/><\/a><\/p>\n<p>&nbsp;<\/p>\n<p>&nbsp;<\/p>\n<p>Se mago coloca un pa\u00f1uelo rojo dentro del pu\u00f1o de la mano y m\u00e1gicamente lo \u00a0transforma en un huevo.<\/p>\n<p>&nbsp;<\/p>\n<p>Luego se realiza la explicaci\u00f3n del efecto mostrando que se utiliz\u00f3 un huevo falso con un agujero.<\/p>\n<p>&nbsp;<\/p>\n<p>Se vuelve a repetir la operaci\u00f3n, una vez que el pa\u00f1uelo ya se coloco dentro del pu\u00f1o se muestra el huevo y para demostrar que ahora si realmente la magia existi\u00f3 se rompe el huevo dejando caer la yema y la clara dentro de un vaso para demostrar que es real.<\/p>\n<p>&nbsp;<\/p>\n<p>Una rutina muy comercial y sin el peligro de utilizar un huevo verdadero que puede romperse.<\/p>\n<p>&nbsp;<\/p>\n","protected":false},"excerpt":{"rendered":"<p>Una rutina muy f\u00e1cil e ideal para magia infantil.<\/p>\n","protected":false},"featured_media":566,"comment_status":"open","ping_status":"closed","template":"","meta":[],"product_brand":[],"product_cat":[7,8,9],"product_tag":[258,256,185,52,257,63],"class_list":{"0":"post-565","1":"product","2":"type-product","3":"status-publish","4":"has-post-thumbnail","6":"product_cat-accesorios","7":"product_cat-infantil","8":"product_cat-salon","9":"product_tag-egg","10":"product_tag-huevo","11":"product_tag-magic","12":"product_tag-panuelo","13":"product_tag-silk","14":"product_tag-vernet","16":"first","17":"instock","18":"shipping-taxable","19":"purchasable","20":"product-type-simple"},"aioseo_notices":[],"_links":{"self":[{"href":"https:\/\/magoezequias.com.ar\/tienda\/wp-json\/wp\/v2\/product\/565","targetHints":{"allow":["GET"]}}],"collection":[{"href":"https:\/\/magoezequias.com.ar\/tienda\/wp-json\/wp\/v2\/product"}],"about":[{"href":"https:\/\/magoezequias.com.ar\/tienda\/wp-json\/wp\/v2\/types\/product"}],"replies":[{"embeddable":true,"href":"https:\/\/magoezequias.com.ar\/tienda\/wp-json\/wp\/v2\/comments?post=565"}],"version-history":[{"count":0,"href":"https:\/\/magoezequias.com.ar\/tienda\/wp-json\/wp\/v2\/product\/565\/revisions"}],"wp:featuredmedia":[{"embeddable":true,"href":"https:\/\/magoezequias.com.ar\/tienda\/wp-json\/wp\/v2\/media\/566"}],"wp:attachment":[{"href":"https:\/\/magoezequias.com.ar\/tienda\/wp-json\/wp\/v2\/media?parent=565"}],"wp:term":[{"taxonomy":"product_brand","embeddable":true,"href":"https:\/\/magoezequias.com.ar\/tienda\/wp-json\/wp\/v2\/product_brand?post=565"},{"taxonomy":"product_cat","embeddable":true,"href":"https:\/\/magoezequias.com.ar\/tienda\/wp-json\/wp\/v2\/product_cat?post=565"},{"taxonomy":"product_tag","embeddable":true,"href":"https:\/\/magoezequias.com.ar\/tienda\/wp-json\/wp\/v2\/product_tag?post=565"}],"curies":[{"name":"wp","href":"https:\/\/api.w.org\/{rel}","templated":true}]}}