{"id":592,"date":"2016-02-22T12:44:46","date_gmt":"2016-02-22T12:44:46","guid":{"rendered":"https:\/\/magoezequias.com.ar\/tienda\/?post_type=product&#038;p=592"},"modified":"2019-11-25T14:48:35","modified_gmt":"2019-11-25T14:48:35","slug":"un-viaje-a-cancun","status":"publish","type":"product","link":"https:\/\/magoezequias.com.ar\/tienda\/producto\/un-viaje-a-cancun","title":{"rendered":"Un Viaje a Canc\u00fan"},"content":{"rendered":"<p><a href=\"https:\/\/magoezequias.com.ar\/tienda\/wp-content\/uploads\/2016\/02\/cancun_george.png\" rel=\"attachment wp-att-593\"><img fetchpriority=\"high\" decoding=\"async\" class=\"alignleft size-full wp-image-593\" src=\"https:\/\/magoezequias.com.ar\/tienda\/wp-content\/uploads\/2016\/02\/cancun_george.png\" alt=\"cancun_george\" width=\"400\" height=\"400\" srcset=\"https:\/\/magoezequias.com.ar\/tienda\/wp-content\/uploads\/2016\/02\/cancun_george.png 400w, https:\/\/magoezequias.com.ar\/tienda\/wp-content\/uploads\/2016\/02\/cancun_george-300x300.png 300w, https:\/\/magoezequias.com.ar\/tienda\/wp-content\/uploads\/2016\/02\/cancun_george-90x90.png 90w, https:\/\/magoezequias.com.ar\/tienda\/wp-content\/uploads\/2016\/02\/cancun_george-150x150.png 150w\" sizes=\"(max-width: 400px) 100vw, 400px\" \/><\/a>Hacer cualquier viaje de tarjeta firmada a Canc\u00fan de una manera muy sensual!<\/p>\n<p>Inspirado por el efecto de Abbotts Ba\u00f1o de belleza cl\u00e1sico, originalmente creado por Frederick Culpitt de Inglaterra.<\/p>\n<p>George Iglesias nos trae ahora su versi\u00f3n renovada, con un m\u00e9todo mejorado y un efecto de gran alcance. Una rutina de comedia siete minutos s\u00f3lido que tiene un gran giro y la trama y que est\u00e1 listo para entretener al p\u00fablico de todas las nacionalidades!<\/p>\n<p>EFECTO: Un espectador elige una carta y lo firme, luego se coloca de nuevo en la cubierta y bar\u00e1jalo. Ahora el mago anuncia que va a teletransportarse tarjeta del espectador en un lugar encantador y ex\u00f3tico, una playa paradis\u00edaca so\u00f1ado en el Caribe como Canc\u00fan. (Usted puede nombrar a cualquier otra playa en el mundo, la libre elecci\u00f3n)<\/p>\n<p>El mago hace un gesto m\u00e1gico y se desvanece la carta de la baraja. El espectador es invitado ahora, para tratar de encontrar a su tarjeta firmada en la cubierta sin suerte, una a una las cartas est\u00e1n viendo y la tarjeta seleccionada simplemente ha desaparecido!<\/p>\n<p>Para demostrarlo, se muestra ahora un cartel con una hermosa dama en la foto, ella est\u00e1 usando un bikini rojo y una falda hula, ella tambi\u00e9n es la celebraci\u00f3n de un par de cocos y una tarjeta hacia abajo que se puede ver en su interior Bra &#8216;. ..<\/p>\n<p>El mago anuncia que va a hacer una parte del viaje el cuerpo del espectador en el tiempo y la distancia a Canc\u00fan para llegar a su tarjeta y traerla de vuelta.<\/p>\n<p>Ahora, el espectador se pega su mano dentro y saca la falda hula lugar &#8230; Hummmm el mago dice: \u00abEscucha, te he dicho que tomar la tarjeta, no la falda\u00bb (Cuando est\u00e1 abierta se puede ver que la imagen le falta ahora la falda)<\/p>\n<p>Una vez m\u00e1s, el mago le da otra oportunidad al espectador para llegar en el mundo de dos dimensiones para traer de vuelta a su tarjeta &#8230; \u00c9l meter la mano de nuevo, pero esta vez se saca la parte superior del bikini a cabo (El sujetador) (Cuando est\u00e1 abierto el cartel, se puede ver ahora que ella est\u00e1 cubriendo su parte superior con el par de cocos que ten\u00eda).<\/p>\n<p>&nbsp;<\/p>\n<p><a href=\"https:\/\/magoezequias.com.ar\/tienda\/wp-content\/uploads\/2016\/02\/cancun_george2.png\" rel=\"attachment wp-att-594\"><img decoding=\"async\" class=\"aligncenter size-full wp-image-594\" src=\"https:\/\/magoezequias.com.ar\/tienda\/wp-content\/uploads\/2016\/02\/cancun_george2.png\" alt=\"cancun_george2\" width=\"400\" height=\"400\" srcset=\"https:\/\/magoezequias.com.ar\/tienda\/wp-content\/uploads\/2016\/02\/cancun_george2.png 400w, https:\/\/magoezequias.com.ar\/tienda\/wp-content\/uploads\/2016\/02\/cancun_george2-300x300.png 300w, https:\/\/magoezequias.com.ar\/tienda\/wp-content\/uploads\/2016\/02\/cancun_george2-90x90.png 90w, https:\/\/magoezequias.com.ar\/tienda\/wp-content\/uploads\/2016\/02\/cancun_george2-150x150.png 150w\" sizes=\"(max-width: 400px) 100vw, 400px\" \/><\/a><\/p>\n<p>El mago no asume ning\u00fan tipo de riesgo, y se decidi\u00f3 a ir a por ello, tomando la carta boca abajo fuera &#8230; grande es su sorpresa cuando y \u00abpor error\u00bb la parte inferior de la bicicleta de repente viene a cabo junto con la tarjeta firmada &#8230;<\/p>\n<p>El mago se siente avergonzado y le pregunt\u00f3 al espectador acerca de la tarjeta que ha seleccionado y cuando el volumen de negocios es precisamente la carta que ha seleccionado y firmado por el principio &#8230;<\/p>\n<p>El mago anuncia el final del truco y tomar un arco &#8230; Pero espera que el p\u00fablico quiere m\u00e1s! Ellos quieren ver el interior de la imagen! De modo que el mago pregunta: \u00bfQuieres verlo? \u00c9l volvi\u00f3 a preguntar: \u00bfRealmente quieres verlo &#8230; As\u00ed que usted puede verlo \u00a8 (El cartel est\u00e1 abierto y que \u00abMario, el Baywatch\u00bb un tipo de m\u00fasculo con una mirada sucia se puede ver)?!<br \/>\nExcelente para la comedia, sal\u00f3n y magia de escenario espect\u00e1culos.<br \/>\nLa tarjeta puede ser firmada por el espectador o no, usted decide.<br \/>\nTambi\u00e9n puede utilizar un duplicado del carn\u00e9 y una tarjeta de forzar (totalmente explicado en el v\u00eddeo ilustrativo).<br \/>\nViene con todo lo necesario, incluyendo las piezas de ropa al SET.<br \/>\nLa gran calidad, 5 imanes de neodimio, garantizar\u00e1 todos los paneles<br \/>\nImpreso en un papel de alta resoluci\u00f3n con un gran nivel de realismo y revestido de pl\u00e1stico para aumentar la durabilidad.<br \/>\nViene con un video en l\u00ednea de Instrucci\u00f3n.<\/p>\n<p>&nbsp;<\/p>\n<p>&nbsp;<\/p>\n<p><iframe src=\"https:\/\/www.youtube.com\/embed\/Dl26GoZOyDc\" width=\"560\" height=\"315\" frameborder=\"0\" allowfullscreen=\"allowfullscreen\"><\/iframe><\/p>\n","protected":false},"excerpt":{"rendered":"<p>Un mont\u00f3n de comedia! Muy f\u00e1cil de realizar y operar! 7 Minutos rutina de comedia<\/p>\n","protected":false},"featured_media":593,"comment_status":"open","ping_status":"closed","template":"","meta":[],"product_brand":[],"product_cat":[12,9],"product_tag":[267,268,265],"class_list":{"0":"post-592","1":"product","2":"type-product","3":"status-publish","4":"has-post-thumbnail","6":"product_cat-cartomagia","7":"product_cat-salon","8":"product_tag-cancun","9":"product_tag-george","10":"product_tag-iglesias","12":"first","13":"outofstock","14":"shipping-taxable","15":"purchasable","16":"product-type-simple"},"aioseo_notices":[],"_links":{"self":[{"href":"https:\/\/magoezequias.com.ar\/tienda\/wp-json\/wp\/v2\/product\/592","targetHints":{"allow":["GET"]}}],"collection":[{"href":"https:\/\/magoezequias.com.ar\/tienda\/wp-json\/wp\/v2\/product"}],"about":[{"href":"https:\/\/magoezequias.com.ar\/tienda\/wp-json\/wp\/v2\/types\/product"}],"replies":[{"embeddable":true,"href":"https:\/\/magoezequias.com.ar\/tienda\/wp-json\/wp\/v2\/comments?post=592"}],"version-history":[{"count":0,"href":"https:\/\/magoezequias.com.ar\/tienda\/wp-json\/wp\/v2\/product\/592\/revisions"}],"wp:featuredmedia":[{"embeddable":true,"href":"https:\/\/magoezequias.com.ar\/tienda\/wp-json\/wp\/v2\/media\/593"}],"wp:attachment":[{"href":"https:\/\/magoezequias.com.ar\/tienda\/wp-json\/wp\/v2\/media?parent=592"}],"wp:term":[{"taxonomy":"product_brand","embeddable":true,"href":"https:\/\/magoezequias.com.ar\/tienda\/wp-json\/wp\/v2\/product_brand?post=592"},{"taxonomy":"product_cat","embeddable":true,"href":"https:\/\/magoezequias.com.ar\/tienda\/wp-json\/wp\/v2\/product_cat?post=592"},{"taxonomy":"product_tag","embeddable":true,"href":"https:\/\/magoezequias.com.ar\/tienda\/wp-json\/wp\/v2\/product_tag?post=592"}],"curies":[{"name":"wp","href":"https:\/\/api.w.org\/{rel}","templated":true}]}}