{"id":597,"date":"2016-02-22T12:57:09","date_gmt":"2016-02-22T12:57:09","guid":{"rendered":"https:\/\/magoezequias.com.ar\/tienda\/?post_type=product&#038;p=597"},"modified":"2024-03-08T23:22:06","modified_gmt":"2024-03-08T23:22:06","slug":"dolar-a-tarjeta-de-credito-2-0","status":"publish","type":"product","link":"https:\/\/magoezequias.com.ar\/tienda\/producto\/dolar-a-tarjeta-de-credito-2-0","title":{"rendered":"D\u00f3lar a Tarjeta de Cr\u00e9dito 2.0"},"content":{"rendered":"<p><a href=\"https:\/\/magoezequias.com.ar\/tienda\/wp-content\/uploads\/2016\/02\/d_lar_a_tarjeta_de_cr_dito_2.0_con_dvd_por_george_iglesias_1.jpg\" rel=\"attachment wp-att-598\"><img fetchpriority=\"high\" decoding=\"async\" class=\"alignleft size-full wp-image-598\" src=\"https:\/\/magoezequias.com.ar\/tienda\/wp-content\/uploads\/2016\/02\/d_lar_a_tarjeta_de_cr_dito_2.0_con_dvd_por_george_iglesias_1.jpg\" alt=\"d_lar_a_tarjeta_de_cr_dito_2.0_con_dvd_por_george_iglesias_1\" width=\"304\" height=\"340\" srcset=\"https:\/\/magoezequias.com.ar\/tienda\/wp-content\/uploads\/2016\/02\/d_lar_a_tarjeta_de_cr_dito_2.0_con_dvd_por_george_iglesias_1.jpg 304w, https:\/\/magoezequias.com.ar\/tienda\/wp-content\/uploads\/2016\/02\/d_lar_a_tarjeta_de_cr_dito_2.0_con_dvd_por_george_iglesias_1-268x300.jpg 268w\" sizes=\"(max-width: 304px) 100vw, 304px\" \/><\/a>En estos d\u00edas en que todo se paga con pl\u00e1stico, transformaci\u00f3n de un billete de d\u00f3lar en una tarjeta de cr\u00e9dito en un abrir y cerrar de ojos! Impresiona a tus amigos!<\/p>\n<p>&nbsp;<\/p>\n<p>Los clientes de negocios! Amigas! Utilizarlo en el plano performances, muestra a los ni\u00f1os la magia, la configuraci\u00f3n de la sala y sus espect\u00e1culos de magia el escenario!<\/p>\n<p>&nbsp;<\/p>\n<p>&nbsp;<\/p>\n<p>Realizar en situaciones de la vida real, en el momento de pagar la cuenta en los supermercados, restaurantes, cines, aeropuertos, etc, etc, etc! Viene con el accesorio que le permitir\u00e1 realizar el efecto. Incluye un billete de un d\u00f3lar real y una r\u00e9plica de una tarjeta de cr\u00e9dito American Express Gold.<\/p>\n<p>&nbsp;<\/p>\n<p>Incluye un video\u00a0de instrucciones que le guiar\u00e1 paso a paso en c\u00f3mo llevarla a cabo. Muy f\u00e1cil de hacer!<\/p>\n<p>&nbsp;<\/p>\n<p>No Juego de manos necesario! Aut\u00f3nomo! Abra la caja y realizar de inmediato! Viene con trucos adicionales para personalizar sus tarjetas de cr\u00e9dito propias.<\/p>\n<p>&nbsp;<\/p>\n<p><iframe src=\"https:\/\/www.youtube.com\/embed\/ok47ou70Ugs\" width=\"420\" height=\"315\" frameborder=\"0\" allowfullscreen=\"allowfullscreen\"><\/iframe><\/p>\n","protected":false},"excerpt":{"rendered":"<p>Un efecto visual, para llevar siempre a todos lados.<\/p>\n","protected":false},"featured_media":598,"comment_status":"open","ping_status":"closed","template":"","meta":[],"product_brand":[],"product_cat":[11,9],"product_tag":[271,272,270],"class_list":{"0":"post-597","1":"product","2":"type-product","3":"status-publish","4":"has-post-thumbnail","6":"product_cat-close-up","7":"product_cat-salon","8":"product_tag-credito","9":"product_tag-dolar","10":"product_tag-trajeta","12":"first","13":"outofstock","14":"shipping-taxable","15":"purchasable","16":"product-type-simple"},"aioseo_notices":[],"_links":{"self":[{"href":"https:\/\/magoezequias.com.ar\/tienda\/wp-json\/wp\/v2\/product\/597","targetHints":{"allow":["GET"]}}],"collection":[{"href":"https:\/\/magoezequias.com.ar\/tienda\/wp-json\/wp\/v2\/product"}],"about":[{"href":"https:\/\/magoezequias.com.ar\/tienda\/wp-json\/wp\/v2\/types\/product"}],"replies":[{"embeddable":true,"href":"https:\/\/magoezequias.com.ar\/tienda\/wp-json\/wp\/v2\/comments?post=597"}],"version-history":[{"count":0,"href":"https:\/\/magoezequias.com.ar\/tienda\/wp-json\/wp\/v2\/product\/597\/revisions"}],"wp:featuredmedia":[{"embeddable":true,"href":"https:\/\/magoezequias.com.ar\/tienda\/wp-json\/wp\/v2\/media\/598"}],"wp:attachment":[{"href":"https:\/\/magoezequias.com.ar\/tienda\/wp-json\/wp\/v2\/media?parent=597"}],"wp:term":[{"taxonomy":"product_brand","embeddable":true,"href":"https:\/\/magoezequias.com.ar\/tienda\/wp-json\/wp\/v2\/product_brand?post=597"},{"taxonomy":"product_cat","embeddable":true,"href":"https:\/\/magoezequias.com.ar\/tienda\/wp-json\/wp\/v2\/product_cat?post=597"},{"taxonomy":"product_tag","embeddable":true,"href":"https:\/\/magoezequias.com.ar\/tienda\/wp-json\/wp\/v2\/product_tag?post=597"}],"curies":[{"name":"wp","href":"https:\/\/api.w.org\/{rel}","templated":true}]}}