{"id":637,"date":"2016-03-16T22:59:55","date_gmt":"2016-03-16T22:59:55","guid":{"rendered":"https:\/\/magoezequias.com.ar\/tienda\/?post_type=product&#038;p=637"},"modified":"2019-11-20T02:19:31","modified_gmt":"2019-11-20T02:19:31","slug":"falso-pulgar-magnetico","status":"publish","type":"product","link":"https:\/\/magoezequias.com.ar\/tienda\/producto\/falso-pulgar-magnetico","title":{"rendered":"Falso Pulgar Magn\u00e9tico"},"content":{"rendered":"<p>El \u201cFalso P<a href=\"https:\/\/magoezequias.com.ar\/tienda\/wp-content\/uploads\/2016\/03\/falso_pulgar_magn_tico.jpg\" rel=\"attachment wp-att-638\"><img fetchpriority=\"high\" decoding=\"async\" class=\"alignleft size-full wp-image-638\" src=\"https:\/\/magoezequias.com.ar\/tienda\/wp-content\/uploads\/2016\/03\/falso_pulgar_magn_tico.jpg\" alt=\"falso_pulgar_magn_tico\" width=\"200\" height=\"250\" \/><\/a>ulgar Magn\u00e9tico\u201d est\u00e1 fabricado con el famoso Falso Pulgar Cl\u00e1sico de Vernet y con los m\u00e1s poderosos imanes que se puede encontrar en el mercado.<\/p>\n<p>&nbsp;<\/p>\n<p>&nbsp;<\/p>\n<p>El \u201cFalso Pulgar Magn\u00e9tico\u201d es un poderoso gimmick que le permitir\u00e1 realizar una cantidad innumerables de efectos PK.<\/p>\n<p>&nbsp;<\/p>\n<p>&nbsp;<\/p>\n<p>Podr\u00e1 detener el reloj de un espectador diciendo que es poder de la mente, unir aros, levantar clips met\u00e1licos para papel, unir 2 cucharas dejando girar la que queda suspendida y muchos otros efectos.<\/p>\n<p>&nbsp;<\/p>\n","protected":false},"excerpt":{"rendered":"<p>Efectos solo limitados a su imaginaci\u00f3n!!!!<\/p>\n","protected":false},"featured_media":638,"comment_status":"open","ping_status":"closed","template":"","meta":[],"product_brand":[],"product_cat":[7,11,10],"product_tag":[61,292,62],"class_list":{"0":"post-637","1":"product","2":"type-product","3":"status-publish","4":"has-post-thumbnail","6":"product_cat-accesorios","7":"product_cat-close-up","8":"product_cat-escena","9":"product_tag-falso","10":"product_tag-magnetico","11":"product_tag-pulgar","13":"first","14":"outofstock","15":"shipping-taxable","16":"purchasable","17":"product-type-simple"},"aioseo_notices":[],"_links":{"self":[{"href":"https:\/\/magoezequias.com.ar\/tienda\/wp-json\/wp\/v2\/product\/637","targetHints":{"allow":["GET"]}}],"collection":[{"href":"https:\/\/magoezequias.com.ar\/tienda\/wp-json\/wp\/v2\/product"}],"about":[{"href":"https:\/\/magoezequias.com.ar\/tienda\/wp-json\/wp\/v2\/types\/product"}],"replies":[{"embeddable":true,"href":"https:\/\/magoezequias.com.ar\/tienda\/wp-json\/wp\/v2\/comments?post=637"}],"version-history":[{"count":0,"href":"https:\/\/magoezequias.com.ar\/tienda\/wp-json\/wp\/v2\/product\/637\/revisions"}],"wp:featuredmedia":[{"embeddable":true,"href":"https:\/\/magoezequias.com.ar\/tienda\/wp-json\/wp\/v2\/media\/638"}],"wp:attachment":[{"href":"https:\/\/magoezequias.com.ar\/tienda\/wp-json\/wp\/v2\/media?parent=637"}],"wp:term":[{"taxonomy":"product_brand","embeddable":true,"href":"https:\/\/magoezequias.com.ar\/tienda\/wp-json\/wp\/v2\/product_brand?post=637"},{"taxonomy":"product_cat","embeddable":true,"href":"https:\/\/magoezequias.com.ar\/tienda\/wp-json\/wp\/v2\/product_cat?post=637"},{"taxonomy":"product_tag","embeddable":true,"href":"https:\/\/magoezequias.com.ar\/tienda\/wp-json\/wp\/v2\/product_tag?post=637"}],"curies":[{"name":"wp","href":"https:\/\/api.w.org\/{rel}","templated":true}]}}