{"id":737,"date":"2016-10-07T02:49:21","date_gmt":"2016-10-07T02:49:21","guid":{"rendered":"https:\/\/magoezequias.com.ar\/tienda\/?post_type=product&#038;p=737"},"modified":"2019-11-20T02:07:58","modified_gmt":"2019-11-20T02:07:58","slug":"flor-con-luz","status":"publish","type":"product","link":"https:\/\/magoezequias.com.ar\/tienda\/producto\/flor-con-luz","title":{"rendered":"Flor con Luz"},"content":{"rendered":"<p>&nbsp;<\/p>\n<p>Ideal para combinar con tu rutina de d\u00b4lites de color rojo, est\u00e1 fabricada con d\u00b4lites de alta luminosidad lo que proporciona una clara visi\u00f3n de la iluminaci\u00f3n de la rosa.<br \/>\nSu funcionamiento es tan f\u00e1cil que con solo presionar un bot\u00f3n en el tallo de la rosa, podr\u00e1 tomar y dejar la luz en la rosa iluminando todos los p\u00e9talos. Ideal para combinar con los dedos luminosos.<\/p>\n<p>Usted recibe la rosa especialmente fabricada para efecto el efecto, No incluye el dedo luminoso.<\/p>\n<p>&nbsp;<\/p>\n","protected":false},"excerpt":{"rendered":"<p>Millones de rutinas puede hacer con este incre\u00edble accesorio.<\/p>\n","protected":false},"featured_media":723,"comment_status":"open","ping_status":"closed","template":"","meta":[],"product_brand":[],"product_cat":[10,9],"product_tag":[87,329],"class_list":{"0":"post-737","1":"product","2":"type-product","3":"status-publish","4":"has-post-thumbnail","6":"product_cat-escena","7":"product_cat-salon","8":"product_tag-flor","9":"product_tag-luz","11":"first","12":"outofstock","13":"shipping-taxable","14":"purchasable","15":"product-type-simple"},"aioseo_notices":[],"_links":{"self":[{"href":"https:\/\/magoezequias.com.ar\/tienda\/wp-json\/wp\/v2\/product\/737","targetHints":{"allow":["GET"]}}],"collection":[{"href":"https:\/\/magoezequias.com.ar\/tienda\/wp-json\/wp\/v2\/product"}],"about":[{"href":"https:\/\/magoezequias.com.ar\/tienda\/wp-json\/wp\/v2\/types\/product"}],"replies":[{"embeddable":true,"href":"https:\/\/magoezequias.com.ar\/tienda\/wp-json\/wp\/v2\/comments?post=737"}],"version-history":[{"count":0,"href":"https:\/\/magoezequias.com.ar\/tienda\/wp-json\/wp\/v2\/product\/737\/revisions"}],"wp:featuredmedia":[{"embeddable":true,"href":"https:\/\/magoezequias.com.ar\/tienda\/wp-json\/wp\/v2\/media\/723"}],"wp:attachment":[{"href":"https:\/\/magoezequias.com.ar\/tienda\/wp-json\/wp\/v2\/media?parent=737"}],"wp:term":[{"taxonomy":"product_brand","embeddable":true,"href":"https:\/\/magoezequias.com.ar\/tienda\/wp-json\/wp\/v2\/product_brand?post=737"},{"taxonomy":"product_cat","embeddable":true,"href":"https:\/\/magoezequias.com.ar\/tienda\/wp-json\/wp\/v2\/product_cat?post=737"},{"taxonomy":"product_tag","embeddable":true,"href":"https:\/\/magoezequias.com.ar\/tienda\/wp-json\/wp\/v2\/product_tag?post=737"}],"curies":[{"name":"wp","href":"https:\/\/api.w.org\/{rel}","templated":true}]}}