{"id":74,"date":"2014-11-02T23:57:54","date_gmt":"2014-11-02T23:57:54","guid":{"rendered":"https:\/\/magoezequias.com.ar\/tienda\/?post_type=product&#038;p=74"},"modified":"2023-10-09T22:27:50","modified_gmt":"2023-10-09T22:27:50","slug":"monito-pasa-pasa","status":"publish","type":"product","link":"https:\/\/magoezequias.com.ar\/tienda\/producto\/monito-pasa-pasa","title":{"rendered":"Monito pasa pasa"},"content":{"rendered":"<p><a href=\"https:\/\/magoezequias.com.ar\/tienda\/wp-content\/uploads\/2014\/10\/1monitos-pasa-pasa.jpg\"><img fetchpriority=\"high\" decoding=\"async\" class=\"alignnone size-full wp-image-32\" src=\"https:\/\/magoezequias.com.ar\/tienda\/wp-content\/uploads\/2014\/10\/1monitos-pasa-pasa.jpg\" alt=\"Monitos pasa pasa\" width=\"448\" height=\"270\" srcset=\"https:\/\/magoezequias.com.ar\/tienda\/wp-content\/uploads\/2014\/10\/1monitos-pasa-pasa.jpg 448w, https:\/\/magoezequias.com.ar\/tienda\/wp-content\/uploads\/2014\/10\/1monitos-pasa-pasa-300x180.jpg 300w\" sizes=\"(max-width: 448px) 100vw, 448px\" \/><\/a><\/p>\n<p>El mago muestra la imagen de un monito en un panel y dice que le encantan las bananas, y hacer travesuras con ellas. Coloca el mago de forma separada los paneles con la imagen de las bananas y el monito, y cada uno es cubierto con un rect\u00e1ngulo decorado de modo diferente.<br \/>\nLuego el monito y las bananas de forma muy divertida y m\u00e1gica han intercambiado sus lugares, repitiendo el efecto varias veces, hasta que el p\u00fablico comienza a sospechar que el secreto est\u00e1 en que el mago est\u00e1 haciendo trampa y que solamente da vuelta cada panel.<br \/>\nLuego de un buen rato de comedia el mago acepta dar vuelta los paneles y all\u00ed aparecen el dibujo de un gran Gorila, el pap\u00e1 del monito quien lo reta por estar haciendo travesuras y en el otro panel el dibujo de un mago que era en definitiva quien cambiaba m\u00e1gicamente de lugar a nuestro amigo y su rica comida.<\/p>\n<p>Un juego ideal para shows de magia infantil, con un tama\u00f1o muy visual tanto para sal\u00f3n como escena, 23 por 15 cm. El mecanismo es magn\u00e9tico para trabajar con absoluta comodidad y seguridad.<\/p>\n<p>&nbsp;<\/p>\n<p>Viene con dvd con actuaciones en vivo y explicaciones, m\u00e1s consejos.<br \/>\n<iframe src=\"\/\/www.youtube.com\/embed\/lAGLXNt8xj4?list=UUPfFa6osMlHO4HA43bX-L8g\" width=\"560\" height=\"315\" frameborder=\"0\" allowfullscreen=\"allowfullscreen\"><\/iframe><\/p>\n<p><iframe src=\"\/\/www.youtube.com\/embed\/TuOc3yNnqq8?list=UUPfFa6osMlHO4HA43bX-L8g\" width=\"560\" height=\"315\" frameborder=\"0\" allowfullscreen=\"allowfullscreen\"><\/iframe><\/p>\n","protected":false},"excerpt":{"rendered":"<p>El cl\u00e1sico juego de magia infantil en una nueva versi\u00f3n, con los personajes de un monito y su banana.\u00a0Un juego con un tama\u00f1o muy visual tanto para sal\u00f3n como escena, 23 por 15 cm. El mecanismo es magn\u00e9tico para trabajar con absoluta comodidad y seguridad.<\/p>\n","protected":false},"featured_media":32,"comment_status":"open","ping_status":"closed","template":"","meta":[],"product_brand":[],"product_cat":[60,8,9],"product_tag":[41,17,14,39,40,38,29],"class_list":{"0":"post-74","1":"product","2":"type-product","3":"status-publish","4":"has-post-thumbnail","6":"product_cat-ezequias-2","7":"product_cat-infantil","8":"product_cat-salon","9":"product_tag-banana","10":"product_tag-ezequias","11":"product_tag-magia","12":"product_tag-monito","13":"product_tag-mono","14":"product_tag-pasa","15":"product_tag-productos","17":"first","18":"instock","19":"shipping-taxable","20":"purchasable","21":"product-type-simple"},"aioseo_notices":[],"_links":{"self":[{"href":"https:\/\/magoezequias.com.ar\/tienda\/wp-json\/wp\/v2\/product\/74","targetHints":{"allow":["GET"]}}],"collection":[{"href":"https:\/\/magoezequias.com.ar\/tienda\/wp-json\/wp\/v2\/product"}],"about":[{"href":"https:\/\/magoezequias.com.ar\/tienda\/wp-json\/wp\/v2\/types\/product"}],"replies":[{"embeddable":true,"href":"https:\/\/magoezequias.com.ar\/tienda\/wp-json\/wp\/v2\/comments?post=74"}],"version-history":[{"count":0,"href":"https:\/\/magoezequias.com.ar\/tienda\/wp-json\/wp\/v2\/product\/74\/revisions"}],"wp:featuredmedia":[{"embeddable":true,"href":"https:\/\/magoezequias.com.ar\/tienda\/wp-json\/wp\/v2\/media\/32"}],"wp:attachment":[{"href":"https:\/\/magoezequias.com.ar\/tienda\/wp-json\/wp\/v2\/media?parent=74"}],"wp:term":[{"taxonomy":"product_brand","embeddable":true,"href":"https:\/\/magoezequias.com.ar\/tienda\/wp-json\/wp\/v2\/product_brand?post=74"},{"taxonomy":"product_cat","embeddable":true,"href":"https:\/\/magoezequias.com.ar\/tienda\/wp-json\/wp\/v2\/product_cat?post=74"},{"taxonomy":"product_tag","embeddable":true,"href":"https:\/\/magoezequias.com.ar\/tienda\/wp-json\/wp\/v2\/product_tag?post=74"}],"curies":[{"name":"wp","href":"https:\/\/api.w.org\/{rel}","templated":true}]}}