{"id":750,"date":"2016-11-17T13:32:45","date_gmt":"2016-11-17T13:32:45","guid":{"rendered":"https:\/\/magoezequias.com.ar\/tienda\/?post_type=product&#038;p=750"},"modified":"2019-11-20T02:05:43","modified_gmt":"2019-11-20T02:05:43","slug":"rosquillas-o-donas-magicas","status":"publish","type":"product","link":"https:\/\/magoezequias.com.ar\/tienda\/producto\/rosquillas-o-donas-magicas","title":{"rendered":"Rosquillas o donas m\u00e1gicas"},"content":{"rendered":"<p><a href=\"https:\/\/magoezequias.com.ar\/tienda\/wp-content\/uploads\/2016\/11\/rosquilla.jpg\"><img fetchpriority=\"high\" decoding=\"async\" class=\"alignleft wp-image-751\" src=\"https:\/\/magoezequias.com.ar\/tienda\/wp-content\/uploads\/2016\/11\/rosquilla.jpg\" alt=\"rosquilla\" width=\"328\" height=\"248\" srcset=\"https:\/\/magoezequias.com.ar\/tienda\/wp-content\/uploads\/2016\/11\/rosquilla.jpg 445w, https:\/\/magoezequias.com.ar\/tienda\/wp-content\/uploads\/2016\/11\/rosquilla-300x227.jpg 300w\" sizes=\"(max-width: 328px) 100vw, 328px\" \/><\/a><a href=\"https:\/\/magoezequias.com.ar\/tienda\/wp-content\/uploads\/2016\/11\/rosquilla22.jpg\"><img decoding=\"async\" class=\"alignleft wp-image-752\" src=\"https:\/\/magoezequias.com.ar\/tienda\/wp-content\/uploads\/2016\/11\/rosquilla22.jpg\" alt=\"rosquilla22\" width=\"180\" height=\"252\" srcset=\"https:\/\/magoezequias.com.ar\/tienda\/wp-content\/uploads\/2016\/11\/rosquilla22.jpg 319w, https:\/\/magoezequias.com.ar\/tienda\/wp-content\/uploads\/2016\/11\/rosquilla22-214x300.jpg 214w\" sizes=\"(max-width: 180px) 100vw, 180px\" \/><\/a>El mago dice que uno de sus alimentos predilectos son las rosquillas: Muestra una carta tama\u00f1o\u00a0jumbo con una foto la imagen de una rosquilla y la coloca dentro de un colorido sobre.<\/p>\n<p>&nbsp;<\/p>\n<p>Ahora comienza el show\u00a0ya que dice que puede comerla m\u00e1gicamente y luego de las palabras m\u00e1gicas el mago muestra que la rosquilla\u00a0aparece mordida al ser sacada del sobre.<\/p>\n<p>&nbsp;<\/p>\n<p>Los ni\u00f1os sospechan la maniobra ya que vieron que el mago gira el sobre al meter la carta dentro y le piden que ense\u00f1e el otro lado de la carta. El mago\u00a0no hace caso y repite el efecto apareciendo nuevamente la rosquilla entera y mordida cuando el desea.<\/p>\n<p>&nbsp;<\/p>\n<p>Luego de situaciones de mucha comedia y la\u00a0insistencia del p\u00fablico, que cree que descubri\u00f3 el secreto, se gira la carta y para sorpresa de todos el mago dice que quien hac\u00eda magia y se las com\u00eda era el famoso Homero Simpson quien est\u00e1 dibujado comi\u00e9ndose la rosquilla.<\/p>\n<p>&nbsp;<\/p>\n<p>El mago puede mostrar el sobre vac\u00edo o entregarlo para ser revisado mostrando que no hab\u00eda otra imagen.<\/p>\n<p>&nbsp;<\/p>\n<p>Ocupa muy poco espacio y rinde mucho en escena.Siempre estar\u00e1 listo para ser utilizado, ya que es autom\u00e1tico.\u00a0Se entrega todo lo necesario\u00a0para el juego y un video con\u00a0la charla del efecto.<\/p>\n","protected":false},"excerpt":{"rendered":"<p>Una rutina s\u00faper divertida y m\u00e1gico para el publico<\/p>\n","protected":false},"featured_media":752,"comment_status":"open","ping_status":"closed","template":"","meta":[],"product_brand":[],"product_cat":[8,319],"product_tag":[],"class_list":{"0":"post-750","1":"product","2":"type-product","3":"status-publish","4":"has-post-thumbnail","6":"product_cat-infantil","7":"product_cat-principiantes","9":"first","10":"instock","11":"shipping-taxable","12":"purchasable","13":"product-type-simple"},"aioseo_notices":[],"_links":{"self":[{"href":"https:\/\/magoezequias.com.ar\/tienda\/wp-json\/wp\/v2\/product\/750","targetHints":{"allow":["GET"]}}],"collection":[{"href":"https:\/\/magoezequias.com.ar\/tienda\/wp-json\/wp\/v2\/product"}],"about":[{"href":"https:\/\/magoezequias.com.ar\/tienda\/wp-json\/wp\/v2\/types\/product"}],"replies":[{"embeddable":true,"href":"https:\/\/magoezequias.com.ar\/tienda\/wp-json\/wp\/v2\/comments?post=750"}],"version-history":[{"count":0,"href":"https:\/\/magoezequias.com.ar\/tienda\/wp-json\/wp\/v2\/product\/750\/revisions"}],"wp:featuredmedia":[{"embeddable":true,"href":"https:\/\/magoezequias.com.ar\/tienda\/wp-json\/wp\/v2\/media\/752"}],"wp:attachment":[{"href":"https:\/\/magoezequias.com.ar\/tienda\/wp-json\/wp\/v2\/media?parent=750"}],"wp:term":[{"taxonomy":"product_brand","embeddable":true,"href":"https:\/\/magoezequias.com.ar\/tienda\/wp-json\/wp\/v2\/product_brand?post=750"},{"taxonomy":"product_cat","embeddable":true,"href":"https:\/\/magoezequias.com.ar\/tienda\/wp-json\/wp\/v2\/product_cat?post=750"},{"taxonomy":"product_tag","embeddable":true,"href":"https:\/\/magoezequias.com.ar\/tienda\/wp-json\/wp\/v2\/product_tag?post=750"}],"curies":[{"name":"wp","href":"https:\/\/api.w.org\/{rel}","templated":true}]}}