{"id":77,"date":"2014-11-03T00:07:02","date_gmt":"2014-11-03T00:07:02","guid":{"rendered":"https:\/\/magoezequias.com.ar\/tienda\/?post_type=product&#038;p=77"},"modified":"2019-11-20T03:04:39","modified_gmt":"2019-11-20T03:04:39","slug":"monster-university-pasa-pasa","status":"publish","type":"product","link":"https:\/\/magoezequias.com.ar\/tienda\/producto\/monster-university-pasa-pasa","title":{"rendered":"Monster University pasa pasa"},"content":{"rendered":"<p>&nbsp;<\/p>\n<p><a href=\"https:\/\/magoezequias.com.ar\/tienda\/wp-content\/uploads\/2014\/10\/1pasa-pasa-Monster-University-chico.jpg\"><img fetchpriority=\"high\" decoding=\"async\" class=\"alignnone size-full wp-image-33\" src=\"https:\/\/magoezequias.com.ar\/tienda\/wp-content\/uploads\/2014\/10\/1pasa-pasa-Monster-University-chico.jpg\" alt=\"pasa pasa Monster University\" width=\"448\" height=\"222\" srcset=\"https:\/\/magoezequias.com.ar\/tienda\/wp-content\/uploads\/2014\/10\/1pasa-pasa-Monster-University-chico.jpg 448w, https:\/\/magoezequias.com.ar\/tienda\/wp-content\/uploads\/2014\/10\/1pasa-pasa-Monster-University-chico-275x135.jpg 275w, https:\/\/magoezequias.com.ar\/tienda\/wp-content\/uploads\/2014\/10\/1pasa-pasa-Monster-University-chico-300x148.jpg 300w\" sizes=\"(max-width: 448px) 100vw, 448px\" \/><\/a><\/p>\n<p>El mago muestra la imagen de Mike <em>Wazowski<\/em>\u00a0el personaje de las pel\u00edculas de Disney Pixar, Monsters y tambi\u00e9n el de su amigo James, quienes al taparlos con unas chimeneas que representan a las libretas universitarias cambian de lugar haciendo travesuras.<\/p>\n<p>Estos intercambian sus lugares, repitiendo el efecto varias veces, hasta que el p\u00fablico comienza a sospechar que el secreto est\u00e1 en que el mago est\u00e1 haciendo trampa y que solamente da vuelta cada panel.<br \/>\nLuego de un buen rato de comedia el mago acepta dar vuelta los paneles y all\u00ed aparecen el dibujo de la nena de la pel\u00edcula y en el otro panel el lagarto que cambia de color quien era en realidad el que hacia viajar m\u00e1gicamente de lugar a nuestros amigos.<\/p>\n<p>Un juego ideal para shows de magia infantil, con un tama\u00f1o muy visual tanto para sal\u00f3n como escena, 23 por 15 cm. El mecanismo es magn\u00e9tico para trabajar con absoluta comodidad y seguridad.<\/p>\n<p>&nbsp;<\/p>\n<p>Viene con dvd conteniendo videos de actuaciones en vivo y explicaciones, m\u00e1s consejos.<\/p>\n<p>&nbsp;<\/p>\n<p>&nbsp;<\/p>\n<p><iframe src=\"\/\/www.youtube.com\/embed\/lAGLXNt8xj4?list=UUPfFa6osMlHO4HA43bX-L8g\" width=\"560\" height=\"315\" frameborder=\"0\" allowfullscreen=\"allowfullscreen\"><\/iframe><\/p>\n","protected":false},"excerpt":{"rendered":"<p>El cl\u00e1sico juego de magia infantil en una nueva versi\u00f3n, con\u00a0Mike <em>Wazowski<\/em>\u00a0el personaje de las pel\u00edculas de Disney Pixar, Monsters .\u00a0Un juego con un tama\u00f1o muy visual tanto para sal\u00f3n como escena, 23 por 15 cm. El mecanismo es magn\u00e9tico para trabajar con absoluta comodidad y seguridad.<\/p>\n","protected":false},"featured_media":33,"comment_status":"open","ping_status":"closed","template":"","meta":[],"product_brand":[],"product_cat":[60,8,9],"product_tag":[17,15,14,42,38,29,43],"class_list":{"0":"post-77","1":"product","2":"type-product","3":"status-publish","4":"has-post-thumbnail","6":"product_cat-ezequias-2","7":"product_cat-infantil","8":"product_cat-salon","9":"product_tag-ezequias","10":"product_tag-infantil-2","11":"product_tag-magia","12":"product_tag-monster","13":"product_tag-pasa","14":"product_tag-productos","15":"product_tag-university","17":"first","18":"outofstock","19":"shipping-taxable","20":"purchasable","21":"product-type-simple"},"aioseo_notices":[],"_links":{"self":[{"href":"https:\/\/magoezequias.com.ar\/tienda\/wp-json\/wp\/v2\/product\/77","targetHints":{"allow":["GET"]}}],"collection":[{"href":"https:\/\/magoezequias.com.ar\/tienda\/wp-json\/wp\/v2\/product"}],"about":[{"href":"https:\/\/magoezequias.com.ar\/tienda\/wp-json\/wp\/v2\/types\/product"}],"replies":[{"embeddable":true,"href":"https:\/\/magoezequias.com.ar\/tienda\/wp-json\/wp\/v2\/comments?post=77"}],"version-history":[{"count":0,"href":"https:\/\/magoezequias.com.ar\/tienda\/wp-json\/wp\/v2\/product\/77\/revisions"}],"wp:featuredmedia":[{"embeddable":true,"href":"https:\/\/magoezequias.com.ar\/tienda\/wp-json\/wp\/v2\/media\/33"}],"wp:attachment":[{"href":"https:\/\/magoezequias.com.ar\/tienda\/wp-json\/wp\/v2\/media?parent=77"}],"wp:term":[{"taxonomy":"product_brand","embeddable":true,"href":"https:\/\/magoezequias.com.ar\/tienda\/wp-json\/wp\/v2\/product_brand?post=77"},{"taxonomy":"product_cat","embeddable":true,"href":"https:\/\/magoezequias.com.ar\/tienda\/wp-json\/wp\/v2\/product_cat?post=77"},{"taxonomy":"product_tag","embeddable":true,"href":"https:\/\/magoezequias.com.ar\/tienda\/wp-json\/wp\/v2\/product_tag?post=77"}],"curies":[{"name":"wp","href":"https:\/\/api.w.org\/{rel}","templated":true}]}}