{"id":840,"date":"2017-05-15T20:18:48","date_gmt":"2017-05-15T20:18:48","guid":{"rendered":"https:\/\/magoezequias.com.ar\/tienda\/?post_type=product&#038;p=840"},"modified":"2019-11-20T02:02:33","modified_gmt":"2019-11-20T02:02:33","slug":"holandes-errante","status":"publish","type":"product","link":"https:\/\/magoezequias.com.ar\/tienda\/producto\/holandes-errante","title":{"rendered":"Holandes Errante"},"content":{"rendered":"<p><a href=\"https:\/\/magoezequias.com.ar\/tienda\/wp-content\/uploads\/2017\/05\/DSCN1456.jpg\"><img fetchpriority=\"high\" decoding=\"async\" class=\"size-medium wp-image-832 alignleft\" src=\"https:\/\/magoezequias.com.ar\/tienda\/wp-content\/uploads\/2017\/05\/DSCN1456-300x218.jpg\" alt=\"\" width=\"300\" height=\"218\" srcset=\"https:\/\/magoezequias.com.ar\/tienda\/wp-content\/uploads\/2017\/05\/DSCN1456-300x218.jpg 300w, https:\/\/magoezequias.com.ar\/tienda\/wp-content\/uploads\/2017\/05\/DSCN1456.jpg 640w\" sizes=\"(max-width: 300px) 100vw, 300px\" \/><\/a> <a href=\"https:\/\/magoezequias.com.ar\/tienda\/wp-content\/uploads\/2017\/05\/DSCN1455.jpg\"><img decoding=\"async\" class=\"size-medium wp-image-831 alignleft\" src=\"https:\/\/magoezequias.com.ar\/tienda\/wp-content\/uploads\/2017\/05\/DSCN1455-300x220.jpg\" alt=\"\" width=\"300\" height=\"220\" srcset=\"https:\/\/magoezequias.com.ar\/tienda\/wp-content\/uploads\/2017\/05\/DSCN1455-300x220.jpg 300w, https:\/\/magoezequias.com.ar\/tienda\/wp-content\/uploads\/2017\/05\/DSCN1455.jpg 640w\" sizes=\"(max-width: 300px) 100vw, 300px\" \/><\/a>El mago muestra tres cartas, pidiendo al espectador que no pierda de vista la carta del medio que es la diferente.<\/p>\n<p>&nbsp;<\/p>\n<p>El mago cierra el paquete, sopla y al extender el abanico la carta del centro a desaparecido y en su lugar hay otra del mismo valor que las anteriores.<\/p>\n<p>&nbsp;<\/p>\n<p>Luego muestra un sobre que est\u00e1 sobre la mesa y all\u00ed est\u00e1 la carta diferente.<\/p>\n","protected":false},"excerpt":{"rendered":"<p>Muy F\u00e1cil de ejecutar y s\u00f9per visual!!!<\/p>\n","protected":false},"featured_media":831,"comment_status":"open","ping_status":"closed","template":"","meta":[],"product_brand":[],"product_cat":[12,319],"product_tag":[354,353],"class_list":{"0":"post-840","1":"product","2":"type-product","3":"status-publish","4":"has-post-thumbnail","6":"product_cat-cartomagia","7":"product_cat-principiantes","8":"product_tag-errante","9":"product_tag-holandes","11":"first","12":"outofstock","13":"shipping-taxable","14":"purchasable","15":"product-type-simple"},"aioseo_notices":[],"_links":{"self":[{"href":"https:\/\/magoezequias.com.ar\/tienda\/wp-json\/wp\/v2\/product\/840","targetHints":{"allow":["GET"]}}],"collection":[{"href":"https:\/\/magoezequias.com.ar\/tienda\/wp-json\/wp\/v2\/product"}],"about":[{"href":"https:\/\/magoezequias.com.ar\/tienda\/wp-json\/wp\/v2\/types\/product"}],"replies":[{"embeddable":true,"href":"https:\/\/magoezequias.com.ar\/tienda\/wp-json\/wp\/v2\/comments?post=840"}],"version-history":[{"count":0,"href":"https:\/\/magoezequias.com.ar\/tienda\/wp-json\/wp\/v2\/product\/840\/revisions"}],"wp:featuredmedia":[{"embeddable":true,"href":"https:\/\/magoezequias.com.ar\/tienda\/wp-json\/wp\/v2\/media\/831"}],"wp:attachment":[{"href":"https:\/\/magoezequias.com.ar\/tienda\/wp-json\/wp\/v2\/media?parent=840"}],"wp:term":[{"taxonomy":"product_brand","embeddable":true,"href":"https:\/\/magoezequias.com.ar\/tienda\/wp-json\/wp\/v2\/product_brand?post=840"},{"taxonomy":"product_cat","embeddable":true,"href":"https:\/\/magoezequias.com.ar\/tienda\/wp-json\/wp\/v2\/product_cat?post=840"},{"taxonomy":"product_tag","embeddable":true,"href":"https:\/\/magoezequias.com.ar\/tienda\/wp-json\/wp\/v2\/product_tag?post=840"}],"curies":[{"name":"wp","href":"https:\/\/api.w.org\/{rel}","templated":true}]}}