{"id":913,"date":"2017-06-29T14:29:11","date_gmt":"2017-06-29T14:29:11","guid":{"rendered":"https:\/\/magoezequias.com.ar\/tienda\/?post_type=product&#038;p=913"},"modified":"2020-03-14T00:29:44","modified_gmt":"2020-03-14T00:29:44","slug":"los-premios-en-las-galeras","status":"publish","type":"product","link":"https:\/\/magoezequias.com.ar\/tienda\/producto\/los-premios-en-las-galeras","title":{"rendered":"Los Premios en las galeras"},"content":{"rendered":"<p><a href=\"https:\/\/magoezequias.com.ar\/tienda\/wp-content\/uploads\/2017\/06\/premios-galeras.jpg\"><img fetchpriority=\"high\" decoding=\"async\" class=\"aligncenter size-full wp-image-915\" src=\"https:\/\/magoezequias.com.ar\/tienda\/wp-content\/uploads\/2017\/06\/premios-galeras.jpg\" alt=\"\" width=\"448\" height=\"269\" srcset=\"https:\/\/magoezequias.com.ar\/tienda\/wp-content\/uploads\/2017\/06\/premios-galeras.jpg 448w, https:\/\/magoezequias.com.ar\/tienda\/wp-content\/uploads\/2017\/06\/premios-galeras-300x180.jpg 300w\" sizes=\"(max-width: 448px) 100vw, 448px\" \/><\/a><\/p>\n<p>&nbsp;<\/p>\n<p>Se muestran cuatro galeras de distintos colores, y el mago cuenta que en cada una de ellas hay un premio muy importante, los cuales se pueden llevar los espectadores, pero estos ser\u00e1n elegidos al azar.<\/p>\n<p>&nbsp;<\/p>\n<p>El mago muestra cuatro tarjetas del mismo color que las galeras. El espectador elegir\u00e1 sin mirar una de las tarjetas.<\/p>\n<p>&nbsp;<\/p>\n<p>Al mostrarla y levantar la galera correspondiente al color de la tarjeta se ver\u00e1 un caramelo.<\/p>\n<p>&nbsp;<\/p>\n<p>Luego el mago muestra las otras tres galeras y dentro de ellas hab\u00eda muchos billetes.<\/p>\n<p>&nbsp;<\/p>\n<p>Una rutina muy divertida con participaci\u00f3n del p\u00fablico, ya que el espectador selecciona la \u00fanica galera que ten\u00eda un premio muy pobre.<\/p>\n<p>&nbsp;<\/p>\n<p>Se puede adaptar a p\u00fablico infantil o adultos.<\/p>\n<p>&nbsp;<\/p>\n<p><!--more--><\/p>\n","protected":false},"excerpt":{"rendered":"<p>Una rutina muy divertida para p\u00fablico infantil o adulto.<\/p>\n","protected":false},"featured_media":915,"comment_status":"open","ping_status":"closed","template":"","meta":[],"product_brand":[],"product_cat":[8,319,9],"product_tag":[188,316],"class_list":{"0":"post-913","1":"product","2":"type-product","3":"status-publish","4":"has-post-thumbnail","6":"product_cat-infantil","7":"product_cat-principiantes","8":"product_cat-salon","9":"product_tag-galera","10":"product_tag-premio","12":"first","13":"instock","14":"shipping-taxable","15":"purchasable","16":"product-type-simple"},"aioseo_notices":[],"_links":{"self":[{"href":"https:\/\/magoezequias.com.ar\/tienda\/wp-json\/wp\/v2\/product\/913","targetHints":{"allow":["GET"]}}],"collection":[{"href":"https:\/\/magoezequias.com.ar\/tienda\/wp-json\/wp\/v2\/product"}],"about":[{"href":"https:\/\/magoezequias.com.ar\/tienda\/wp-json\/wp\/v2\/types\/product"}],"replies":[{"embeddable":true,"href":"https:\/\/magoezequias.com.ar\/tienda\/wp-json\/wp\/v2\/comments?post=913"}],"version-history":[{"count":0,"href":"https:\/\/magoezequias.com.ar\/tienda\/wp-json\/wp\/v2\/product\/913\/revisions"}],"wp:featuredmedia":[{"embeddable":true,"href":"https:\/\/magoezequias.com.ar\/tienda\/wp-json\/wp\/v2\/media\/915"}],"wp:attachment":[{"href":"https:\/\/magoezequias.com.ar\/tienda\/wp-json\/wp\/v2\/media?parent=913"}],"wp:term":[{"taxonomy":"product_brand","embeddable":true,"href":"https:\/\/magoezequias.com.ar\/tienda\/wp-json\/wp\/v2\/product_brand?post=913"},{"taxonomy":"product_cat","embeddable":true,"href":"https:\/\/magoezequias.com.ar\/tienda\/wp-json\/wp\/v2\/product_cat?post=913"},{"taxonomy":"product_tag","embeddable":true,"href":"https:\/\/magoezequias.com.ar\/tienda\/wp-json\/wp\/v2\/product_tag?post=913"}],"curies":[{"name":"wp","href":"https:\/\/api.w.org\/{rel}","templated":true}]}}