{"id":964,"date":"2017-10-29T22:11:41","date_gmt":"2017-10-29T22:11:41","guid":{"rendered":"https:\/\/magoezequias.com.ar\/tienda\/?post_type=product&#038;p=964"},"modified":"2019-11-20T01:51:47","modified_gmt":"2019-11-20T01:51:47","slug":"3-cuerdas-cartas-jumbo","status":"publish","type":"product","link":"https:\/\/magoezequias.com.ar\/tienda\/producto\/3-cuerdas-cartas-jumbo","title":{"rendered":"3 cuerdas &#8211; cartas (JUMBO)"},"content":{"rendered":"<p><a href=\"https:\/\/magoezequias.com.ar\/tienda\/wp-content\/uploads\/2017\/10\/3-rope-cards.jpg\"><img fetchpriority=\"high\" decoding=\"async\" class=\"aligncenter size-full wp-image-965\" src=\"https:\/\/magoezequias.com.ar\/tienda\/wp-content\/uploads\/2017\/10\/3-rope-cards.jpg\" alt=\"\" width=\"400\" height=\"300\" srcset=\"https:\/\/magoezequias.com.ar\/tienda\/wp-content\/uploads\/2017\/10\/3-rope-cards.jpg 400w, https:\/\/magoezequias.com.ar\/tienda\/wp-content\/uploads\/2017\/10\/3-rope-cards-300x225.jpg 300w\" sizes=\"(max-width: 400px) 100vw, 400px\" \/><\/a><\/p>\n<p>&nbsp;<\/p>\n<p>\u00abThe Professor&#8217;s Nightmare\u00bb es uno de los trucos con cuerdas m\u00e1s populares de todos los tiempos, y con buenas razones.<\/p>\n<p>&nbsp;<\/p>\n<p>Aqu\u00ed hay una versi\u00f3n poco convencional que usa im\u00e1genes de cuerdas impresas en las tarjetas.\u00a0Es muy peque\u00f1o, pero juega muy grande.<\/p>\n<p>&nbsp;<\/p>\n<p>El mago muestra tres cartas con dibujos que, cuando se colocan juntas, forman una imagen de tres cuerdas de diferentes longitudes.<\/p>\n<p>&nbsp;<\/p>\n<p>Las cartas est\u00e1n reunidas.\u00a0Se hace un gesto m\u00e1gico y las cartas se vuelven a repartir.<\/p>\n<p>&nbsp;<\/p>\n<p>\u00a1Ahora, las tres cuerdas son de la misma longitud!<\/p>\n<p>&nbsp;<\/p>\n<p>Pero eso no es todo;\u00a0el proceso se repite, y esta vez cuando se reparten las cartas, las cuerdas se unen en una sola.<\/p>\n<p>&nbsp;<\/p>\n<p>Viene completo con instrucciones de video detalladas y las tarjetas especialmente impresas.<\/p>\n<p>&nbsp;<\/p>\n<p><iframe src=\"https:\/\/www.youtube.com\/embed\/bWa-puzrung\" width=\"560\" height=\"315\" frameborder=\"0\" allowfullscreen=\"allowfullscreen\"><\/iframe><\/p>\n","protected":false},"excerpt":{"rendered":"<p>Un juego muy visual y autom\u00e1tico.<\/p>\n","protected":false},"featured_media":966,"comment_status":"open","ping_status":"closed","template":"","meta":[],"product_brand":[],"product_cat":[319,8,9],"product_tag":[79,159,96],"class_list":{"0":"post-964","1":"product","2":"type-product","3":"status-publish","4":"has-post-thumbnail","6":"product_cat-principiantes","7":"product_cat-infantil","8":"product_cat-salon","9":"product_tag-cartas","10":"product_tag-cuerda","11":"product_tag-soga","13":"first","14":"instock","15":"shipping-taxable","16":"purchasable","17":"product-type-simple"},"aioseo_notices":[],"_links":{"self":[{"href":"https:\/\/magoezequias.com.ar\/tienda\/wp-json\/wp\/v2\/product\/964","targetHints":{"allow":["GET"]}}],"collection":[{"href":"https:\/\/magoezequias.com.ar\/tienda\/wp-json\/wp\/v2\/product"}],"about":[{"href":"https:\/\/magoezequias.com.ar\/tienda\/wp-json\/wp\/v2\/types\/product"}],"replies":[{"embeddable":true,"href":"https:\/\/magoezequias.com.ar\/tienda\/wp-json\/wp\/v2\/comments?post=964"}],"version-history":[{"count":0,"href":"https:\/\/magoezequias.com.ar\/tienda\/wp-json\/wp\/v2\/product\/964\/revisions"}],"wp:featuredmedia":[{"embeddable":true,"href":"https:\/\/magoezequias.com.ar\/tienda\/wp-json\/wp\/v2\/media\/966"}],"wp:attachment":[{"href":"https:\/\/magoezequias.com.ar\/tienda\/wp-json\/wp\/v2\/media?parent=964"}],"wp:term":[{"taxonomy":"product_brand","embeddable":true,"href":"https:\/\/magoezequias.com.ar\/tienda\/wp-json\/wp\/v2\/product_brand?post=964"},{"taxonomy":"product_cat","embeddable":true,"href":"https:\/\/magoezequias.com.ar\/tienda\/wp-json\/wp\/v2\/product_cat?post=964"},{"taxonomy":"product_tag","embeddable":true,"href":"https:\/\/magoezequias.com.ar\/tienda\/wp-json\/wp\/v2\/product_tag?post=964"}],"curies":[{"name":"wp","href":"https:\/\/api.w.org\/{rel}","templated":true}]}}